{"id":786075,"date":"2026-04-16T02:58:29","date_gmt":"2026-04-15T23:58:29","guid":{"rendered":"https:\/\/roveyayinevi.com.tr\/index.php\/urun\/koyun-kamburu\/"},"modified":"2026-04-16T02:58:29","modified_gmt":"2026-04-15T23:58:29","slug":"koyun-kamburu","status":"publish","type":"product","link":"https:\/\/roveyayinevi.com.tr\/index.php\/urun\/koyun-kamburu\/","title":{"rendered":"K\u00f6y\u00fcn Kamburu"},"content":{"rendered":"<p>\u201cBen romanlar\u0131mda d\u00fcn\u00fc yazd\u0131m. Ama romanc\u0131, d\u00fcn\u00fc yazarken kendi g\u00fcn\u00fcn\u00fc yans\u0131t\u0131r bir bak\u0131ma. Hatta gelecek i\u00e7in yazar\u2026\u201d Roman sanat\u0131n\u0131; insan ili\u015fkilerini, toplumu olu\u015fturan \u015fartlar\u0131 ve a\u00e7mazlar\u0131 anlamak i\u00e7in verimli bir saha olarak kullanan Kemal Tahir, Anadolu\u2019nun yoksulluk ve yoksunluk i\u00e7inde k\u0131r\u0131lan fay hatlar\u0131n\u0131 takibe devam ediyor. Yedi\u00e7\u0131nar Yaylas\u0131\u2019n\u0131n devam\u0131 ya da m\u00fcstakil bir roman olarak okuman\u0131n m\u00fcmk\u00fcn oldu\u011fu K\u00f6y\u00fcn Kamburu, ahlaki \u00e7\u00f6z\u00fclmenin savurdu\u011fu insan\u0131n dram\u0131n\u0131 sars\u0131c\u0131 bir \u015fekilde ortaya koyuyor. Kemal Tahir, k\u00f6t\u00fcl\u00fc\u011f\u00fc ortaya \u00e7\u0131karan \u015fartlar\u0131; zay\u0131flayan devletin g\u00f6lgesi, i\u015flemeyen kanunlar ve merkezden koptuk\u00e7a i\u00e7ine kapanan ta\u015fran\u0131n korkutucu yaln\u0131zl\u0131\u011f\u0131nda ara\u015ft\u0131r\u0131yor. Toplumsal bozulman\u0131n, salg\u0131n bir hastal\u0131k gibi bireyleri nas\u0131l ele ge\u00e7irdi\u011fini, b\u00fct\u00fcn bunlar\u0131n d\u0131\u015f\u0131nda kalanlar\u0131n bir anomali gibi de\u011ferlendirildi\u011fi bu zor zamanlarla y\u00fczle\u015fmenin elzem oldu\u011funu bir kez daha g\u00f6steriyor. <\/p>\n","protected":false},"excerpt":{"rendered":"<p>\u201cBen romanlar\u0131mda d\u00fcn\u00fc yazd\u0131m. Ama romanc\u0131, d\u00fcn\u00fc yazarken kendi g\u00fcn\u00fcn\u00fc yans\u0131t\u0131r bir bak\u0131ma. Hatta gelecek i\u00e7in yazar\u2026\u201d Roman sanat\u0131n\u0131; insan ili\u015fkilerini, toplumu olu\u015fturan \u015fartlar\u0131 ve a\u00e7mazlar\u0131<span class=\"excerpt-hellip\"> [\u2026]<\/span><\/p>\n","protected":false},"featured_media":0,"template":"","meta":{"_monsterinsights_skip_tracking":false,"_monsterinsights_sitenote_active":false,"_monsterinsights_sitenote_note":"","_monsterinsights_sitenote_category":0},"product_brand":[],"product_cat":[12291,12711],"product_tag":[],"class_list":{"0":"post-786075","1":"product","2":"type-product","3":"status-publish","5":"product_cat-edebiyat","6":"product_cat-roman-oyku","7":"pa_cilt-ciltsiz","8":"pa_tur-kitap","9":"pa_yayinevi-ketebe-yayinlari","10":"pa_yazar-kemal-tahir","12":"first","13":"instock","14":"sale","15":"shipping-taxable","16":"purchasable","17":"product-type-simple"},"_links":{"self":[{"href":"https:\/\/roveyayinevi.com.tr\/index.php\/wp-json\/wp\/v2\/product\/786075","targetHints":{"allow":["GET"]}}],"collection":[{"href":"https:\/\/roveyayinevi.com.tr\/index.php\/wp-json\/wp\/v2\/product"}],"about":[{"href":"https:\/\/roveyayinevi.com.tr\/index.php\/wp-json\/wp\/v2\/types\/product"}],"wp:attachment":[{"href":"https:\/\/roveyayinevi.com.tr\/index.php\/wp-json\/wp\/v2\/media?parent=786075"}],"wp:term":[{"taxonomy":"product_brand","embeddable":true,"href":"https:\/\/roveyayinevi.com.tr\/index.php\/wp-json\/wp\/v2\/product_brand?post=786075"},{"taxonomy":"product_cat","embeddable":true,"href":"https:\/\/roveyayinevi.com.tr\/index.php\/wp-json\/wp\/v2\/product_cat?post=786075"},{"taxonomy":"product_tag","embeddable":true,"href":"https:\/\/roveyayinevi.com.tr\/index.php\/wp-json\/wp\/v2\/product_tag?post=786075"}],"curies":[{"name":"wp","href":"https:\/\/api.w.org\/{rel}","templated":true}]}}