{"id":786066,"date":"2026-04-15T03:51:11","date_gmt":"2026-04-15T00:51:11","guid":{"rendered":"https:\/\/roveyayinevi.com.tr\/index.php\/urun\/singapurun-ekonomik-mucizesi\/"},"modified":"2026-04-15T03:51:11","modified_gmt":"2026-04-15T00:51:11","slug":"singapurun-ekonomik-mucizesi","status":"publish","type":"product","link":"https:\/\/roveyayinevi.com.tr\/index.php\/urun\/singapurun-ekonomik-mucizesi\/","title":{"rendered":"Singapur&#8217;un Ekonomik Mucizesi"},"content":{"rendered":"<p>Kitab\u0131n a\u011f\u0131rl\u0131kl\u0131 konusu, Singapur\u2019da sosyal ve ekonomik d\u00f6n\u00fc\u015f\u00fcm\u00fcn b\u00fcy\u00fck bir k\u0131sm\u0131n\u0131n ger\u00e7ekle\u015ftirildi\u011fi 1965-1995 d\u00f6neminin geli\u015fmeleridir. Kitab\u0131n ilerleyen b\u00f6l\u00fcmlerinde ve baz\u0131 alt ba\u015fl\u0131klar\u0131nda Singapur ekonomisinin g\u00fcn\u00fcm\u00fcze kadarki geli\u015fmelerine de yer verilerek analiz geni\u015fletilmi\u015ftir.  Kitab\u0131n ilk b\u00f6l\u00fcm\u00fc olan Giri\u015f k\u0131sm\u0131ndan sonra ikinci b\u00f6l\u00fcmde Singapur\u2019un Ekonomik Kalk\u0131nma S\u00fcreci ve B\u00fcy\u00fcme Performans\u0131, \u00fc\u00e7\u00fcnc\u00fc b\u00f6l\u00fcmde Singapur\u2019un Ekonomik Kalk\u0131nmas\u0131n\u0131n Temel Dinamikleri ve son b\u00f6l\u00fcmde de Sonu\u00e7 ve Genel De\u011ferlendirmeler yer alm\u0131\u015ft\u0131r. \u00c7al\u0131\u015fman\u0131n, Asya \u00fclkeleri ile ilgili akademik literat\u00fcre katk\u0131 sa\u011flayaca\u011f\u0131 kanaatindeyim<\/p>\n","protected":false},"excerpt":{"rendered":"<p>Kitab\u0131n a\u011f\u0131rl\u0131kl\u0131 konusu, Singapur\u2019da sosyal ve ekonomik d\u00f6n\u00fc\u015f\u00fcm\u00fcn b\u00fcy\u00fck bir k\u0131sm\u0131n\u0131n ger\u00e7ekle\u015ftirildi\u011fi 1965-1995 d\u00f6neminin geli\u015fmeleridir. Kitab\u0131n ilerleyen b\u00f6l\u00fcmlerinde ve baz\u0131 alt ba\u015fl\u0131klar\u0131nda Singapur ekonomisinin g\u00fcn\u00fcm\u00fcze kadarki<span class=\"excerpt-hellip\"> [\u2026]<\/span><\/p>\n","protected":false},"featured_media":0,"template":"","meta":{"_monsterinsights_skip_tracking":false,"_monsterinsights_sitenote_active":false,"_monsterinsights_sitenote_note":"","_monsterinsights_sitenote_category":0},"product_brand":[],"product_cat":[14841,13043],"product_tag":[],"class_list":{"0":"post-786066","1":"product","2":"type-product","3":"status-publish","5":"product_cat-arastirma-inceleme-kuram","6":"product_cat-ekonomi","7":"pa_cilt-ciltsiz","8":"pa_tur-kitap","9":"pa_yayinevi-astana-yayinlari","10":"pa_yazar-umut-cakmak","12":"first","13":"instock","14":"sale","15":"shipping-taxable","16":"purchasable","17":"product-type-simple"},"_links":{"self":[{"href":"https:\/\/roveyayinevi.com.tr\/index.php\/wp-json\/wp\/v2\/product\/786066","targetHints":{"allow":["GET"]}}],"collection":[{"href":"https:\/\/roveyayinevi.com.tr\/index.php\/wp-json\/wp\/v2\/product"}],"about":[{"href":"https:\/\/roveyayinevi.com.tr\/index.php\/wp-json\/wp\/v2\/types\/product"}],"wp:attachment":[{"href":"https:\/\/roveyayinevi.com.tr\/index.php\/wp-json\/wp\/v2\/media?parent=786066"}],"wp:term":[{"taxonomy":"product_brand","embeddable":true,"href":"https:\/\/roveyayinevi.com.tr\/index.php\/wp-json\/wp\/v2\/product_brand?post=786066"},{"taxonomy":"product_cat","embeddable":true,"href":"https:\/\/roveyayinevi.com.tr\/index.php\/wp-json\/wp\/v2\/product_cat?post=786066"},{"taxonomy":"product_tag","embeddable":true,"href":"https:\/\/roveyayinevi.com.tr\/index.php\/wp-json\/wp\/v2\/product_tag?post=786066"}],"curies":[{"name":"wp","href":"https:\/\/api.w.org\/{rel}","templated":true}]}}