{"id":786050,"date":"2026-04-15T03:50:32","date_gmt":"2026-04-15T00:50:32","guid":{"rendered":"https:\/\/roveyayinevi.com.tr\/index.php\/urun\/cama-carpan-kuslar\/"},"modified":"2026-04-15T03:50:32","modified_gmt":"2026-04-15T00:50:32","slug":"cama-carpan-kuslar","status":"publish","type":"product","link":"https:\/\/roveyayinevi.com.tr\/index.php\/urun\/cama-carpan-kuslar\/","title":{"rendered":"Cama \u00c7arpan Ku\u015flar"},"content":{"rendered":"<p>O g\u00fcnlerde, mahallenin yukar\u0131s\u0131na b\u00fcy\u00fck bir park yap\u0131lm\u0131\u015ft\u0131. Bir g\u00fcn park\u0131n i\u00e7inden ge\u00e7iyordum. Park\u0131n kenar\u0131nda b\u00fcy\u00fck camek\u00e2nl\u0131, san\u0131r\u0131m belediyeye ait bir tesis vard\u0131.Camlar\u0131 filmli yani d\u0131\u015far\u0131dan bak\u0131nca i\u00e7erisi g\u00f6r\u00fcnm\u00fcyor, d\u0131\u015far\u0131n\u0131n a\u011fa\u00e7l\u0131k manzaras\u0131 ger\u00e7ekmi\u015f gibi t\u00fcm\u00fcyle camek\u00e2nda g\u00f6r\u00fcn\u00fcyor. Bir ku\u015f o g\u00f6r\u00fcnen manzaraya do\u011fru u\u00e7mak isterken fena halde camek\u00e2na \u00e7arpt\u0131, yere d\u00fc\u015ft\u00fc. Ko\u015ftum, yan\u0131na gittim, yerde bayg\u0131n yat\u0131yordu, elime ald\u0131m. G\u00f6zleri kapal\u0131yd\u0131 ama kalbi h\u00e2l\u00e2 at\u0131yordu. Bir s\u00fcre sonra g\u00f6zlerini aralad\u0131, beni g\u00f6rd\u00fc. Korkaca\u011f\u0131n\u0131 anlay\u0131nca park\u0131n kuytu bir k\u00f6\u015fesine b\u0131rakt\u0131m. Ya\u015far m\u0131yd\u0131, ya\u015famaz m\u0131yd\u0131 bilmiyordum. Bunu sana neden anlatt\u0131m biliyor musun, kendimi o cama \u00e7arpan ku\u015fa benzettim. Benzetmek ne kelime, o ku\u015f bendim.<\/p>\n","protected":false},"excerpt":{"rendered":"<p>O g\u00fcnlerde, mahallenin yukar\u0131s\u0131na b\u00fcy\u00fck bir park yap\u0131lm\u0131\u015ft\u0131. Bir g\u00fcn park\u0131n i\u00e7inden ge\u00e7iyordum. Park\u0131n kenar\u0131nda b\u00fcy\u00fck camek\u00e2nl\u0131, san\u0131r\u0131m belediyeye ait bir tesis vard\u0131.Camlar\u0131 filmli yani d\u0131\u015far\u0131dan<span class=\"excerpt-hellip\"> [\u2026]<\/span><\/p>\n","protected":false},"featured_media":0,"template":"","meta":{"_monsterinsights_skip_tracking":false,"_monsterinsights_sitenote_active":false,"_monsterinsights_sitenote_note":"","_monsterinsights_sitenote_category":0},"product_brand":[],"product_cat":[141304],"product_tag":[],"class_list":{"0":"post-786050","1":"product","2":"type-product","3":"status-publish","5":"product_cat-yeni-cikanlar","6":"pa_cilt-ciltsiz","7":"pa_tur-kitap","8":"pa_yayinevi-theseus-yayinevi","9":"pa_yazar-cemalettin-ozen","11":"first","12":"instock","13":"sale","14":"shipping-taxable","15":"purchasable","16":"product-type-simple"},"_links":{"self":[{"href":"https:\/\/roveyayinevi.com.tr\/index.php\/wp-json\/wp\/v2\/product\/786050","targetHints":{"allow":["GET"]}}],"collection":[{"href":"https:\/\/roveyayinevi.com.tr\/index.php\/wp-json\/wp\/v2\/product"}],"about":[{"href":"https:\/\/roveyayinevi.com.tr\/index.php\/wp-json\/wp\/v2\/types\/product"}],"wp:attachment":[{"href":"https:\/\/roveyayinevi.com.tr\/index.php\/wp-json\/wp\/v2\/media?parent=786050"}],"wp:term":[{"taxonomy":"product_brand","embeddable":true,"href":"https:\/\/roveyayinevi.com.tr\/index.php\/wp-json\/wp\/v2\/product_brand?post=786050"},{"taxonomy":"product_cat","embeddable":true,"href":"https:\/\/roveyayinevi.com.tr\/index.php\/wp-json\/wp\/v2\/product_cat?post=786050"},{"taxonomy":"product_tag","embeddable":true,"href":"https:\/\/roveyayinevi.com.tr\/index.php\/wp-json\/wp\/v2\/product_tag?post=786050"}],"curies":[{"name":"wp","href":"https:\/\/api.w.org\/{rel}","templated":true}]}}