{"id":786047,"date":"2026-04-15T03:50:25","date_gmt":"2026-04-15T00:50:25","guid":{"rendered":"https:\/\/roveyayinevi.com.tr\/index.php\/urun\/uc-dinli-muminler\/"},"modified":"2026-04-15T03:50:25","modified_gmt":"2026-04-15T00:50:25","slug":"uc-dinli-muminler","status":"publish","type":"product","link":"https:\/\/roveyayinevi.com.tr\/index.php\/urun\/uc-dinli-muminler\/","title":{"rendered":"\u00dc\u00e7 Dinli M\u00fcminler"},"content":{"rendered":"<p>1071\u2019den g\u00fcn\u00fcm\u00fcze T\u00fcrk tarihinin en temel travmas\u0131, devletin kurucu unsuru olan M\u00fcsl\u00fcman T\u00fcrkler ile onlar gibi g\u00f6r\u00fcnmeye \u00e7al\u0131\u015fan fakat tek kimlik i\u00e7inde iki ya da \u00fc\u00e7 din ta\u015f\u0131yan m\u00fcminler aras\u0131nda sahici bir g\u00f6n\u00fcl ba\u011f\u0131n\u0131n kurulmam\u0131\u015f olmas\u0131d\u0131r. Ayn\u0131 dil ve ayn\u0131 iman\u0131n tezah\u00fcr etmemesinden olu\u015fan bu gerilim, M\u00fcsl\u00fcman T\u00fcrk\u2019e y\u00f6nelik bir d\u00fc\u015fmanl\u0131k ba\u015flatm\u0131\u015f; bizi \u00f6z yurdumuzda garip, \u00f6z vatan\u0131m\u0131zda parya h\u00e2line getirmi\u015ftir. Osmanl\u0131 \u0130mparatorlu\u011fu\u2019nun y\u00fckseli\u015f d\u00f6neminde dahi M\u00fcsl\u00fcman T\u00fcrk\u2019e y\u00f6nelik nefret devam etmi\u015f, \u0130slam K\u0131l\u0131c\u0131 M\u00fcsl\u00fcman T\u00fcrk\u2019\u00fc devlet y\u00f6netiminden uzakla\u015ft\u0131rmak i\u00e7in bir ara\u00e7 olarak kullan\u0131lm\u0131\u015ft\u0131r. \u201cKadim\u00ee\u201d mahlas\u0131yla tan\u0131nan Haf\u0131z Hamdi \u00c7elebi\u2019de bir dev\u015firmedir ve \u201cUkt\u00fcl-\u00fc T\u00fcrk\u2019e velevk\u00e2ne ebb\u00e2k\u201d (T\u00fcrk\u2019\u00fc \u00f6ld\u00fcr, baban olsa dahi) m\u0131sras\u0131 da \u015fiirinden al\u0131nma \u00e7arp\u0131c\u0131 bir kesittir. Bizden olmad\u0131\u011f\u0131 h\u00e2lde biz gibi g\u00f6r\u00fcnen, bize kar\u015f\u0131 d\u00fc\u015fmanl\u0131\u011f\u0131n\u0131 benli\u011fini y\u00fcceltmek olarak alg\u0131layan, dinini gizlerken dinimizi a\u015fa\u011f\u0131layan bu tek kimlikteki iki ya da \u00fc\u00e7 dinli m\u00fcminlere olan habersizli\u011fimiz, ya\u015farken fark edemediklerimiz; T\u00fcrk\u2019e lay\u0131k g\u00f6r\u00fclen a\u015fa\u011f\u0131lamalar\u0131 kabul etmemize, M\u00fcsl\u00fcman T\u00fcrk\u2019\u00fc \u00e7aresiz, fakir ve \u00f6l\u00fcme lay\u0131k b\u0131rakmam\u0131za sebep olmu\u015ftur.<\/p>\n","protected":false},"excerpt":{"rendered":"<p>1071\u2019den g\u00fcn\u00fcm\u00fcze T\u00fcrk tarihinin en temel travmas\u0131, devletin kurucu unsuru olan M\u00fcsl\u00fcman T\u00fcrkler ile onlar gibi g\u00f6r\u00fcnmeye \u00e7al\u0131\u015fan fakat tek kimlik i\u00e7inde iki ya da \u00fc\u00e7<span class=\"excerpt-hellip\"> [\u2026]<\/span><\/p>\n","protected":false},"featured_media":0,"template":"","meta":{"_monsterinsights_skip_tracking":false,"_monsterinsights_sitenote_active":false,"_monsterinsights_sitenote_note":"","_monsterinsights_sitenote_category":0},"product_brand":[],"product_cat":[13036,12718,12719],"product_tag":[],"class_list":{"0":"post-786047","1":"product","2":"type-product","3":"status-publish","5":"product_cat-arastirma-inceleme-islam","6":"product_cat-din","7":"product_cat-islam","8":"pa_cilt-ciltsiz","9":"pa_tur-kitap","10":"pa_yayinevi-atac-yayinlari","11":"pa_yazar-ramazan-kurtoglu","13":"first","14":"instock","15":"sale","16":"shipping-taxable","17":"purchasable","18":"product-type-simple"},"_links":{"self":[{"href":"https:\/\/roveyayinevi.com.tr\/index.php\/wp-json\/wp\/v2\/product\/786047","targetHints":{"allow":["GET"]}}],"collection":[{"href":"https:\/\/roveyayinevi.com.tr\/index.php\/wp-json\/wp\/v2\/product"}],"about":[{"href":"https:\/\/roveyayinevi.com.tr\/index.php\/wp-json\/wp\/v2\/types\/product"}],"wp:attachment":[{"href":"https:\/\/roveyayinevi.com.tr\/index.php\/wp-json\/wp\/v2\/media?parent=786047"}],"wp:term":[{"taxonomy":"product_brand","embeddable":true,"href":"https:\/\/roveyayinevi.com.tr\/index.php\/wp-json\/wp\/v2\/product_brand?post=786047"},{"taxonomy":"product_cat","embeddable":true,"href":"https:\/\/roveyayinevi.com.tr\/index.php\/wp-json\/wp\/v2\/product_cat?post=786047"},{"taxonomy":"product_tag","embeddable":true,"href":"https:\/\/roveyayinevi.com.tr\/index.php\/wp-json\/wp\/v2\/product_tag?post=786047"}],"curies":[{"name":"wp","href":"https:\/\/api.w.org\/{rel}","templated":true}]}}