{"id":786026,"date":"2026-04-15T03:47:46","date_gmt":"2026-04-15T00:47:46","guid":{"rendered":"https:\/\/roveyayinevi.com.tr\/index.php\/urun\/rezonans-dunya-ile-iliskinin-sosyolojisi\/"},"modified":"2026-04-15T03:47:46","modified_gmt":"2026-04-15T00:47:46","slug":"rezonans-dunya-ile-iliskinin-sosyolojisi","status":"publish","type":"product","link":"https:\/\/roveyayinevi.com.tr\/index.php\/urun\/rezonans-dunya-ile-iliskinin-sosyolojisi\/","title":{"rendered":"Rezonans : Du\u0308nya \u0130le \u0130li\u015fkinin Sosyolojisi"},"content":{"rendered":"<p>Modern du\u0308nyada hayat h\u0131zland\u0131k\u00e7a insan\u0131n du\u0308nyayla kurdu\u011fu ba\u011f da giderek zay\u0131fl\u0131yor. Zaman kazanmak i\u00e7in tasarlanan ara\u00e7lar, ili\u015fkileri \u00e7o\u011faltmak i\u00e7in kurulan a\u011flar ve verimlilik ad\u0131na du\u0308zenlenen ya\u015fam bi\u00e7imleri, beklenenin aksine, derin bir kopu\u015f hissini beraberinde getiriyor. Rezonans: Du\u0308nya ile \u0130li\u015fkinin Sosyolojisi, bu kopu\u015fun merkezine yerle\u015ferek modern insan\u0131n du\u0308nyayla temas etme bi\u00e7imlerini yeniden du\u0308\u015fu\u0308nmeye \u00e7a\u011f\u0131r\u0131yor. Bu kitap, yabanc\u0131la\u015fmay\u0131 yaln\u0131zca bireysel bir ruh h\u00e2li ya da toplumsal bir sorun olarak ele almakla yetinmez; onu modernli\u011fin yap\u0131sal bir sonucu olarak kavramsalla\u015ft\u0131r\u0131r. \u0130nsan ile du\u0308nya aras\u0131ndaki ili\u015fkinin ne zaman sessizle\u015fti\u011fini, ne zaman kar\u015f\u0131l\u0131kl\u0131 bir etkile\u015fime, bir yank\u0131ya d\u00f6nu\u0308\u015ftu\u0308\u011fu\u0308nu\u0308 sorgular. H\u0131zlanma, tu\u0308ketim, teknik ak\u0131l ve kontrol arzusu u\u0308zerinden kurulan hayatlar\u0131n neden tek y\u00f6nlu\u0308 h\u00e2le geldi\u011fini g\u00f6sterirken anlaml\u0131 bir kar\u015f\u0131la\u015fman\u0131n hangi ko\u015fullarda mu\u0308mku\u0308n olabilece\u011fini de ara\u015ft\u0131r\u0131r. Sosyolojinin ya\u015fayan en gu\u0308\u00e7lu\u0308 isimlerinden biri olan Hartmut Rosa, yay\u0131nevimiz taraf\u0131ndan daha \u00f6nceden Tu\u0308rk\u00e7eye kazand\u0131r\u0131lan Du\u0308nyan\u0131n Kontrol Edilemezli\u011fi ve Yabanc\u0131la\u015fma ve H\u0131zlanma ile modernli\u011fin temel gerilimlerini derinlikli bi\u00e7imde tart\u0131\u015fm\u0131\u015ft\u0131. Rezonans, bu du\u0308\u015fu\u0308nsel hatt\u0131n do\u011fal bir devam\u0131 olarak Rosa\u2019n\u0131n modern insan\u0131n du\u0308nyayla kurdu\u011fu ili\u015fkiye dair aray\u0131\u015f\u0131n\u0131 daha da derinle\u015ftirir. Bu eser, du\u0308nyayla kurulan ili\u015fkinin yaln\u0131zca h\u00e2kimiyet ya da mesafe u\u0308zerinden tan\u0131mlanamayaca\u011f\u0131n\u0131 hat\u0131rlat\u0131r. \u0130nsan do\u011fayla, ba\u015fkalar\u0131yla, bilgiyle, sanatla ve inan\u00e7la temas edebildi\u011fi; kar\u015f\u0131l\u0131k alabildi\u011fi ve d\u00f6nu\u0308\u015ftu\u0308\u011fu\u0308 anlarda ger\u00e7ekten ya\u015fad\u0131\u011f\u0131n\u0131 hisseder. Rezonans, kesin \u00e7\u00f6zu\u0308mler vaat etmez; dikkat, duyarl\u0131l\u0131k ve a\u00e7\u0131kl\u0131k talep eder. Modern hayat\u0131n gu\u0308ru\u0308ltu\u0308su\u0308 i\u00e7inde anlaml\u0131 bir kar\u015f\u0131la\u015fman\u0131n h\u00e2l\u00e2 mu\u0308mku\u0308n olup olmad\u0131\u011f\u0131n\u0131 \u00f6nemseyenler i\u00e7in bilin\u00e7li bir durak \u00f6nerir.<\/p>\n","protected":false},"excerpt":{"rendered":"<p>Modern du\u0308nyada hayat h\u0131zland\u0131k\u00e7a insan\u0131n du\u0308nyayla kurdu\u011fu ba\u011f da giderek zay\u0131fl\u0131yor. Zaman kazanmak i\u00e7in tasarlanan ara\u00e7lar, ili\u015fkileri \u00e7o\u011faltmak i\u00e7in kurulan a\u011flar ve verimlilik ad\u0131na du\u0308zenlenen ya\u015fam<span class=\"excerpt-hellip\"> [\u2026]<\/span><\/p>\n","protected":false},"featured_media":0,"template":"","meta":{"_monsterinsights_skip_tracking":false,"_monsterinsights_sitenote_active":false,"_monsterinsights_sitenote_note":"","_monsterinsights_sitenote_category":0},"product_brand":[],"product_cat":[12835,12324],"product_tag":[],"class_list":{"0":"post-786026","1":"product","2":"type-product","3":"status-publish","5":"product_cat-genel-sosyoloji","6":"product_cat-sosyoloji","7":"pa_cilt-ciltsiz","8":"pa_tur-kitap","9":"pa_yayinevi-albaraka-yayinlari","10":"pa_yazar-hartmut-rosa","12":"first","13":"instock","14":"sale","15":"shipping-taxable","16":"purchasable","17":"product-type-simple"},"_links":{"self":[{"href":"https:\/\/roveyayinevi.com.tr\/index.php\/wp-json\/wp\/v2\/product\/786026","targetHints":{"allow":["GET"]}}],"collection":[{"href":"https:\/\/roveyayinevi.com.tr\/index.php\/wp-json\/wp\/v2\/product"}],"about":[{"href":"https:\/\/roveyayinevi.com.tr\/index.php\/wp-json\/wp\/v2\/types\/product"}],"wp:attachment":[{"href":"https:\/\/roveyayinevi.com.tr\/index.php\/wp-json\/wp\/v2\/media?parent=786026"}],"wp:term":[{"taxonomy":"product_brand","embeddable":true,"href":"https:\/\/roveyayinevi.com.tr\/index.php\/wp-json\/wp\/v2\/product_brand?post=786026"},{"taxonomy":"product_cat","embeddable":true,"href":"https:\/\/roveyayinevi.com.tr\/index.php\/wp-json\/wp\/v2\/product_cat?post=786026"},{"taxonomy":"product_tag","embeddable":true,"href":"https:\/\/roveyayinevi.com.tr\/index.php\/wp-json\/wp\/v2\/product_tag?post=786026"}],"curies":[{"name":"wp","href":"https:\/\/api.w.org\/{rel}","templated":true}]}}