{"id":786016,"date":"2026-04-15T03:00:21","date_gmt":"2026-04-15T00:00:21","guid":{"rendered":"https:\/\/roveyayinevi.com.tr\/index.php\/urun\/koyden-indim-sehire-kafkas-kizi\/"},"modified":"2026-04-15T03:00:21","modified_gmt":"2026-04-15T00:00:21","slug":"koyden-indim-sehire-kafkas-kizi","status":"publish","type":"product","link":"https:\/\/roveyayinevi.com.tr\/index.php\/urun\/koyden-indim-sehire-kafkas-kizi\/","title":{"rendered":"K\u00f6yden \u0130ndim \u015eehire, Kafkas K\u0131z\u0131"},"content":{"rendered":"<p>Yay\u0131nevimiz Dursun Ak\u00e7am&#8217;\u0131n iki kitab\u0131n\u0131, K\u00f6yden \u0130ndim \u015eehire ile Kafkas K\u0131z\u0131&#8217;n\u0131 birlikte okura sunuyor. K\u00f6y ya\u015fam\u0131 ile \u015fehir ya\u015fam\u0131n\u0131n kar\u015f\u0131tl\u0131\u011f\u0131n\u0131, uyu\u015fmazl\u0131\u011f\u0131n\u0131 \u00f6yk\u00fcle\u015ftiren Ak\u00e7am, toplumsal bir sorunu g\u00fcndeme getirerek, \u015fehirlinin k\u00f6yl\u00fc\u011f\u00fc k\u00fc\u00e7\u00fcmseyi\u015fini de ironik bir dille anlat\u0131yor.   Ben k\u0131rk ad\u0131m boylu evlerde, meydan b\u00fcy\u00fckl\u00fc\u011f\u00fc ah\u0131rlarda yurdumun sultan\u0131yd\u0131m. G\u00fcn oldu, g\u00fcne\u015fi ben do\u011furdum, ben bat\u0131rd\u0131m. \u00d6yle g\u00fcnler oldu ki tarlada, \u00e7ay\u0131rda, harman yerinde y\u0131ld\u0131zlar\u0131 sayarak uyudum&#8230; Oralardan koptum da bu kocam\u0131\u015f ya\u015f\u0131mda \u015feher dedikleri yerde d\u00f6rt duvar aras\u0131na t\u0131k\u0131ld\u0131m. \u00d6n\u00fcn masa, sandalye, ard\u0131n koltuk, sepha \u0131v\u0131r z\u0131v\u0131r. Ad\u0131m atamazs\u0131n, sandalye devrilir, sehpa sallan\u0131r, \u00f6rt\u00fc bozulur, biblo d\u00fc\u015fer. Bir yana \u00e7\u0131kamazs\u0131n, \u00fcst\u00fcn ev, alt\u0131n ev, kar\u015f\u0131n ev&#8230; Balkona atars\u0131n \u00f6z\u00fcn\u00fc, darac\u0131k yer, beton kokar, is kokar, i\u00e7in s\u0131k\u0131l\u0131r. G\u00f6z\u00fcn\u00fc uzatamazs\u0131n, boz yap\u0131lar keser \u00f6n\u00fcn\u00fc. G\u00f6zlerinle ok\u015fayamazs\u0131n da\u011flar\u0131n bulutlu tepesini, koyunu, kuzuyu, \u00e7i\u00e7ekli mor yaylalar\u0131! Kafesteki bir ku\u015f gibisin. Ku\u015ftan da beter. Ku\u015fun g\u00f6z\u00fcnde yasak yok, senin var. Kar\u015f\u0131nda pencerelere, balkonlara karakolsuz yasak konmu\u015f, bakamazs\u0131n, s\u00f6z ederler, &#8220;Yaban\u0131n k\u00f6yl\u00fcs\u00fc, elin evini denetler!&#8221; derler. Onlar demese de benim gelinin demesi yeter! D\u0131\u015far\u0131 \u00e7\u0131ksan g\u00fcr\u00fclt\u00fc, toz, kamyon sesi, ezilece\u011fim korkusu. Daha ileri gitsen yolunu yitirirsin. Topra\u011fa hasret kald\u0131m k\u0131z\u0131m.                                                                                                                                              (K\u00f6yden \u0130ndim \u015eehire) <\/p>\n","protected":false},"excerpt":{"rendered":"<p>Yay\u0131nevimiz Dursun Ak\u00e7am&#8217;\u0131n iki kitab\u0131n\u0131, K\u00f6yden \u0130ndim \u015eehire ile Kafkas K\u0131z\u0131&#8217;n\u0131 birlikte okura sunuyor. K\u00f6y ya\u015fam\u0131 ile \u015fehir ya\u015fam\u0131n\u0131n kar\u015f\u0131tl\u0131\u011f\u0131n\u0131, uyu\u015fmazl\u0131\u011f\u0131n\u0131 \u00f6yk\u00fcle\u015ftiren Ak\u00e7am, toplumsal bir sorunu<span class=\"excerpt-hellip\"> [\u2026]<\/span><\/p>\n","protected":false},"featured_media":0,"template":"","meta":{"_monsterinsights_skip_tracking":false,"_monsterinsights_sitenote_active":false,"_monsterinsights_sitenote_note":"","_monsterinsights_sitenote_category":0},"product_brand":[],"product_cat":[12291,12711],"product_tag":[],"class_list":{"0":"post-786016","1":"product","2":"type-product","3":"status-publish","5":"product_cat-edebiyat","6":"product_cat-roman-oyku","7":"pa_cilt-ciltsiz","8":"pa_tur-kitap","9":"pa_yayinevi-literatur-yayinevi","10":"pa_yazar-dursun-akcam","12":"first","13":"instock","14":"sale","15":"shipping-taxable","16":"purchasable","17":"product-type-simple"},"_links":{"self":[{"href":"https:\/\/roveyayinevi.com.tr\/index.php\/wp-json\/wp\/v2\/product\/786016","targetHints":{"allow":["GET"]}}],"collection":[{"href":"https:\/\/roveyayinevi.com.tr\/index.php\/wp-json\/wp\/v2\/product"}],"about":[{"href":"https:\/\/roveyayinevi.com.tr\/index.php\/wp-json\/wp\/v2\/types\/product"}],"wp:attachment":[{"href":"https:\/\/roveyayinevi.com.tr\/index.php\/wp-json\/wp\/v2\/media?parent=786016"}],"wp:term":[{"taxonomy":"product_brand","embeddable":true,"href":"https:\/\/roveyayinevi.com.tr\/index.php\/wp-json\/wp\/v2\/product_brand?post=786016"},{"taxonomy":"product_cat","embeddable":true,"href":"https:\/\/roveyayinevi.com.tr\/index.php\/wp-json\/wp\/v2\/product_cat?post=786016"},{"taxonomy":"product_tag","embeddable":true,"href":"https:\/\/roveyayinevi.com.tr\/index.php\/wp-json\/wp\/v2\/product_tag?post=786016"}],"curies":[{"name":"wp","href":"https:\/\/api.w.org\/{rel}","templated":true}]}}