{"id":786010,"date":"2026-04-15T02:38:27","date_gmt":"2026-04-14T23:38:27","guid":{"rendered":"https:\/\/roveyayinevi.com.tr\/index.php\/urun\/atesdikenleri-siirler-2\/"},"modified":"2026-04-15T02:38:27","modified_gmt":"2026-04-14T23:38:27","slug":"atesdikenleri-siirler-2","status":"publish","type":"product","link":"https:\/\/roveyayinevi.com.tr\/index.php\/urun\/atesdikenleri-siirler-2\/","title":{"rendered":"Ate\u015fdikenleri \u015eiirler &#8211; 2"},"content":{"rendered":"<p>Fakir Baykurt, 15.6.1929\u2019da Burdur\u2019un Ak\u00e7ak\u00f6y\u2019\u00fcnde do\u011fdu. K\u00f6y Enstit\u00fcs\u00fc\u2019nde, Gazi E\u011fitim\u2019de, ABD-Bloomington Indiana \u00dcniversitesi\u2019nde okudu. K\u00f6y \u00f6\u011fretmenli\u011fi, m\u00fcfetti\u015flik, sendika ba\u015fkanl\u0131\u011f\u0131, K\u00fclt\u00fcr Bakanl\u0131\u011f\u0131 dan\u0131\u015fmanl\u0131\u011f\u0131 yapt\u0131. Sanata \u015fiirle ba\u015flad\u0131. \u015eiiri bo\u015flamad\u0131. \u201cAte\u015fdikenleri\u201d onun ikinci \u015fiir kitab\u0131d\u0131r. Romanlar, \u00f6yk\u00fcler yazd\u0131. T\u00fcrkiye\u2019de 6, Almanya\u2019da 2 \u00f6d\u00fcl kazand\u0131. Yap\u0131tlar\u0131 sinemaya uyarland\u0131, yabanc\u0131 dillere \u00e7evrildi.   Fakir Baykurt yoksullu\u011fun \u00e7ocu\u011fudur. Ya\u015fama yoksullar\u0131n penceresinden bakar. Yaz\u0131lar\u0131n\u0131 o pencereden bakarak yazar. Yoksullar taraf\u0131ndan tutulmas\u0131n\u0131n nedeni budur. Kalemiyle, diliyle, ya\u015fant\u0131s\u0131yla onlardan biridir. Onda sivrili\u011fe, sekterli\u011fe raslayamazs\u0131n\u0131z. Bir bombac\u0131n\u0131n de\u011fil, ard\u0131nda domuz damlar\u0131 \u00f6rerek ilerleyen madencinin karakterini ta\u015f\u0131r. Romanlar\u0131nda oldu\u011fu gibi \u015fiirlerinde de bu anlay\u0131\u015f vard\u0131r.   Kendi cennetini terkederek end\u00fcstrinin cehenneminde kar\u0131n doyurmaya \u00e7al\u0131\u015fan insanlar\u0131m\u0131z\u0131n duygular\u0131n\u0131 dile getiriyor, onlarla birlikte \u00fcz\u00fcl\u00fcyor, onlar i\u00e7in \u00e7\u0131rp\u0131n\u0131yor. Ali Arslan T\u00fcrkiye Postas\u0131, 6.10.1989   Baykurt, delikanl\u0131 ya\u015f\u0131nda ba\u015flad\u0131\u011f\u0131 \u015fiiri \u00f6b\u00fcr \u00e7al\u0131\u015fmalar\u0131 aras\u0131nda hep s\u00fcrd\u00fcrd\u00fc. Ne var ki yay\u0131mlamay\u0131 \u00f6ne almad\u0131. Kendisi onlar\u0131 uzun emek \u00fcr\u00fcn\u00fc, ama al\u00e7akg\u00f6n\u00fcll\u00fc \u00e7al\u0131\u015fmalar olarak g\u00f6r\u00fcr. Bundan \u00f6t\u00fcr\u00fc \u015fiir kitab\u0131 \u00e7\u0131karma konusunda \u00e7ekingen olmu\u015ftur. <\/p>\n","protected":false},"excerpt":{"rendered":"<p>Fakir Baykurt, 15.6.1929\u2019da Burdur\u2019un Ak\u00e7ak\u00f6y\u2019\u00fcnde do\u011fdu. K\u00f6y Enstit\u00fcs\u00fc\u2019nde, Gazi E\u011fitim\u2019de, ABD-Bloomington Indiana \u00dcniversitesi\u2019nde okudu. K\u00f6y \u00f6\u011fretmenli\u011fi, m\u00fcfetti\u015flik, sendika ba\u015fkanl\u0131\u011f\u0131, K\u00fclt\u00fcr Bakanl\u0131\u011f\u0131 dan\u0131\u015fmanl\u0131\u011f\u0131 yapt\u0131. Sanata \u015fiirle ba\u015flad\u0131.<span class=\"excerpt-hellip\"> [\u2026]<\/span><\/p>\n","protected":false},"featured_media":0,"template":"","meta":{"_monsterinsights_skip_tracking":false,"_monsterinsights_sitenote_active":false,"_monsterinsights_sitenote_note":"","_monsterinsights_sitenote_category":0},"product_brand":[],"product_cat":[12291,12509],"product_tag":[],"class_list":{"0":"post-786010","1":"product","2":"type-product","3":"status-publish","5":"product_cat-edebiyat","6":"product_cat-siir","7":"pa_cilt-ciltsiz","8":"pa_tur-kitap","9":"pa_yayinevi-literatur-yayinevi","10":"pa_yazar-fakir-baykurt","12":"first","13":"instock","14":"sale","15":"shipping-taxable","16":"purchasable","17":"product-type-simple"},"_links":{"self":[{"href":"https:\/\/roveyayinevi.com.tr\/index.php\/wp-json\/wp\/v2\/product\/786010","targetHints":{"allow":["GET"]}}],"collection":[{"href":"https:\/\/roveyayinevi.com.tr\/index.php\/wp-json\/wp\/v2\/product"}],"about":[{"href":"https:\/\/roveyayinevi.com.tr\/index.php\/wp-json\/wp\/v2\/types\/product"}],"wp:attachment":[{"href":"https:\/\/roveyayinevi.com.tr\/index.php\/wp-json\/wp\/v2\/media?parent=786010"}],"wp:term":[{"taxonomy":"product_brand","embeddable":true,"href":"https:\/\/roveyayinevi.com.tr\/index.php\/wp-json\/wp\/v2\/product_brand?post=786010"},{"taxonomy":"product_cat","embeddable":true,"href":"https:\/\/roveyayinevi.com.tr\/index.php\/wp-json\/wp\/v2\/product_cat?post=786010"},{"taxonomy":"product_tag","embeddable":true,"href":"https:\/\/roveyayinevi.com.tr\/index.php\/wp-json\/wp\/v2\/product_tag?post=786010"}],"curies":[{"name":"wp","href":"https:\/\/api.w.org\/{rel}","templated":true}]}}