{"id":786005,"date":"2026-04-15T02:28:34","date_gmt":"2026-04-14T23:28:34","guid":{"rendered":"https:\/\/roveyayinevi.com.tr\/index.php\/urun\/bir-tos-vardi-ozyasam-05\/"},"modified":"2026-04-15T02:28:34","modified_gmt":"2026-04-14T23:28:34","slug":"bir-tos-vardi-ozyasam-05","status":"publish","type":"product","link":"https:\/\/roveyayinevi.com.tr\/index.php\/urun\/bir-tos-vardi-ozyasam-05\/","title":{"rendered":"Bir T\u00f6s Vard\u0131 &#8211; \u00d6zya\u015fam &#8211; 05"},"content":{"rendered":"<p>Bir ya\u015fam bu, \u00f6zya\u015fam&#8230; An\u0131msayacaks\u0131n\u0131z, 1965\u201371 y\u0131llar\u0131 aras\u0131nda bir T\u00d6S vard\u0131. T\u00fcrkiye \u00d6\u011fretmenler Sendikas\u0131\u2019n\u0131n k\u0131sa ad\u0131 b\u00f6yleydi. Okullar\u0131n \u201cUyu uyu yat uyu!\u201d diye derse ba\u015flamas\u0131na kar\u015f\u0131 \u00e7\u0131k\u0131yor, \u201cUyan Alim, uyan G\u00fcl\u00fcm!\u201d denilmesini istiyordu. Bu kadar de\u011fildi elbet; \u00f6\u011fretmenler ad\u0131na e\u011fitimin y\u00f6netimine kat\u0131l\u0131p onu yurdun ve halk\u0131n yarar\u0131na \u00e7evirmek \u00e7abas\u0131ndayd\u0131. T\u00d6S, 1961 Anayasas\u0131na g\u00f6re kurulmu\u015ftu;  o anayasa 1971\u2019de askersel darbeyle kald\u0131r\u0131l\u0131nca T\u00d6S uzun yarg\u0131lamadan ge\u00e7erek akland\u0131\u011f\u0131 halde, \u00f6b\u00fcr kamu personel sendikalar\u0131yla birlikte kapat\u0131ld\u0131. Yurdumuzun ovas\u0131ndan, da\u011f\u0131ndan yal\u0131mlar gibi ge\u00e7en T\u00d6S\u2019\u00fcn g\u00fczel \u00f6yk\u00fcs\u00fc i\u00e7inde yer ald\u0131m. O nedenle \u00f6zya\u015fam kitaplar\u0131m aras\u0131na onun \u00f6yk\u00fcs\u00fcn\u00fc de katt\u0131m. Emdi\u011fim s\u00fct\u00fcn, yedi\u011fim ekme\u011fin kar\u015f\u0131l\u0131\u011f\u0131d\u0131r bu; g\u00f6revimdir. Fakir Baykurt Duisburg 28.1.1995 <\/p>\n","protected":false},"excerpt":{"rendered":"<p>Bir ya\u015fam bu, \u00f6zya\u015fam&#8230; An\u0131msayacaks\u0131n\u0131z, 1965\u201371 y\u0131llar\u0131 aras\u0131nda bir T\u00d6S vard\u0131. T\u00fcrkiye \u00d6\u011fretmenler Sendikas\u0131\u2019n\u0131n k\u0131sa ad\u0131 b\u00f6yleydi. Okullar\u0131n \u201cUyu uyu yat uyu!\u201d diye derse ba\u015flamas\u0131na kar\u015f\u0131<span class=\"excerpt-hellip\"> [\u2026]<\/span><\/p>\n","protected":false},"featured_media":0,"template":"","meta":{"_monsterinsights_skip_tracking":false,"_monsterinsights_sitenote_active":false,"_monsterinsights_sitenote_note":"","_monsterinsights_sitenote_category":0},"product_brand":[],"product_cat":[13701,12291],"product_tag":[],"class_list":{"0":"post-786005","1":"product","2":"type-product","3":"status-publish","5":"product_cat-ani-mektup-gunluk","6":"product_cat-edebiyat","7":"pa_cilt-ciltsiz","8":"pa_tur-kitap","9":"pa_yayinevi-literatur-yayinevi","10":"pa_yazar-fakir-baykurt","12":"first","13":"instock","14":"sale","15":"shipping-taxable","16":"purchasable","17":"product-type-simple"},"_links":{"self":[{"href":"https:\/\/roveyayinevi.com.tr\/index.php\/wp-json\/wp\/v2\/product\/786005","targetHints":{"allow":["GET"]}}],"collection":[{"href":"https:\/\/roveyayinevi.com.tr\/index.php\/wp-json\/wp\/v2\/product"}],"about":[{"href":"https:\/\/roveyayinevi.com.tr\/index.php\/wp-json\/wp\/v2\/types\/product"}],"wp:attachment":[{"href":"https:\/\/roveyayinevi.com.tr\/index.php\/wp-json\/wp\/v2\/media?parent=786005"}],"wp:term":[{"taxonomy":"product_brand","embeddable":true,"href":"https:\/\/roveyayinevi.com.tr\/index.php\/wp-json\/wp\/v2\/product_brand?post=786005"},{"taxonomy":"product_cat","embeddable":true,"href":"https:\/\/roveyayinevi.com.tr\/index.php\/wp-json\/wp\/v2\/product_cat?post=786005"},{"taxonomy":"product_tag","embeddable":true,"href":"https:\/\/roveyayinevi.com.tr\/index.php\/wp-json\/wp\/v2\/product_tag?post=786005"}],"curies":[{"name":"wp","href":"https:\/\/api.w.org\/{rel}","templated":true}]}}