{"id":785999,"date":"2026-04-15T02:18:00","date_gmt":"2026-04-14T23:18:00","guid":{"rendered":"https:\/\/roveyayinevi.com.tr\/index.php\/urun\/deli-memedin-turkusu\/"},"modified":"2026-04-15T02:18:00","modified_gmt":"2026-04-14T23:18:00","slug":"deli-memedin-turkusu","status":"publish","type":"product","link":"https:\/\/roveyayinevi.com.tr\/index.php\/urun\/deli-memedin-turkusu\/","title":{"rendered":"Deli Memedin T\u00fcrk\u00fcs\u00fc"},"content":{"rendered":"<p>Mahmut Makal, bir simgesidir K\u00f6y Enstit\u00fclerinin. Onlar\u0131n neden kuruldu\u011funa, neler yapt\u0131\u011f\u0131na ve kapat\u0131lmasalard\u0131 yurdumuza neler getireceklerdi? B\u00fct\u00fcn bu sorulara en g\u00fczel yan\u0131t, son g\u00fcnlerde Birle\u015fmi\u015f Milletler E\u011fitim, Bilim ve K\u00fclt\u00fcr \u00d6rg\u00fct\u00fc\u2019n\u00fcn bir dergisinde \u00f6rnek insan g\u00f6sterilen Mahmut Makal\u2019\u0131n ser\u00fcveni ve ki\u015fili\u011fidir. Mahmut Makal, bir Orta Anadolu k\u00f6y \u00e7ocu\u011fudur. Bizim K\u00f6y\u2019de ger\u00e7ek\u00e7i bir dille anlatt\u0131\u011f\u0131 \u201ckaranl\u0131k, yoksul, unutulmu\u015f\u201d k\u00f6y ortam\u0131ndan, Cumhuriyet\u2019in e\u011fitim kald\u0131rac\u0131 K\u00f6y Enstit\u00fclerinin kurtar\u0131c\u0131 elleriyle al\u0131nm\u0131\u015f, uyand\u0131r\u0131lm\u0131\u015f, e\u011fitilmi\u015f, kendi toplumsal ko\u015fullar\u0131n\u0131n ele\u015ftiricisi, bu gerili\u011fi, yoksullu\u011fu yenecek bir ordunun \u00f6nc\u00fcs\u00fc haline getirilmi\u015ftir. Bu ser\u00fcven, Mahmut Makal\u2019\u0131n ser\u00fcveniyle birlikte, K\u00f6y Enstit\u00fclerinin de ba\u015f\u0131ndan ge\u00e7enleri deyimler. K\u00f6y Enstit\u00fclerinin \u00fclk\u00fcs\u00fc, i\u015fte, karanl\u0131klar, gerilikler i\u00e7inde ya\u015fayan milyonlarca k\u00f6y \u00e7ocu\u011fundan, e\u011fitim yolu ile uyanm\u0131\u015f, ele\u015ftirici ve \u00f6nc\u00fc Mahmut Makal\u2019lar yaratmakt\u0131. Mahmut Makal, nas\u0131l, K\u00f6y Enstit\u00fclerini seven, onlara inananlar i\u00e7in olumlu bir simge ise, bir ters a\u00e7\u0131dan K\u00f6y Enstit\u00fclerini yeren, onlara kar\u015f\u0131 \u00e7\u0131kanlar i\u00e7in de olumsuz bir simgedir. Makal, uyand\u0131r\u0131lmak istenen \u201cBizim K\u00f6y\u201dle, uyutulmak istenen \u201cBizim K\u00f6y\u201d aras\u0131ndaki temel \u00e7eli\u015fkiyi, T\u00fcrkiye\u2019deki tarihsel-toplumsal \u00e7at\u0131\u015fmay\u0131 en g\u00fczel belirleyen bir simgedir. K\u00f6y Enstit\u00fcleri, \u201cBizim K\u00f6y\u201d\u00fcn yazg\u0131s\u0131n\u0131 de\u011fi\u015ftirmek i\u00e7in a\u00e7\u0131lm\u0131\u015ft\u0131. \u201cBizim K\u00f6y\u201d\u00fcn yazg\u0131s\u0131n\u0131 de\u011fi\u015ftirmek istemeyenlerce kapat\u0131ld\u0131. Makal, \u201cBizim K\u00f6y\u201d\u00fcn ger\u00e7e\u011fini s\u00f6yleyerek, o yazg\u0131y\u0131 de\u011fi\u015ftirmek isteyenlere \u0131\u015f\u0131k tutmu\u015ftu. \u00c7ekti\u011fi \u00e7ile, Anadolu k\u00f6yl\u00fcs\u00fcn\u00fcn \u00e7ekti\u011fi \u00e7ile yan\u0131nda hi\u00e7 kal\u0131r. Neden ki, Makal, \u00e7ilesinin bilincine varm\u0131\u015ft\u0131 K\u00f6y Enstit\u00fclerinde. Bilin\u00e7 bir yerde b\u00fct\u00fcn \u00e7ileleri kutlu k\u0131lar. Hem \u00e7ile \u00e7ekmek hem de neden \u00e7ile \u00e7ekti\u011fini bilmemek, K\u00f6y Enstit\u00fclerinin penceresi kapat\u0131l\u0131nca, Anadolu k\u00f6yl\u00fcs\u00fcn\u00fcn i\u00e7ine d\u00fc\u015ft\u00fc\u011f\u00fc karanl\u0131k ger\u00e7ek budur. Ceyhun Atuf Kansu (Varl\u0131k dergisi)<\/p>\n","protected":false},"excerpt":{"rendered":"<p>Mahmut Makal, bir simgesidir K\u00f6y Enstit\u00fclerinin. Onlar\u0131n neden kuruldu\u011funa, neler yapt\u0131\u011f\u0131na ve kapat\u0131lmasalard\u0131 yurdumuza neler getireceklerdi? B\u00fct\u00fcn bu sorulara en g\u00fczel yan\u0131t, son g\u00fcnlerde Birle\u015fmi\u015f Milletler<span class=\"excerpt-hellip\"> [\u2026]<\/span><\/p>\n","protected":false},"featured_media":0,"template":"","meta":{"_monsterinsights_skip_tracking":false,"_monsterinsights_sitenote_active":false,"_monsterinsights_sitenote_note":"","_monsterinsights_sitenote_category":0},"product_brand":[],"product_cat":[12312,12304],"product_tag":[],"class_list":{"0":"post-785999","1":"product","2":"type-product","3":"status-publish","5":"product_cat-diger","6":"product_cat-tarih","7":"pa_cilt-ciltsiz","8":"pa_tur-kitap","9":"pa_yayinevi-literatur-yayinevi","10":"pa_yazar-mahmut-makal","12":"first","13":"instock","14":"sale","15":"shipping-taxable","16":"purchasable","17":"product-type-simple"},"_links":{"self":[{"href":"https:\/\/roveyayinevi.com.tr\/index.php\/wp-json\/wp\/v2\/product\/785999","targetHints":{"allow":["GET"]}}],"collection":[{"href":"https:\/\/roveyayinevi.com.tr\/index.php\/wp-json\/wp\/v2\/product"}],"about":[{"href":"https:\/\/roveyayinevi.com.tr\/index.php\/wp-json\/wp\/v2\/types\/product"}],"wp:attachment":[{"href":"https:\/\/roveyayinevi.com.tr\/index.php\/wp-json\/wp\/v2\/media?parent=785999"}],"wp:term":[{"taxonomy":"product_brand","embeddable":true,"href":"https:\/\/roveyayinevi.com.tr\/index.php\/wp-json\/wp\/v2\/product_brand?post=785999"},{"taxonomy":"product_cat","embeddable":true,"href":"https:\/\/roveyayinevi.com.tr\/index.php\/wp-json\/wp\/v2\/product_cat?post=785999"},{"taxonomy":"product_tag","embeddable":true,"href":"https:\/\/roveyayinevi.com.tr\/index.php\/wp-json\/wp\/v2\/product_tag?post=785999"}],"curies":[{"name":"wp","href":"https:\/\/api.w.org\/{rel}","templated":true}]}}