{"id":785998,"date":"2026-04-15T02:17:15","date_gmt":"2026-04-14T23:17:15","guid":{"rendered":"https:\/\/roveyayinevi.com.tr\/index.php\/urun\/bedos\/"},"modified":"2026-04-16T02:13:03","modified_gmt":"2026-04-15T23:13:03","slug":"bedos","status":"publish","type":"product","link":"https:\/\/roveyayinevi.com.tr\/index.php\/urun\/bedos\/","title":{"rendered":"Bedo\u015f"},"content":{"rendered":"<p>\u201cBedia, efendim!\u201d dedi. \u201cDedem koymu\u015f bana bu ad\u0131. Trenle ge\u00e7erken Toros Da\u011flar\u0131\u2019n\u0131n g\u00fczelli\u011fine bak\u0131p hayran olmu\u015f da, \u2018Bir do\u011fa harikas\u0131 bu, bir bedia,\u2019 demi\u015f. Sonra beni kuca\u011f\u0131na alm\u0131\u015f, \u2018Benim torunum da do\u011fa harikas\u0131\u2026 Ad\u0131n\u0131 Bedia koyaca\u011f\u0131m!\u2019 demi\u015f, \u00fc\u00e7 kez kula\u011f\u0131ma, Bedia, Bedia, Bedia diyerek ad\u0131m\u0131 koymu\u015f.\u201d <\/p>\n","protected":false},"excerpt":{"rendered":"<p>\u201cBedia, efendim!\u201d dedi. \u201cDedem koymu\u015f bana bu ad\u0131. Trenle ge\u00e7erken Toros Da\u011flar\u0131\u2019n\u0131n g\u00fczelli\u011fine bak\u0131p hayran olmu\u015f da, \u2018Bir do\u011fa harikas\u0131 bu, bir bedia,\u2019 demi\u015f. Sonra beni<span class=\"excerpt-hellip\"> [\u2026]<\/span><\/p>\n","protected":false},"featured_media":0,"template":"","meta":{"_monsterinsights_skip_tracking":false,"_monsterinsights_sitenote_active":false,"_monsterinsights_sitenote_note":"","_monsterinsights_sitenote_category":0},"product_brand":[],"product_cat":[12291,12711],"product_tag":[],"class_list":{"0":"post-785998","1":"product","2":"type-product","3":"status-publish","5":"product_cat-edebiyat","6":"product_cat-roman-oyku","7":"pa_cilt-ciltsiz","8":"pa_tur-kitap","9":"pa_yayinevi-can-yayinlari","10":"pa_yazar-kemal-bilbasar","12":"first","13":"instock","14":"sale","15":"shipping-taxable","16":"purchasable","17":"product-type-simple"},"_links":{"self":[{"href":"https:\/\/roveyayinevi.com.tr\/index.php\/wp-json\/wp\/v2\/product\/785998","targetHints":{"allow":["GET"]}}],"collection":[{"href":"https:\/\/roveyayinevi.com.tr\/index.php\/wp-json\/wp\/v2\/product"}],"about":[{"href":"https:\/\/roveyayinevi.com.tr\/index.php\/wp-json\/wp\/v2\/types\/product"}],"wp:attachment":[{"href":"https:\/\/roveyayinevi.com.tr\/index.php\/wp-json\/wp\/v2\/media?parent=785998"}],"wp:term":[{"taxonomy":"product_brand","embeddable":true,"href":"https:\/\/roveyayinevi.com.tr\/index.php\/wp-json\/wp\/v2\/product_brand?post=785998"},{"taxonomy":"product_cat","embeddable":true,"href":"https:\/\/roveyayinevi.com.tr\/index.php\/wp-json\/wp\/v2\/product_cat?post=785998"},{"taxonomy":"product_tag","embeddable":true,"href":"https:\/\/roveyayinevi.com.tr\/index.php\/wp-json\/wp\/v2\/product_tag?post=785998"}],"curies":[{"name":"wp","href":"https:\/\/api.w.org\/{rel}","templated":true}]}}