{"id":785996,"date":"2026-04-15T02:17:01","date_gmt":"2026-04-14T23:17:01","guid":{"rendered":"https:\/\/roveyayinevi.com.tr\/index.php\/urun\/aglati\/"},"modified":"2026-04-15T02:17:01","modified_gmt":"2026-04-14T23:17:01","slug":"aglati","status":"publish","type":"product","link":"https:\/\/roveyayinevi.com.tr\/index.php\/urun\/aglati\/","title":{"rendered":"A\u011flat\u0131"},"content":{"rendered":"<p>Mahmut Makal\u2019\u0131n kitab\u0131n\u0131 \u00e7ok kimseler okudu, o kitap ilgi ile okunmaya da de\u011ferdi. Ama Mahmut Makal tek de\u011fildir. Ba\u015fkas\u0131n\u0131nkine benzemez bir ki\u015fili\u011fi var elbette, o ayr\u0131 i\u015f. Yaln\u0131z bilelim ki \u00e7evrelerine Mahmut Makal gibi bakan, g\u00f6rd\u00fckleri dertleri, aksakl\u0131klar\u0131 anlatan daha bir\u00e7ok gen\u00e7ler var. Ali D\u00fcndar da onlardan biridir. <\/p>\n","protected":false},"excerpt":{"rendered":"<p>Mahmut Makal\u2019\u0131n kitab\u0131n\u0131 \u00e7ok kimseler okudu, o kitap ilgi ile okunmaya da de\u011ferdi. Ama Mahmut Makal tek de\u011fildir. Ba\u015fkas\u0131n\u0131nkine benzemez bir ki\u015fili\u011fi var elbette, o ayr\u0131<span class=\"excerpt-hellip\"> [\u2026]<\/span><\/p>\n","protected":false},"featured_media":0,"template":"","meta":{"_monsterinsights_skip_tracking":false,"_monsterinsights_sitenote_active":false,"_monsterinsights_sitenote_note":"","_monsterinsights_sitenote_category":0},"product_brand":[],"product_cat":[12291,12292],"product_tag":[],"class_list":{"0":"post-785996","1":"product","2":"type-product","3":"status-publish","5":"product_cat-edebiyat","6":"product_cat-turk-edebiyati","7":"pa_cilt-ciltsiz","8":"pa_tur-kitap","9":"pa_yayinevi-literatur-yayinevi","10":"pa_yazar-mahmut-makal","12":"first","13":"instock","14":"sale","15":"shipping-taxable","16":"purchasable","17":"product-type-simple"},"_links":{"self":[{"href":"https:\/\/roveyayinevi.com.tr\/index.php\/wp-json\/wp\/v2\/product\/785996","targetHints":{"allow":["GET"]}}],"collection":[{"href":"https:\/\/roveyayinevi.com.tr\/index.php\/wp-json\/wp\/v2\/product"}],"about":[{"href":"https:\/\/roveyayinevi.com.tr\/index.php\/wp-json\/wp\/v2\/types\/product"}],"wp:attachment":[{"href":"https:\/\/roveyayinevi.com.tr\/index.php\/wp-json\/wp\/v2\/media?parent=785996"}],"wp:term":[{"taxonomy":"product_brand","embeddable":true,"href":"https:\/\/roveyayinevi.com.tr\/index.php\/wp-json\/wp\/v2\/product_brand?post=785996"},{"taxonomy":"product_cat","embeddable":true,"href":"https:\/\/roveyayinevi.com.tr\/index.php\/wp-json\/wp\/v2\/product_cat?post=785996"},{"taxonomy":"product_tag","embeddable":true,"href":"https:\/\/roveyayinevi.com.tr\/index.php\/wp-json\/wp\/v2\/product_tag?post=785996"}],"curies":[{"name":"wp","href":"https:\/\/api.w.org\/{rel}","templated":true}]}}