{"id":785966,"date":"2026-04-12T03:39:01","date_gmt":"2026-04-12T00:39:01","guid":{"rendered":"https:\/\/roveyayinevi.com.tr\/index.php\/urun\/ne-olmak-istemem\/"},"modified":"2026-04-15T03:49:52","modified_gmt":"2026-04-15T00:49:52","slug":"ne-olmak-istemem","status":"publish","type":"product","link":"https:\/\/roveyayinevi.com.tr\/index.php\/urun\/ne-olmak-istemem\/","title":{"rendered":"Ne Olmak \u0130stemem?"},"content":{"rendered":"<p>\u00d6yk\u00fc ve romanlar\u0131yla her ya\u015ftan okurun sevdi\u011fi Asl\u0131 Tohumcu&#8217;nun diyardan diyara, maceradan maceraya yelken a\u00e7an gemisi &#8220;Karadanka\u00e7anlar&#8221;\u0131 bilir, hat\u0131rlar m\u0131s\u0131n\u0131z? O geminin kelimelerle oynamay\u0131 seven ve b\u00fcy\u00fcmeyi reddeden tayfas\u0131, &#8220;Ne olmak istemem?&#8221; sorusuna yan\u0131t veren \u00e7ocuklar\u0131n hik\u00e2yelerini anlatt\u0131lar. Abla olma fikrinden ka\u00e7an bir \u00e7ocu\u011fun, \u00e7ocuk olmaktan \u00fcrken bir di\u011ferinin, yaln\u0131zl\u0131\u011f\u0131 g\u00f6r\u00fcnmez bir dost gibi seven bir ba\u015fkas\u0131n\u0131n hik\u00e2yesini mesela. Zamana k\u0131zg\u0131n bir \u00e7ocuk da var bu kitapta, r\u00fcyalar\u0131n s\u0131rr\u0131n\u0131 \u00e7\u00f6zmeye \u00e7al\u0131\u015fan, hatta kendi olmak istemeyen bir \u00e7ocuk da. Takvimin &#8216;\u00fcvey evlad\u0131&#8217; oldu\u011funu d\u00fc\u015f\u00fcnen h\u00fcz\u00fcnl\u00fc bir sesi de duymak m\u00fcmk\u00fcn, bir sabah uyand\u0131\u011f\u0131nda annesini bir denizanas\u0131na d\u00f6n\u00fc\u015fm\u00fc\u015f bulan bir \u00e7ocu\u011fun \u015fa\u015fk\u0131n \u00e7\u0131\u011fl\u0131\u011f\u0131n\u0131 da. Ku\u015flar\u0131n \u015fark\u0131lar\u0131nda sessizli\u011fin dilini \u00e7\u00f6zenlerle ve bir Chagall tablosundaki gibi yerden y\u00fckselip s\u00fcz\u00fclenlerle de tan\u0131\u015fmak istiyorsan\u0131z, rotas\u0131n\u0131 hik\u00e2yelere \u00e7eviren Karadanka\u00e7an tayfas\u0131yla yelkenler fora!<\/p>\n","protected":false},"excerpt":{"rendered":"<p>\u00d6yk\u00fc ve romanlar\u0131yla her ya\u015ftan okurun sevdi\u011fi Asl\u0131 Tohumcu&#8217;nun diyardan diyara, maceradan maceraya yelken a\u00e7an gemisi &#8220;Karadanka\u00e7anlar&#8221;\u0131 bilir, hat\u0131rlar m\u0131s\u0131n\u0131z? O geminin kelimelerle oynamay\u0131 seven ve<span class=\"excerpt-hellip\"> [\u2026]<\/span><\/p>\n","protected":false},"featured_media":0,"template":"","meta":{"_monsterinsights_skip_tracking":false,"_monsterinsights_sitenote_active":false,"_monsterinsights_sitenote_note":"","_monsterinsights_sitenote_category":0},"product_brand":[],"product_cat":[14060,12291],"product_tag":[],"class_list":{"0":"post-785966","1":"product","2":"type-product","3":"status-publish","5":"product_cat-antoloji","6":"product_cat-edebiyat","7":"pa_cilt-ciltsiz","8":"pa_tur-kitap","9":"pa_yayinevi-can-yayinlari","10":"pa_yazar-kolektif","12":"first","13":"instock","14":"sale","15":"shipping-taxable","16":"purchasable","17":"product-type-simple"},"_links":{"self":[{"href":"https:\/\/roveyayinevi.com.tr\/index.php\/wp-json\/wp\/v2\/product\/785966","targetHints":{"allow":["GET"]}}],"collection":[{"href":"https:\/\/roveyayinevi.com.tr\/index.php\/wp-json\/wp\/v2\/product"}],"about":[{"href":"https:\/\/roveyayinevi.com.tr\/index.php\/wp-json\/wp\/v2\/types\/product"}],"wp:attachment":[{"href":"https:\/\/roveyayinevi.com.tr\/index.php\/wp-json\/wp\/v2\/media?parent=785966"}],"wp:term":[{"taxonomy":"product_brand","embeddable":true,"href":"https:\/\/roveyayinevi.com.tr\/index.php\/wp-json\/wp\/v2\/product_brand?post=785966"},{"taxonomy":"product_cat","embeddable":true,"href":"https:\/\/roveyayinevi.com.tr\/index.php\/wp-json\/wp\/v2\/product_cat?post=785966"},{"taxonomy":"product_tag","embeddable":true,"href":"https:\/\/roveyayinevi.com.tr\/index.php\/wp-json\/wp\/v2\/product_tag?post=785966"}],"curies":[{"name":"wp","href":"https:\/\/api.w.org\/{rel}","templated":true}]}}