{"id":785964,"date":"2026-04-12T03:38:54","date_gmt":"2026-04-12T00:38:54","guid":{"rendered":"https:\/\/roveyayinevi.com.tr\/index.php\/urun\/son-goz-agrisi\/"},"modified":"2026-04-15T03:49:52","modified_gmt":"2026-04-15T00:49:52","slug":"son-goz-agrisi","status":"publish","type":"product","link":"https:\/\/roveyayinevi.com.tr\/index.php\/urun\/son-goz-agrisi\/","title":{"rendered":"Son G\u00f6z A\u011fr\u0131s\u0131"},"content":{"rendered":"<p>\u0130smim Fatima Daas.   Son G\u00f6z A\u011fr\u0131s\u0131 bu c\u00fcmleyle ba\u015fl\u0131yor ve bu c\u00fcmle etraf\u0131nda kimlik aray\u0131\u015f\u0131ndaki g\u00f6\u00e7men k\u00f6kenli gen\u00e7 bir kad\u0131n\u0131n cesur sesini duymam\u0131z\u0131 istiyor.   Fatima Daas, Paris\u2019in banliy\u00f6lerinden birinde, Clichy-sous-Bois\u2019de, Cezayirli bir ailenin en k\u00fc\u00e7\u00fck k\u0131z\u0131 olarak b\u00fcy\u00fcr. Aile bireylerinin sevgi g\u00f6stermekten \u00e7ekindi\u011fi, a\u015fk ve cinselli\u011fin tabu say\u0131ld\u0131\u011f\u0131 bir evde yeti\u015fir. \u00c7o\u011funlu\u011fu M\u00fcsl\u00fcman olan mahallesinden \u00e7\u0131k\u0131p Paris\u2019e gitti\u011finde, kendini bir yabanc\u0131 gibi hisseder. \u0130nan\u00e7l\u0131 bir M\u00fcsl\u00fcman olarak yeti\u015fen Fatima, kimlikler aras\u0131nda gidip gelirken, inanc\u0131n\u0131 koruyarak kad\u0131nlara duydu\u011fu ilgiyi nas\u0131l ya\u015fayaca\u011f\u0131n\u0131 sorgular.   Kendi benli\u011fini ke\u015ffetme yolculu\u011funda, istikrars\u0131z bir \u00f6\u011frenciden hayata uyum sa\u011flamakta zorlanan bir yeti\u015fkine d\u00f6n\u00fc\u015f\u00fcr. D\u00f6rt y\u0131l s\u00fcren terapi onun en uzun ili\u015fkisi olur. Ailesinden uzakla\u015ft\u0131k\u00e7a \u00f6zg\u00fcrl\u00fc\u011f\u00fcn\u00fc kazan\u0131r, ancak i\u00e7indeki \u00e7eli\u015fkilerle daha do\u011frudan y\u00fczle\u015fmek zorunda kal\u0131r. Nina\u2019yla tan\u0131\u015ft\u0131\u011f\u0131nda, eksikli\u011fini hissetti\u011fi \u015feyin ne oldu\u011funu tam olarak bilmez ama onsuz yapamayaca\u011f\u0131n\u0131 anlar.   Fatima Daas, cesur ve i\u00e7ten anlat\u0131m\u0131yla aidiyet, a\u015fk ve inan\u00e7 kavramlar\u0131n\u0131 yeniden sorgulat\u0131yor.<\/p>\n","protected":false},"excerpt":{"rendered":"<p>\u0130smim Fatima Daas. Son G\u00f6z A\u011fr\u0131s\u0131 bu c\u00fcmleyle ba\u015fl\u0131yor ve bu c\u00fcmle etraf\u0131nda kimlik aray\u0131\u015f\u0131ndaki g\u00f6\u00e7men k\u00f6kenli gen\u00e7 bir kad\u0131n\u0131n cesur sesini duymam\u0131z\u0131 istiyor. Fatima Daas,<span class=\"excerpt-hellip\"> [\u2026]<\/span><\/p>\n","protected":false},"featured_media":0,"template":"","meta":{"_monsterinsights_skip_tracking":false,"_monsterinsights_sitenote_active":false,"_monsterinsights_sitenote_note":"","_monsterinsights_sitenote_category":0},"product_brand":[],"product_cat":[141304],"product_tag":[],"class_list":{"0":"post-785964","1":"product","2":"type-product","3":"status-publish","5":"product_cat-yeni-cikanlar","6":"pa_cilt-ciltsiz","7":"pa_tur-kitap","8":"pa_yayinevi-can-yayinlari","9":"pa_yazar-fatima-daas","11":"first","12":"instock","13":"sale","14":"shipping-taxable","15":"purchasable","16":"product-type-simple"},"_links":{"self":[{"href":"https:\/\/roveyayinevi.com.tr\/index.php\/wp-json\/wp\/v2\/product\/785964","targetHints":{"allow":["GET"]}}],"collection":[{"href":"https:\/\/roveyayinevi.com.tr\/index.php\/wp-json\/wp\/v2\/product"}],"about":[{"href":"https:\/\/roveyayinevi.com.tr\/index.php\/wp-json\/wp\/v2\/types\/product"}],"wp:attachment":[{"href":"https:\/\/roveyayinevi.com.tr\/index.php\/wp-json\/wp\/v2\/media?parent=785964"}],"wp:term":[{"taxonomy":"product_brand","embeddable":true,"href":"https:\/\/roveyayinevi.com.tr\/index.php\/wp-json\/wp\/v2\/product_brand?post=785964"},{"taxonomy":"product_cat","embeddable":true,"href":"https:\/\/roveyayinevi.com.tr\/index.php\/wp-json\/wp\/v2\/product_cat?post=785964"},{"taxonomy":"product_tag","embeddable":true,"href":"https:\/\/roveyayinevi.com.tr\/index.php\/wp-json\/wp\/v2\/product_tag?post=785964"}],"curies":[{"name":"wp","href":"https:\/\/api.w.org\/{rel}","templated":true}]}}