{"id":785963,"date":"2026-04-12T03:38:52","date_gmt":"2026-04-12T00:38:52","guid":{"rendered":"https:\/\/roveyayinevi.com.tr\/index.php\/urun\/borgesle-yarim-asir\/"},"modified":"2026-04-15T03:49:52","modified_gmt":"2026-04-15T00:49:52","slug":"borgesle-yarim-asir","status":"publish","type":"product","link":"https:\/\/roveyayinevi.com.tr\/index.php\/urun\/borgesle-yarim-asir\/","title":{"rendered":"Borges&#8217;le Yar\u0131m As\u0131r"},"content":{"rendered":"<p>Borges&#8217;le Yar\u0131m As\u0131r Nobel \u00d6d\u00fcll\u00fc Perulu yazar Mario Vargas Llosa\u2019n\u0131n, Jorge Luis Borges\u2019le yar\u0131m y\u00fczy\u0131l\u0131 a\u015fan edebiyat, okurluk ve dostluk maceralar\u0131n\u0131n izlerini ta\u015f\u0131yor. Denemeler, s\u00f6yle\u015filer ve an\u0131lar e\u015fli\u011finde Borges\u2019in edebiyat\u0131, d\u00fc\u015f\u00fcnce tarz\u0131, al\u0131\u015fkanl\u0131klar\u0131 ve d\u00fcnyaya bak\u0131\u015f a\u00e7\u0131s\u0131 e\u015fsiz bir samimiyetle aktar\u0131l\u0131yor. Kaplanlardan labirentlere, siyasi tart\u0131\u015fmalardan edebiyat\u0131n keskin s\u0131n\u0131rlar\u0131na dek uzanan sayfalar, hem Arjantinli yazar Borges\u2019in hem de okuyucular\u0131n zihinlerinde a\u00e7\u0131lan yollar\u0131 ve labirentleri ortaya koyuyor<\/p>\n","protected":false},"excerpt":{"rendered":"<p>Borges&#8217;le Yar\u0131m As\u0131r Nobel \u00d6d\u00fcll\u00fc Perulu yazar Mario Vargas Llosa\u2019n\u0131n, Jorge Luis Borges\u2019le yar\u0131m y\u00fczy\u0131l\u0131 a\u015fan edebiyat, okurluk ve dostluk maceralar\u0131n\u0131n izlerini ta\u015f\u0131yor. Denemeler, s\u00f6yle\u015filer ve<span class=\"excerpt-hellip\"> [\u2026]<\/span><\/p>\n","protected":false},"featured_media":0,"template":"","meta":{"_monsterinsights_skip_tracking":false,"_monsterinsights_sitenote_active":false,"_monsterinsights_sitenote_note":"","_monsterinsights_sitenote_category":0},"product_brand":[],"product_cat":[141304],"product_tag":[],"class_list":{"0":"post-785963","1":"product","2":"type-product","3":"status-publish","5":"product_cat-yeni-cikanlar","6":"pa_cilt-ciltsiz","7":"pa_tur-kitap","8":"pa_yayinevi-can-yayinlari","9":"pa_yazar-mario-vargas-llosa","11":"first","12":"instock","13":"sale","14":"shipping-taxable","15":"purchasable","16":"product-type-simple"},"_links":{"self":[{"href":"https:\/\/roveyayinevi.com.tr\/index.php\/wp-json\/wp\/v2\/product\/785963","targetHints":{"allow":["GET"]}}],"collection":[{"href":"https:\/\/roveyayinevi.com.tr\/index.php\/wp-json\/wp\/v2\/product"}],"about":[{"href":"https:\/\/roveyayinevi.com.tr\/index.php\/wp-json\/wp\/v2\/types\/product"}],"wp:attachment":[{"href":"https:\/\/roveyayinevi.com.tr\/index.php\/wp-json\/wp\/v2\/media?parent=785963"}],"wp:term":[{"taxonomy":"product_brand","embeddable":true,"href":"https:\/\/roveyayinevi.com.tr\/index.php\/wp-json\/wp\/v2\/product_brand?post=785963"},{"taxonomy":"product_cat","embeddable":true,"href":"https:\/\/roveyayinevi.com.tr\/index.php\/wp-json\/wp\/v2\/product_cat?post=785963"},{"taxonomy":"product_tag","embeddable":true,"href":"https:\/\/roveyayinevi.com.tr\/index.php\/wp-json\/wp\/v2\/product_tag?post=785963"}],"curies":[{"name":"wp","href":"https:\/\/api.w.org\/{rel}","templated":true}]}}