{"id":785956,"date":"2026-04-11T14:51:18","date_gmt":"2026-04-11T11:51:18","guid":{"rendered":"https:\/\/roveyayinevi.com.tr\/index.php\/urun\/kapitalist-ataerki-ve-kadinlarin-tibbi-istismari\/"},"modified":"2026-04-15T03:48:55","modified_gmt":"2026-04-15T00:48:55","slug":"kapitalist-ataerki-ve-kadinlarin-tibbi-istismari","status":"publish","type":"product","link":"https:\/\/roveyayinevi.com.tr\/index.php\/urun\/kapitalist-ataerki-ve-kadinlarin-tibbi-istismari\/","title":{"rendered":"Kapitalist Ataerki ve Kad\u0131nlar\u0131n T\u0131bbi I\u0307stismar\u0131"},"content":{"rendered":"<p>Kapitalist Ataerki ve Kad\u0131nlar\u0131n T\u0131bbi I\u0307stismar\u0131, kad\u0131n bedeninin zapturapt alt\u0131na al\u0131nmas\u0131na histerektomi \u00f6rne\u011fi \u00fczerinden \u0131\u015f\u0131k tutuyor. Ve felsefi, politik, hukuki ve t\u0131bbi a\u00e7\u0131dan ele\u015ftirel bir bak\u0131\u015f sunuyor. Dalla Costa ve kitaba katk\u0131 sunan di\u011fer insanlar, kad\u0131nlar\u0131n \u015fifac\u0131 yetkinlik ve birikimlerine el konulmas\u0131n\u0131n t\u0131pta nas\u0131l sorunlar yarat\u0131\u011f\u0131na dikkat \u00e7ekiyor. T\u0131bb\u0131n erkek merkezli bir meslek olarak ele al\u0131nmas\u0131n\u0131n, \u015fekillenmesinin kad\u0131n bedeni ve t\u00fcm varl\u0131\u011f\u0131 \u00fczerinde ortaya \u00e7\u0131kan tahrifatlara dikkat \u00e7ekiyor.   T\u0131p tarihi \u00f6zelinde, hastal\u0131k yata\u011f\u0131 olarak a\u015f\u0131r\u0131l\u0131k veya eksiklik \u00fczerinden okunan bedenin, \u00f6zellikle kad\u0131nlar ve heteronormatif d\u00fczene\u011fe uymayan bireyler s\u00f6z konusu oldu\u011funda, k\u00f6t\u00fc ruhlar taraf\u0131ndan ele ge\u00e7irilmi\u015f ve m\u00fcdahale edilmesi me\u015fru say\u0131lan bir illet kayna\u011f\u0131 olarak g\u00f6r\u00fcld\u00fc\u011f\u00fcn\u00fc dile getirir kitap. Erkek bedeni referans al\u0131n\u0131p \u201cnarin\u201d, \u201ceksik\u201d olarak kodlanan kad\u0131n bedeni, \u201csorunlardan\u201d ar\u0131nd\u0131rma iddias\u0131 ile testten ge\u00e7irilen ve \u201czay\u0131f\u201d addedilmesine ra\u011fmen t\u0131p tarihindeki ilk denemelerin en ac\u0131 verici m\u00fcdahalelerin \u00fczerinde uygulanmas\u0131n\u0131n me\u015fru bir obje olarak g\u00f6r\u00fclmesini; Dalla Costa, her ne kadar modern t\u0131p uygulamalar\u0131n\u0131n \u00f6rt\u00fck ideolojik sald\u0131rganl\u0131\u011f\u0131n\u0131 k\u0131yas\u0131ya ele\u015ftirse de, bilimi ve t\u0131p mesle\u011fini toptan yads\u0131m\u0131yor elbette.   \u201cSon \u00e7are olarak g\u00fcndeme getirilmesi gereken histerektomi se\u00e7ene\u011fi neden bu kadar kolayl\u0131kla ilk ve kesin \u00e7are olarak sunulmaktad\u0131r Bir \u00fcreme organ\u0131ndan ibaret say\u0131lan rahim ve yumurtal\u0131klar\u0131n al\u0131nmas\u0131 ne t\u00fcr fiziksel, psikolojik ve varolu\u015fsal sorunlara yol a\u00e7ar? Bu sorunlar neden g\u00f6z ard\u0131 edilmektedir Modernitenin de\u011ferlerinden biri olan bireyin bedeninin b\u00fct\u00fcnl\u00fc\u011f\u00fc ve dokunulmazl\u0131\u011f\u0131 hukuki a\u00e7\u0131lardan ne \u00f6l\u00e7\u00fcde ve neden a\u015f\u0131nd\u0131r\u0131lmaktad\u0131r?\u201d   Dalla Costa ve di\u011fer alan\u0131nda uzman hukuk\u00e7u, psikolog ve doktorlar\u0131n ve bu t\u0131bbi istismara maruz b\u0131rak\u0131lan kad\u0131nlar\u0131n -tan\u0131kl\u0131klar\u0131yla- bu sorulara verdikleri cevaplar ger\u00e7ekten sars\u0131c\u0131. \u201cCad\u0131 av\u0131\u201dyla ayyuka \u00e7\u0131km\u0131\u015f bir yok sayma, dilsizle\u015ftirme, bask\u0131lama, yok etme tarihinin g\u00fcn\u00fcm\u00fczdeki daha \u00f6rt\u00fck ve sistematik yans\u0131malar\u0131na i\u015faret eden bu kitap, her ko\u015fulda ve yine de -ele\u015ftirel- hekimlere, haklar\u0131n\u0131n pe\u015findeki t\u00fcm kad\u0131nlara ve onlarla birlikte \u00f6zg\u00fcrle\u015fmeyi dert edinenlere adanm\u0131\u015ft\u0131r.<\/p>\n","protected":false},"excerpt":{"rendered":"<p>Kapitalist Ataerki ve Kad\u0131nlar\u0131n T\u0131bbi I\u0307stismar\u0131, kad\u0131n bedeninin zapturapt alt\u0131na al\u0131nmas\u0131na histerektomi \u00f6rne\u011fi \u00fczerinden \u0131\u015f\u0131k tutuyor. Ve felsefi, politik, hukuki ve t\u0131bbi a\u00e7\u0131dan ele\u015ftirel bir bak\u0131\u015f<span class=\"excerpt-hellip\"> [\u2026]<\/span><\/p>\n","protected":false},"featured_media":0,"template":"","meta":{"_monsterinsights_skip_tracking":false,"_monsterinsights_sitenote_active":false,"_monsterinsights_sitenote_note":"","_monsterinsights_sitenote_category":0},"product_brand":[],"product_cat":[13488],"product_tag":[],"class_list":{"0":"post-785956","1":"product","2":"type-product","3":"status-publish","5":"product_cat-toplum-ve-insan","6":"pa_cilt-ciltsiz","7":"pa_tur-kitap","8":"pa_yayinevi-sumer-yayin","9":"pa_yazar-mariarosa-dalla-costa","11":"first","12":"instock","13":"sale","14":"shipping-taxable","15":"purchasable","16":"product-type-simple"},"_links":{"self":[{"href":"https:\/\/roveyayinevi.com.tr\/index.php\/wp-json\/wp\/v2\/product\/785956","targetHints":{"allow":["GET"]}}],"collection":[{"href":"https:\/\/roveyayinevi.com.tr\/index.php\/wp-json\/wp\/v2\/product"}],"about":[{"href":"https:\/\/roveyayinevi.com.tr\/index.php\/wp-json\/wp\/v2\/types\/product"}],"wp:attachment":[{"href":"https:\/\/roveyayinevi.com.tr\/index.php\/wp-json\/wp\/v2\/media?parent=785956"}],"wp:term":[{"taxonomy":"product_brand","embeddable":true,"href":"https:\/\/roveyayinevi.com.tr\/index.php\/wp-json\/wp\/v2\/product_brand?post=785956"},{"taxonomy":"product_cat","embeddable":true,"href":"https:\/\/roveyayinevi.com.tr\/index.php\/wp-json\/wp\/v2\/product_cat?post=785956"},{"taxonomy":"product_tag","embeddable":true,"href":"https:\/\/roveyayinevi.com.tr\/index.php\/wp-json\/wp\/v2\/product_tag?post=785956"}],"curies":[{"name":"wp","href":"https:\/\/api.w.org\/{rel}","templated":true}]}}