{"id":785947,"date":"2026-04-11T03:54:38","date_gmt":"2026-04-11T00:54:38","guid":{"rendered":"https:\/\/roveyayinevi.com.tr\/index.php\/urun\/hikmetin-marifeti\/"},"modified":"2026-04-15T03:50:53","modified_gmt":"2026-04-15T00:50:53","slug":"hikmetin-marifeti","status":"publish","type":"product","link":"https:\/\/roveyayinevi.com.tr\/index.php\/urun\/hikmetin-marifeti\/","title":{"rendered":"Hikmetin Marifeti"},"content":{"rendered":"<p>Hikmetin Marifeti, Muhyiddin \u0130bn Arab\u00ee Hazretleri\u2019nin Ekberi yolunda i\u015faret etti\u011fi Melami menzilleri, F\u00fct\u00fbh\u00e2t\u00fc\u2019l-Mekkiyye\u2019deki tertibi esas alarak hikmet taliplerine sunan bir seyir rehberidir. Bu eser tasavvufu, kavramlar\u0131n tan\u0131m\u0131 \u00fczerinden de\u011fil, mertebelerin idraki \u00fczerinden okumay\u0131 teklif eder.T\u00f6vbe ile ba\u015flayan, takva, uzlet, halvet, m\u00fccahede, sab\u0131r, \u015f\u00fck\u00fcr, tevekk\u00fcl, murakabe, r\u0131za, ihlas, h\u00fcrriyet, zikir ve fikir menzilleriyle devam eden yolculuk; marifet menzilinde kemale erer. Ancak bu seyir, bir derece kazan\u0131m\u0131 de\u011fil; nispetin fark edilmesidir.Kitap, F\u00fct\u00fbh\u00e2t\u2019\u0131n ilgili bahislerinin bir muhtasar\u0131 olmakla birlikte, sadele\u015ftirme iddias\u0131 ta\u015f\u0131maz. Bilakis, metnin kendi mertebesinden okunmas\u0131 gerekti\u011fini hat\u0131rlat\u0131r. \u00c7\u00fcnk\u00fc Ekberi irfanda okumak, yaln\u0131zca anlamak de\u011fil; manaya yerle\u015fmektir.Hikmetin Marifeti, Ekberi yolun kavram haritas\u0131n\u0131 bug\u00fcn\u00fcn okuyucusuna sunarken, bir y\u00f6n tayini yapar: Yol a\u00e7\u0131kt\u0131r; usul bellidir; menziller hikmetle y\u00fcr\u00fcn\u00fcr. Hikmetin Marifeti, tasavvufu yaln\u0131zca bir gelenek anlat\u0131s\u0131 olarak de\u011fil, kavramlar\u0131 yeniden yerli yerine koyma \u00e7abas\u0131 olarak ele alan; k\u00fclt\u00fcr-sanat ve d\u00fc\u015f\u00fcnce d\u00fcnyas\u0131nda Ekberi irfan \u00fczerine y\u00fcr\u00fcyen tart\u0131\u015fmalara do\u011frudan katk\u0131 sunan bir \u00e7al\u0131\u015fma niteli\u011finde.<\/p>\n","protected":false},"excerpt":{"rendered":"<p>Hikmetin Marifeti, Muhyiddin \u0130bn Arab\u00ee Hazretleri\u2019nin Ekberi yolunda i\u015faret etti\u011fi Melami menzilleri, F\u00fct\u00fbh\u00e2t\u00fc\u2019l-Mekkiyye\u2019deki tertibi esas alarak hikmet taliplerine sunan bir seyir rehberidir. Bu eser tasavvufu, kavramlar\u0131n<span class=\"excerpt-hellip\"> [\u2026]<\/span><\/p>\n","protected":false},"featured_media":0,"template":"","meta":{"_monsterinsights_skip_tracking":false,"_monsterinsights_sitenote_active":false,"_monsterinsights_sitenote_note":"","_monsterinsights_sitenote_category":0},"product_brand":[],"product_cat":[12718,12719,12720],"product_tag":[],"class_list":{"0":"post-785947","1":"product","2":"type-product","3":"status-publish","5":"product_cat-din","6":"product_cat-islam","7":"product_cat-tasavvuf-mezhepler-tarikatlar","8":"pa_cilt-ciltsiz","9":"pa_tur-kitap","10":"pa_yayinevi-erdem-yayinlari","11":"pa_yazar-mehmet-karahisari","13":"first","14":"instock","15":"sale","16":"shipping-taxable","17":"purchasable","18":"product-type-simple"},"_links":{"self":[{"href":"https:\/\/roveyayinevi.com.tr\/index.php\/wp-json\/wp\/v2\/product\/785947","targetHints":{"allow":["GET"]}}],"collection":[{"href":"https:\/\/roveyayinevi.com.tr\/index.php\/wp-json\/wp\/v2\/product"}],"about":[{"href":"https:\/\/roveyayinevi.com.tr\/index.php\/wp-json\/wp\/v2\/types\/product"}],"wp:attachment":[{"href":"https:\/\/roveyayinevi.com.tr\/index.php\/wp-json\/wp\/v2\/media?parent=785947"}],"wp:term":[{"taxonomy":"product_brand","embeddable":true,"href":"https:\/\/roveyayinevi.com.tr\/index.php\/wp-json\/wp\/v2\/product_brand?post=785947"},{"taxonomy":"product_cat","embeddable":true,"href":"https:\/\/roveyayinevi.com.tr\/index.php\/wp-json\/wp\/v2\/product_cat?post=785947"},{"taxonomy":"product_tag","embeddable":true,"href":"https:\/\/roveyayinevi.com.tr\/index.php\/wp-json\/wp\/v2\/product_tag?post=785947"}],"curies":[{"name":"wp","href":"https:\/\/api.w.org\/{rel}","templated":true}]}}