{"id":785930,"date":"2026-04-11T03:53:45","date_gmt":"2026-04-11T00:53:45","guid":{"rendered":"https:\/\/roveyayinevi.com.tr\/index.php\/urun\/arife-evde-cat-basina-kuyruklu-yildiz\/"},"modified":"2026-04-15T03:50:11","modified_gmt":"2026-04-15T00:50:11","slug":"arife-evde-cat-basina-kuyruklu-yildiz","status":"publish","type":"product","link":"https:\/\/roveyayinevi.com.tr\/index.php\/urun\/arife-evde-cat-basina-kuyruklu-yildiz\/","title":{"rendered":"Arife- Evde Cat Ba\u015f\u0131na &#8211; Kuyruklu Y\u0131ld\u0131z"},"content":{"rendered":"<p>Biz rahat gezelim diye hizal\u0131yorlar e\u015fyalar\u0131T\u0131rmalamalar\u0131m\u0131za dayanacak mobilyalar se\u00e7iyorlarT\u00fcy tutmayan k\u0131yafetler giyiyorlarG\u00fczergah\u0131m\u0131za s\u0131\u011f\u0131yorlarSular\u0131, mamalar\u0131, kum kaplar\u0131n\u0131Pencereleri biz ortal\u0131kta yokken aral\u0131yorlarSinek girmesin diye de\u011fil, biz \u00e7\u0131kmayal\u0131m diyeSineklik tak\u0131yorlarBiz \u00fc\u015f\u00fcmeyelim diye k\u00f6kl\u00fcyorlar kombiyiVe klimay\u0131, biz pi\u015fmeyelim diye ayarl\u0131yorlarYaln\u0131z kal\u0131r\u0131z diye tatile gitmiyorlarSonra da bize sadece \u201cEV KED\u0130S\u0130\u201d diyorlarOysa biz \u201cEV\u0130N KEND\u0130S\u0130Y\u0130Z!\u201dBunu bir t\u00fcrl\u00fc anlam\u0131yorlar.<\/p>\n","protected":false},"excerpt":{"rendered":"<p>Biz rahat gezelim diye hizal\u0131yorlar e\u015fyalar\u0131T\u0131rmalamalar\u0131m\u0131za dayanacak mobilyalar se\u00e7iyorlarT\u00fcy tutmayan k\u0131yafetler giyiyorlarG\u00fczergah\u0131m\u0131za s\u0131\u011f\u0131yorlarSular\u0131, mamalar\u0131, kum kaplar\u0131n\u0131Pencereleri biz ortal\u0131kta yokken aral\u0131yorlarSinek girmesin diye de\u011fil, biz \u00e7\u0131kmayal\u0131m diyeSineklik<span class=\"excerpt-hellip\"> [\u2026]<\/span><\/p>\n","protected":false},"featured_media":0,"template":"","meta":{"_monsterinsights_skip_tracking":false,"_monsterinsights_sitenote_active":false,"_monsterinsights_sitenote_note":"","_monsterinsights_sitenote_category":0},"product_brand":[],"product_cat":[12274,12284],"product_tag":[],"class_list":{"0":"post-785930","1":"product","2":"type-product","3":"status-publish","5":"product_cat-cocuk-ve-genclik-kitaplari","6":"product_cat-hikayeler","7":"pa_cilt-ciltsiz","8":"pa_tur-kitap","9":"pa_yayinevi-alfa-yayinlari","10":"pa_yazar-rewhat","12":"first","13":"instock","14":"sale","15":"shipping-taxable","16":"purchasable","17":"product-type-simple"},"_links":{"self":[{"href":"https:\/\/roveyayinevi.com.tr\/index.php\/wp-json\/wp\/v2\/product\/785930","targetHints":{"allow":["GET"]}}],"collection":[{"href":"https:\/\/roveyayinevi.com.tr\/index.php\/wp-json\/wp\/v2\/product"}],"about":[{"href":"https:\/\/roveyayinevi.com.tr\/index.php\/wp-json\/wp\/v2\/types\/product"}],"wp:attachment":[{"href":"https:\/\/roveyayinevi.com.tr\/index.php\/wp-json\/wp\/v2\/media?parent=785930"}],"wp:term":[{"taxonomy":"product_brand","embeddable":true,"href":"https:\/\/roveyayinevi.com.tr\/index.php\/wp-json\/wp\/v2\/product_brand?post=785930"},{"taxonomy":"product_cat","embeddable":true,"href":"https:\/\/roveyayinevi.com.tr\/index.php\/wp-json\/wp\/v2\/product_cat?post=785930"},{"taxonomy":"product_tag","embeddable":true,"href":"https:\/\/roveyayinevi.com.tr\/index.php\/wp-json\/wp\/v2\/product_tag?post=785930"}],"curies":[{"name":"wp","href":"https:\/\/api.w.org\/{rel}","templated":true}]}}