{"id":785928,"date":"2026-04-11T03:53:40","date_gmt":"2026-04-11T00:53:40","guid":{"rendered":"https:\/\/roveyayinevi.com.tr\/index.php\/urun\/avni-6-pespembe-bir-hayat\/"},"modified":"2026-04-15T03:50:11","modified_gmt":"2026-04-15T00:50:11","slug":"avni-6-pespembe-bir-hayat","status":"publish","type":"product","link":"https:\/\/roveyayinevi.com.tr\/index.php\/urun\/avni-6-pespembe-bir-hayat\/","title":{"rendered":"Avni 6 &#8211; Pespembe Bir Hayat"},"content":{"rendered":"<p>Mavi, ye\u015fil, sar\u0131&#8230; G\u00f6r\u00fcnmez, kocaman ya da minicik olabilen&#8230; Bazen bir ay\u0131c\u0131k, bazen de meyve-sebze g\u00f6r\u00fcn\u00fcm\u00fcnde\u2026 Muhte\u015fem Avni ger\u00e7ekten di\u011ferlerinden \u00e7ok farkl\u0131 bir \u00e7ocuk! Bir yandan g\u00fc\u00e7leri sayesinde istedi\u011fi \u015fekle girebilecek kadar yetenekli. Ama bir yandan da bonibonlar\u0131n aras\u0131na kar\u0131\u015farak k\u00f6t\u00fc \u00e7ocuk Biff\u2019in midesine inip ba\u011f\u0131rsaklar\u0131 aras\u0131nda kaybolacak kadar sakar<\/p>\n","protected":false},"excerpt":{"rendered":"<p>Mavi, ye\u015fil, sar\u0131&#8230; G\u00f6r\u00fcnmez, kocaman ya da minicik olabilen&#8230; Bazen bir ay\u0131c\u0131k, bazen de meyve-sebze g\u00f6r\u00fcn\u00fcm\u00fcnde\u2026 Muhte\u015fem Avni ger\u00e7ekten di\u011ferlerinden \u00e7ok farkl\u0131 bir \u00e7ocuk! Bir yandan<span class=\"excerpt-hellip\"> [\u2026]<\/span><\/p>\n","protected":false},"featured_media":0,"template":"","meta":{"_monsterinsights_skip_tracking":false,"_monsterinsights_sitenote_active":false,"_monsterinsights_sitenote_note":"","_monsterinsights_sitenote_category":0},"product_brand":[],"product_cat":[12689,12274],"product_tag":[],"class_list":{"0":"post-785928","1":"product","2":"type-product","3":"status-publish","5":"product_cat-cizgi-roman-cocuk-ve-genclik-kitaplari","6":"product_cat-cocuk-ve-genclik-kitaplari","7":"pa_cilt-ciltsiz","8":"pa_tur-kitap","9":"pa_yayinevi-buyulu-fener-yayinlari","10":"pa_yazar-romain-pujol-vincent-caut","12":"first","13":"instock","14":"sale","15":"shipping-taxable","16":"purchasable","17":"product-type-simple"},"_links":{"self":[{"href":"https:\/\/roveyayinevi.com.tr\/index.php\/wp-json\/wp\/v2\/product\/785928","targetHints":{"allow":["GET"]}}],"collection":[{"href":"https:\/\/roveyayinevi.com.tr\/index.php\/wp-json\/wp\/v2\/product"}],"about":[{"href":"https:\/\/roveyayinevi.com.tr\/index.php\/wp-json\/wp\/v2\/types\/product"}],"wp:attachment":[{"href":"https:\/\/roveyayinevi.com.tr\/index.php\/wp-json\/wp\/v2\/media?parent=785928"}],"wp:term":[{"taxonomy":"product_brand","embeddable":true,"href":"https:\/\/roveyayinevi.com.tr\/index.php\/wp-json\/wp\/v2\/product_brand?post=785928"},{"taxonomy":"product_cat","embeddable":true,"href":"https:\/\/roveyayinevi.com.tr\/index.php\/wp-json\/wp\/v2\/product_cat?post=785928"},{"taxonomy":"product_tag","embeddable":true,"href":"https:\/\/roveyayinevi.com.tr\/index.php\/wp-json\/wp\/v2\/product_tag?post=785928"}],"curies":[{"name":"wp","href":"https:\/\/api.w.org\/{rel}","templated":true}]}}