{"id":785915,"date":"2026-04-11T03:53:05","date_gmt":"2026-04-11T00:53:05","guid":{"rendered":"https:\/\/roveyayinevi.com.tr\/index.php\/urun\/azize\/"},"modified":"2026-04-15T03:49:56","modified_gmt":"2026-04-15T00:49:56","slug":"azize","status":"publish","type":"product","link":"https:\/\/roveyayinevi.com.tr\/index.php\/urun\/azize\/","title":{"rendered":"Azize"},"content":{"rendered":"<p>Bask\u0131, sevgisizlik ve ac\u0131tan s\u00f6zler aras\u0131nda b\u00fcy\u00fcyen bir gen\u00e7 k\u0131z\u2026 Kendi hayat\u0131 \u00fczerinde s\u00f6z hakk\u0131 olmad\u0131\u011f\u0131n\u0131 \u00f6\u011frendi\u011fi bir evden, kalbinin derinliklerinde a\u00e7\u0131lan bamba\u015fka bir kap\u0131ya do\u011fru uzanan bir yolculuk\u2026   \u0130nsan\u0131n, hayat\u0131n g\u00fcr\u00fclt\u00fcs\u00fc i\u00e7inde en \u00e7ok ihmal etti\u011fi \u015fey durup kendi i\u00e7ine bakmakt\u0131r. Hatta \u00e7o\u011fu zaman kendi sesini duyamaz. Oysa insan, i\u00e7indeki sesi ancak dingin bir susu\u015fla duyar. Azize\u2019nin hik\u00e2yesi, tam da bu susu\u015fun e\u015fi\u011finde ba\u015flar. Akl\u0131 zorlayarak aranan yollar\u0131n de\u011fil; teslimiyet ve tevekk\u00fclle a\u00e7\u0131lan kap\u0131lar\u0131n, i\u015fi sahibine teslim etmenin huzuruna ula\u015fman\u0131n hik\u00e2yesidir bu. Ge\u00e7mi\u015fin hikmetiyle bug\u00fcn\u00fcn yaras\u0131 aras\u0131nda g\u00f6r\u00fcnmez bir k\u00f6pr\u00fc kurar. Elif Veske\u2019den, aile yaralar\u0131 ve kay\u0131plarla s\u0131nanan gen\u00e7 bir k\u0131z\u0131n, as\u0131rlar \u00f6ncesinden gelen bir yolun izinde, hem kendini hem de Rabbini yeniden ke\u015ffetme roman\u0131\u2026 \u00c7\u00fcnk\u00fc bazen insan\u0131n en uzun yolculu\u011fu, kendi kalbine do\u011fru oland\u0131r.<\/p>\n","protected":false},"excerpt":{"rendered":"<p>Bask\u0131, sevgisizlik ve ac\u0131tan s\u00f6zler aras\u0131nda b\u00fcy\u00fcyen bir gen\u00e7 k\u0131z\u2026 Kendi hayat\u0131 \u00fczerinde s\u00f6z hakk\u0131 olmad\u0131\u011f\u0131n\u0131 \u00f6\u011frendi\u011fi bir evden, kalbinin derinliklerinde a\u00e7\u0131lan bamba\u015fka bir kap\u0131ya do\u011fru<span class=\"excerpt-hellip\"> [\u2026]<\/span><\/p>\n","protected":false},"featured_media":0,"template":"","meta":{"_monsterinsights_skip_tracking":false,"_monsterinsights_sitenote_active":false,"_monsterinsights_sitenote_note":"","_monsterinsights_sitenote_category":0},"product_brand":[],"product_cat":[141304],"product_tag":[],"class_list":{"0":"post-785915","1":"product","2":"type-product","3":"status-publish","5":"product_cat-yeni-cikanlar","6":"pa_cilt-ciltsiz","7":"pa_tur-kitap","8":"pa_yayinevi-timas-yayinlari","9":"pa_yazar-elif-veske","11":"first","12":"instock","13":"sale","14":"shipping-taxable","15":"purchasable","16":"product-type-simple"},"_links":{"self":[{"href":"https:\/\/roveyayinevi.com.tr\/index.php\/wp-json\/wp\/v2\/product\/785915","targetHints":{"allow":["GET"]}}],"collection":[{"href":"https:\/\/roveyayinevi.com.tr\/index.php\/wp-json\/wp\/v2\/product"}],"about":[{"href":"https:\/\/roveyayinevi.com.tr\/index.php\/wp-json\/wp\/v2\/types\/product"}],"wp:attachment":[{"href":"https:\/\/roveyayinevi.com.tr\/index.php\/wp-json\/wp\/v2\/media?parent=785915"}],"wp:term":[{"taxonomy":"product_brand","embeddable":true,"href":"https:\/\/roveyayinevi.com.tr\/index.php\/wp-json\/wp\/v2\/product_brand?post=785915"},{"taxonomy":"product_cat","embeddable":true,"href":"https:\/\/roveyayinevi.com.tr\/index.php\/wp-json\/wp\/v2\/product_cat?post=785915"},{"taxonomy":"product_tag","embeddable":true,"href":"https:\/\/roveyayinevi.com.tr\/index.php\/wp-json\/wp\/v2\/product_tag?post=785915"}],"curies":[{"name":"wp","href":"https:\/\/api.w.org\/{rel}","templated":true}]}}