{"id":785904,"date":"2026-04-11T03:52:30","date_gmt":"2026-04-11T00:52:30","guid":{"rendered":"https:\/\/roveyayinevi.com.tr\/index.php\/urun\/uzun-sureler-gunlugum-kurani-kesfe-cikiyoruz\/"},"modified":"2026-04-15T03:49:55","modified_gmt":"2026-04-15T00:49:55","slug":"uzun-sureler-gunlugum-kurani-kesfe-cikiyoruz","status":"publish","type":"product","link":"https:\/\/roveyayinevi.com.tr\/index.php\/urun\/uzun-sureler-gunlugum-kurani-kesfe-cikiyoruz\/","title":{"rendered":"Uzun Sureler G\u00fcnl\u00fc\u011f\u00fcm &#8211; Kur&#8217;an&#8217;\u0131 Ke\u015ffe \u00c7\u0131k\u0131yoruz"},"content":{"rendered":"<p>Sureler, sadece okunmak i\u00e7in de\u011fil, anla\u015f\u0131lmak ve ya\u015fanmak i\u00e7indir. Bu g\u00fcnl\u00fckte; her surenin sana f\u0131s\u0131ldad\u0131\u011f\u0131 mesajlar\u0131 bulacak, ayetlerle ba\u011f kuracak ve \u00f6\u011frendiklerini hayat\u0131na katacaks\u0131n. Kendi c\u00fcmlelerinle dolduraca\u011f\u0131n sayfalar, senin en samimi arkada\u015f\u0131n olacak.  Maneviyat yolculu\u011funda ilk ad\u0131m\u0131 atmaya var m\u0131s\u0131n?<\/p>\n","protected":false},"excerpt":{"rendered":"<p>Sureler, sadece okunmak i\u00e7in de\u011fil, anla\u015f\u0131lmak ve ya\u015fanmak i\u00e7indir. Bu g\u00fcnl\u00fckte; her surenin sana f\u0131s\u0131ldad\u0131\u011f\u0131 mesajlar\u0131 bulacak, ayetlerle ba\u011f kuracak ve \u00f6\u011frendiklerini hayat\u0131na katacaks\u0131n. Kendi c\u00fcmlelerinle<span class=\"excerpt-hellip\"> [\u2026]<\/span><\/p>\n","protected":false},"featured_media":0,"template":"","meta":{"_monsterinsights_skip_tracking":false,"_monsterinsights_sitenote_active":false,"_monsterinsights_sitenote_note":"","_monsterinsights_sitenote_category":0},"product_brand":[],"product_cat":[12274,18802],"product_tag":[],"class_list":{"0":"post-785904","1":"product","2":"type-product","3":"status-publish","5":"product_cat-cocuk-ve-genclik-kitaplari","6":"product_cat-din-egitimi","7":"pa_cilt-ciltsiz","8":"pa_tur-kitap","9":"pa_yayinevi-gulce-kitap","10":"pa_yazar-zeynep-kaya","12":"first","13":"instock","14":"sale","15":"shipping-taxable","16":"purchasable","17":"product-type-simple"},"_links":{"self":[{"href":"https:\/\/roveyayinevi.com.tr\/index.php\/wp-json\/wp\/v2\/product\/785904","targetHints":{"allow":["GET"]}}],"collection":[{"href":"https:\/\/roveyayinevi.com.tr\/index.php\/wp-json\/wp\/v2\/product"}],"about":[{"href":"https:\/\/roveyayinevi.com.tr\/index.php\/wp-json\/wp\/v2\/types\/product"}],"wp:attachment":[{"href":"https:\/\/roveyayinevi.com.tr\/index.php\/wp-json\/wp\/v2\/media?parent=785904"}],"wp:term":[{"taxonomy":"product_brand","embeddable":true,"href":"https:\/\/roveyayinevi.com.tr\/index.php\/wp-json\/wp\/v2\/product_brand?post=785904"},{"taxonomy":"product_cat","embeddable":true,"href":"https:\/\/roveyayinevi.com.tr\/index.php\/wp-json\/wp\/v2\/product_cat?post=785904"},{"taxonomy":"product_tag","embeddable":true,"href":"https:\/\/roveyayinevi.com.tr\/index.php\/wp-json\/wp\/v2\/product_tag?post=785904"}],"curies":[{"name":"wp","href":"https:\/\/api.w.org\/{rel}","templated":true}]}}