{"id":785898,"date":"2026-04-11T03:52:17","date_gmt":"2026-04-11T00:52:17","guid":{"rendered":"https:\/\/roveyayinevi.com.tr\/index.php\/urun\/gorevimiz-ne\/"},"modified":"2026-04-15T03:49:55","modified_gmt":"2026-04-15T00:49:55","slug":"gorevimiz-ne","status":"publish","type":"product","link":"https:\/\/roveyayinevi.com.tr\/index.php\/urun\/gorevimiz-ne\/","title":{"rendered":"G\u00f6revimiz Ne?"},"content":{"rendered":"<p>Atlas, babas\u0131n\u0131 kaybettikten sonra i\u00e7ine kapanm\u0131\u015ft\u0131r. Onu b\u00f6yle g\u00f6rmeye dayanamayan ablas\u0131, arkada\u015f\u0131n\u0131n yard\u0131m\u0131yla onun i\u00e7in bir oyun geli\u015ftirir: G\u00f6revimiz Ne? Bu oyun, t\u0131pk\u0131 Atlas\u2019\u0131n oynamay\u0131 \u00e7ok sevdi\u011fi oyunlar gibidir ancak fark\u0131, Atlas\u2019a, onu hayata kar\u0131\u015ft\u0131racak g\u00f6revler vermesidir. Oyunda ilerlemek isteyen Atlas, mecburen de olsa odas\u0131n\u0131 toplar, ev i\u015flerine yard\u0131m eder ve g\u00fcnl\u00fck yazmaya ba\u015flar.Atlas, bir yandan da okula devam eder. Okuldaki arkada\u015flar\u0131n\u0131 sevse de zorba \u00e7ocuk Burak, zaman zaman Atlas\u2019\u0131n sabr\u0131n\u0131 zorlar. Bir g\u00fcn yine tart\u0131\u015f\u0131rlar ve \u00f6\u011fretmenleri, ikisini ayn\u0131 projede g\u00f6revlendirir. Atlas ve Burak, t\u0131pk\u0131 eski g\u00fcnlerdeki gibi bir mahalle sinemas\u0131 kurulmas\u0131 \u00e7al\u0131\u015fmas\u0131na kat\u0131lacaklard\u0131r. Her \u015fey yolunda giderken ve art\u0131k Atlas ve Burak iyi anla\u015fmaya ba\u015flam\u0131\u015f gibi g\u00f6r\u00fcn\u00fcrken, asl\u0131nda Burak\u2019\u0131n farkl\u0131 planlar\u0131 vard\u0131r.Notre Dame de Sion Edebiyat \u00d6d\u00fcl\u00fc\u2019n\u00fc kazanan Caner Almaz\u2019\u0131n yeni gen\u00e7lik roman\u0131 G\u00f6revimiz Ne, okurlar\u0131na kom\u015fuluk, dostluk ve sevgi dolu s\u0131cak bir mahalle vadediyor.<\/p>\n","protected":false},"excerpt":{"rendered":"<p>Atlas, babas\u0131n\u0131 kaybettikten sonra i\u00e7ine kapanm\u0131\u015ft\u0131r. Onu b\u00f6yle g\u00f6rmeye dayanamayan ablas\u0131, arkada\u015f\u0131n\u0131n yard\u0131m\u0131yla onun i\u00e7in bir oyun geli\u015ftirir: G\u00f6revimiz Ne? Bu oyun, t\u0131pk\u0131 Atlas\u2019\u0131n oynamay\u0131 \u00e7ok<span class=\"excerpt-hellip\"> [\u2026]<\/span><\/p>\n","protected":false},"featured_media":0,"template":"","meta":{"_monsterinsights_skip_tracking":false,"_monsterinsights_sitenote_active":false,"_monsterinsights_sitenote_note":"","_monsterinsights_sitenote_category":0},"product_brand":[],"product_cat":[12291,15117],"product_tag":[],"class_list":{"0":"post-785898","1":"product","2":"type-product","3":"status-publish","5":"product_cat-edebiyat","6":"product_cat-genclik-edebiyati","7":"pa_cilt-ciltsiz","8":"pa_tur-kitap","9":"pa_yayinevi-genc-timas","10":"pa_yazar-caner-almaz","12":"first","13":"instock","14":"sale","15":"shipping-taxable","16":"purchasable","17":"product-type-simple"},"_links":{"self":[{"href":"https:\/\/roveyayinevi.com.tr\/index.php\/wp-json\/wp\/v2\/product\/785898","targetHints":{"allow":["GET"]}}],"collection":[{"href":"https:\/\/roveyayinevi.com.tr\/index.php\/wp-json\/wp\/v2\/product"}],"about":[{"href":"https:\/\/roveyayinevi.com.tr\/index.php\/wp-json\/wp\/v2\/types\/product"}],"wp:attachment":[{"href":"https:\/\/roveyayinevi.com.tr\/index.php\/wp-json\/wp\/v2\/media?parent=785898"}],"wp:term":[{"taxonomy":"product_brand","embeddable":true,"href":"https:\/\/roveyayinevi.com.tr\/index.php\/wp-json\/wp\/v2\/product_brand?post=785898"},{"taxonomy":"product_cat","embeddable":true,"href":"https:\/\/roveyayinevi.com.tr\/index.php\/wp-json\/wp\/v2\/product_cat?post=785898"},{"taxonomy":"product_tag","embeddable":true,"href":"https:\/\/roveyayinevi.com.tr\/index.php\/wp-json\/wp\/v2\/product_tag?post=785898"}],"curies":[{"name":"wp","href":"https:\/\/api.w.org\/{rel}","templated":true}]}}