{"id":785892,"date":"2026-04-11T03:52:07","date_gmt":"2026-04-11T00:52:07","guid":{"rendered":"https:\/\/roveyayinevi.com.tr\/index.php\/urun\/sokrates-4\/"},"modified":"2026-04-15T03:49:42","modified_gmt":"2026-04-15T00:49:42","slug":"sokrates-4","status":"publish","type":"product","link":"https:\/\/roveyayinevi.com.tr\/index.php\/urun\/sokrates-4\/","title":{"rendered":"Sokrates"},"content":{"rendered":"<p>Sokrates, yaln\u0131zca b\u00fcy\u00fck bir filozofun hayat\u0131n\u0131 anlatan bir kitap de\u011fil; d\u00fc\u015f\u00fcncenin nas\u0131l cesaret istedi\u011fini g\u00f6steren g\u00fc\u00e7l\u00fc bir eserdir.Prof. Alfred Edward Taylor, bu \u00e7al\u0131\u015fmada Sokrates\u2019in ya\u015fam\u0131n\u0131, yarg\u0131lanmas\u0131n\u0131, \u00f6l\u00fcm\u00fcn\u00fc ve ard\u0131nda b\u0131rakt\u0131\u011f\u0131 felsefi miras\u0131 derinlikli ama anla\u015f\u0131l\u0131r bir bi\u00e7imde ele al\u0131yor.Kitap, yaln\u0131zca tarihi bilgi vermekle yetinmiyor; Sokrates\u2019i, \u00e7a\u011f\u0131n\u0131 sarsan bir sorgulay\u0131c\u0131 olarak yeniden okurun kar\u015f\u0131s\u0131na \u00e7\u0131kar\u0131yor.Bilgi, erdem, adalet ve insan\u0131n kendini tan\u0131mas\u0131 gibi temel meseleler etraf\u0131nda ilerleyen bu eser, klasik felsefeyi kuru bir ders olmaktan \u00e7\u0131kar\u0131yor.Sokrates\u2019in neden y\u00fczy\u0131llard\u0131r konu\u015fuldu\u011funu, neden h\u00e2l\u00e2 etkisini s\u00fcrd\u00fcrd\u00fc\u011f\u00fcn\u00fc ve neden yaln\u0131zca bir filozof de\u011fil, bir vicdan fig\u00fcr\u00fc oldu\u011funu bu kitapta a\u00e7\u0131k\u00e7a g\u00f6r\u00fcyorsunuz.Hem d\u00fc\u015f\u00fcnce tarihine ilgi duyanlar hem de felsefeye sa\u011flam bir kap\u0131dan girmek isteyenler i\u00e7in son derece de\u011ferli bir kaynak niteli\u011fi ta\u015f\u0131yor.Akademik ciddiyet ile okunabilir anlat\u0131m\u0131 bir araya getirmesi, kitab\u0131 hem \u00f6\u011fretici hem de s\u00fcr\u00fckleyici k\u0131l\u0131yor.Sorgulaman\u0131n g\u00fcc\u00fcn\u00fc, d\u00fc\u015f\u00fcnmenin ahlaki boyutunu ve hakikatin bedelini anlamak isteyen her okur i\u00e7in etkileyici bir okuma sunuyor.Bug\u00fcn\u00fcn d\u00fcnyas\u0131nda da ge\u00e7erlili\u011fini koruyan sorular sormas\u0131, bu kitab\u0131 yaln\u0131zca ge\u00e7mi\u015fe ait de\u011fil, do\u011frudan bug\u00fcne ait k\u0131l\u0131yor.Bu y\u00fczden Sokrates, sadece raflarda bulunacak bir klasik de\u011fil; okunup alt\u0131 \u00e7izilecek, \u00fczerine d\u00fc\u015f\u00fcn\u00fclecek ve tekrar tekrar d\u00f6n\u00fclecek bir kitapt\u0131r.<\/p>\n","protected":false},"excerpt":{"rendered":"<p>Sokrates, yaln\u0131zca b\u00fcy\u00fck bir filozofun hayat\u0131n\u0131 anlatan bir kitap de\u011fil; d\u00fc\u015f\u00fcncenin nas\u0131l cesaret istedi\u011fini g\u00f6steren g\u00fc\u00e7l\u00fc bir eserdir.Prof. Alfred Edward Taylor, bu \u00e7al\u0131\u015fmada Sokrates\u2019in ya\u015fam\u0131n\u0131, yarg\u0131lanmas\u0131n\u0131,<span class=\"excerpt-hellip\"> [\u2026]<\/span><\/p>\n","protected":false},"featured_media":0,"template":"","meta":{"_monsterinsights_skip_tracking":false,"_monsterinsights_sitenote_active":false,"_monsterinsights_sitenote_note":"","_monsterinsights_sitenote_category":0},"product_brand":[],"product_cat":[12388,26788],"product_tag":[],"class_list":{"0":"post-785892","1":"product","2":"type-product","3":"status-publish","5":"product_cat-felsefe","6":"product_cat-filozoflar","7":"pa_cilt-ciltsiz","8":"pa_tur-kitap","9":"pa_yayinevi-fa-yayinlari","10":"pa_yazar-alfred-edward-taylor","12":"first","13":"instock","14":"sale","15":"shipping-taxable","16":"purchasable","17":"product-type-simple"},"_links":{"self":[{"href":"https:\/\/roveyayinevi.com.tr\/index.php\/wp-json\/wp\/v2\/product\/785892","targetHints":{"allow":["GET"]}}],"collection":[{"href":"https:\/\/roveyayinevi.com.tr\/index.php\/wp-json\/wp\/v2\/product"}],"about":[{"href":"https:\/\/roveyayinevi.com.tr\/index.php\/wp-json\/wp\/v2\/types\/product"}],"wp:attachment":[{"href":"https:\/\/roveyayinevi.com.tr\/index.php\/wp-json\/wp\/v2\/media?parent=785892"}],"wp:term":[{"taxonomy":"product_brand","embeddable":true,"href":"https:\/\/roveyayinevi.com.tr\/index.php\/wp-json\/wp\/v2\/product_brand?post=785892"},{"taxonomy":"product_cat","embeddable":true,"href":"https:\/\/roveyayinevi.com.tr\/index.php\/wp-json\/wp\/v2\/product_cat?post=785892"},{"taxonomy":"product_tag","embeddable":true,"href":"https:\/\/roveyayinevi.com.tr\/index.php\/wp-json\/wp\/v2\/product_tag?post=785892"}],"curies":[{"name":"wp","href":"https:\/\/api.w.org\/{rel}","templated":true}]}}