{"id":785891,"date":"2026-04-11T03:52:05","date_gmt":"2026-04-11T00:52:05","guid":{"rendered":"https:\/\/roveyayinevi.com.tr\/index.php\/urun\/zihnin-arkeolojisi\/"},"modified":"2026-04-15T03:49:42","modified_gmt":"2026-04-15T00:49:42","slug":"zihnin-arkeolojisi","status":"publish","type":"product","link":"https:\/\/roveyayinevi.com.tr\/index.php\/urun\/zihnin-arkeolojisi\/","title":{"rendered":"Zihnin Arkeolojisi"},"content":{"rendered":"<p>Zihninin Arkeolojisi: Mitlerin Do\u011fu\u015fu, insan\u0131n do\u011fay\u0131, korkuyu, g\u00f6\u011f\u00fc, y\u0131ld\u0131zlar\u0131 ve bilinmeyeni nas\u0131l anlamland\u0131rd\u0131\u011f\u0131n\u0131 izleyen g\u00fc\u00e7l\u00fc bir d\u00fc\u015f\u00fcnce yolculu\u011fudur.Edward Clodd bu eserde miti, uydurulmu\u015f bir masal d\u00fczeyine indirmek yerine, insan zihninin d\u00fcnyay\u0131 kavrama \u00e7abas\u0131n\u0131n en eski ve en canl\u0131 izlerinden biri olarak ele al\u0131r.Kitap; g\u00fcne\u015f, ay, y\u0131ld\u0131zlar, \u015feytan inanc\u0131, d\u00f6n\u00fc\u015f\u00fcm, totemizm ve efsaneler \u00fczerinden, d\u00fc\u015f\u00fcncenin ilkel bi\u00e7imlerinden k\u00fclt\u00fcrel haf\u0131zaya uzanan geni\u015f bir alan a\u00e7ar.Okur, bu sayfalarda mitlerin nas\u0131l do\u011fdu\u011funu, nas\u0131l de\u011fi\u015fti\u011fini ve neden y\u00fczy\u0131llar boyunca ya\u015famaya devam etti\u011fini katman katman g\u00f6r\u00fcr.Eserin en dikkat \u00e7ekici yan\u0131, mitolojiyi uzak ve egzotik bir alan gibi sunmamas\u0131; tersine, insanl\u0131\u011f\u0131n ortak zihinsel ser\u00fcveninin bir par\u00e7as\u0131 olarak a\u00e7\u0131klamas\u0131d\u0131r.Antropoloji, k\u00fclt\u00fcr tarihi, dinler tarihi ve mitolojiye ilgi duyanlar i\u00e7in son derece besleyici bir okuma sunar.Anlat\u0131s\u0131, d\u00fc\u015f\u00fcnsel yo\u011funlu\u011funu korurken merak\u0131 diri tutmay\u0131 ba\u015fard\u0131\u011f\u0131 i\u00e7in akademik bir mesafe yaratmadan ilerler.Bug\u00fcn bile korkular\u0131m\u0131z\u0131, sembollerimizi ve anlat\u0131lar\u0131m\u0131z\u0131 bi\u00e7imlendiren eski d\u00fc\u015f\u00fcnce kal\u0131plar\u0131n\u0131 fark etmek isteyen okur i\u00e7in ufuk a\u00e7\u0131c\u0131 bir kaynak niteli\u011fi ta\u015f\u0131r.Mitlerin ard\u0131nda insan\u0131n evrene verdi\u011fi ilk cevaplar\u0131 arayan bu kitap, ge\u00e7mi\u015fi anlat\u0131rken bug\u00fcn\u00fcn zihnine de ayna tutar.Bu y\u00fczden Zihninin Arkeolojisi: Mitlerin Do\u011fu\u015fu, okunup ge\u00e7ilecek bir inceleme olmaktan \u00e7ok, \u00fczerinde d\u00fc\u015f\u00fcn\u00fclerek sindirilecek etkileyici bir eser olarak \u00f6ne \u00e7\u0131kar.<\/p>\n","protected":false},"excerpt":{"rendered":"<p>Zihninin Arkeolojisi: Mitlerin Do\u011fu\u015fu, insan\u0131n do\u011fay\u0131, korkuyu, g\u00f6\u011f\u00fc, y\u0131ld\u0131zlar\u0131 ve bilinmeyeni nas\u0131l anlamland\u0131rd\u0131\u011f\u0131n\u0131 izleyen g\u00fc\u00e7l\u00fc bir d\u00fc\u015f\u00fcnce yolculu\u011fudur.Edward Clodd bu eserde miti, uydurulmu\u015f bir masal d\u00fczeyine<span class=\"excerpt-hellip\"> [\u2026]<\/span><\/p>\n","protected":false},"featured_media":0,"template":"","meta":{"_monsterinsights_skip_tracking":false,"_monsterinsights_sitenote_active":false,"_monsterinsights_sitenote_note":"","_monsterinsights_sitenote_category":0},"product_brand":[],"product_cat":[12718,12858],"product_tag":[],"class_list":{"0":"post-785891","1":"product","2":"type-product","3":"status-publish","5":"product_cat-din","6":"product_cat-mitolojiler","7":"pa_cilt-ciltsiz","8":"pa_tur-kitap","9":"pa_yayinevi-fa-yayinlari","10":"pa_yazar-edward-clodd","12":"first","13":"instock","14":"sale","15":"shipping-taxable","16":"purchasable","17":"product-type-simple"},"_links":{"self":[{"href":"https:\/\/roveyayinevi.com.tr\/index.php\/wp-json\/wp\/v2\/product\/785891","targetHints":{"allow":["GET"]}}],"collection":[{"href":"https:\/\/roveyayinevi.com.tr\/index.php\/wp-json\/wp\/v2\/product"}],"about":[{"href":"https:\/\/roveyayinevi.com.tr\/index.php\/wp-json\/wp\/v2\/types\/product"}],"wp:attachment":[{"href":"https:\/\/roveyayinevi.com.tr\/index.php\/wp-json\/wp\/v2\/media?parent=785891"}],"wp:term":[{"taxonomy":"product_brand","embeddable":true,"href":"https:\/\/roveyayinevi.com.tr\/index.php\/wp-json\/wp\/v2\/product_brand?post=785891"},{"taxonomy":"product_cat","embeddable":true,"href":"https:\/\/roveyayinevi.com.tr\/index.php\/wp-json\/wp\/v2\/product_cat?post=785891"},{"taxonomy":"product_tag","embeddable":true,"href":"https:\/\/roveyayinevi.com.tr\/index.php\/wp-json\/wp\/v2\/product_tag?post=785891"}],"curies":[{"name":"wp","href":"https:\/\/api.w.org\/{rel}","templated":true}]}}