{"id":785890,"date":"2026-04-11T03:52:04","date_gmt":"2026-04-11T00:52:04","guid":{"rendered":"https:\/\/roveyayinevi.com.tr\/index.php\/urun\/hayat-oyunu-nasil-oynanir\/"},"modified":"2026-04-15T03:49:42","modified_gmt":"2026-04-15T00:49:42","slug":"hayat-oyunu-nasil-oynanir","status":"publish","type":"product","link":"https:\/\/roveyayinevi.com.tr\/index.php\/urun\/hayat-oyunu-nasil-oynanir\/","title":{"rendered":"Hayat Oyunu &#8211; Nas\u0131l Oynan\u0131r"},"content":{"rendered":"<p>Hayat Oyunu ve Nas\u0131l Oynan\u0131r?, ya\u015fam\u0131 rastlant\u0131lar\u0131n toplam\u0131 olarak g\u00f6rmek yerine, d\u00fc\u015f\u00fcnce, s\u00f6z, inan\u00e7 ve sezgiyle kurulan bir d\u00fczen olarak ele alan etkileyici bir ba\u015fvuru metnidir.Florence Scovel Shinn, bu eserde insan\u0131n i\u00e7 d\u00fcnyas\u0131yla d\u0131\u015f d\u00fcnyas\u0131 aras\u0131ndaki ba\u011f\u0131 sade, ak\u0131c\u0131 ve do\u011frudan bir anlat\u0131mla ortaya koyuyor.Refah, s\u00f6z\u00fcn g\u00fcc\u00fc, korku, affetme, sevgi, sezgi ve olumlama gibi ba\u015fl\u0131klar etraf\u0131nda ilerleyen metin, okura hayat\u0131na ba\u015fka bir g\u00f6zle bakma imk\u00e2n\u0131 veriyor.Anlat\u0131m\u0131ndaki a\u00e7\u0131kl\u0131k, \u00f6\u011fretilerini g\u00fcndelik hayattan \u00f6rneklerle desteklemesi ve didaktik olmadan yol g\u00f6stermesi, eseri bug\u00fcn de canl\u0131 k\u0131l\u0131yor.Okur bu sayfalarda, d\u00fc\u015f\u00fcncenin bir al\u0131\u015fkanl\u0131k olmaktan \u00e7\u0131k\u0131p y\u00f6n verici bir g\u00fcce nas\u0131l d\u00f6n\u00fc\u015ft\u00fc\u011f\u00fcn\u00fc ad\u0131m ad\u0131m izliyor.Kendi hayat\u0131ndaki t\u0131kanmalar\u0131, tekrar eden sorunlar\u0131 ve i\u00e7sel engelleri anlamak isteyenler i\u00e7in son derece g\u00fc\u00e7l\u00fc bir fark\u0131ndal\u0131k alan\u0131 a\u00e7\u0131yor.Manevi bak\u0131\u015f ile pratik ya\u015fam\u0131 bulu\u015fturan yakla\u015f\u0131m\u0131, metni kuru bir ki\u015fisel geli\u015fim s\u00f6yleminden ay\u0131r\u0131yor.\u0130nsan\u0131n s\u00f6zleriyle, beklentileriyle ve bilin\u00e7alt\u0131yla kurdu\u011fu ili\u015fkinin sonu\u00e7lar\u0131n\u0131 g\u00f6rmek isteyen okurlar i\u00e7in dikkat \u00e7ekici bir okuma sunuyor.Y\u0131llar ge\u00e7se de etkisini koruyan bu \u00e7al\u0131\u015fma, insan\u0131n kendi hayat\u0131nda nas\u0131l daha bilin\u00e7li, daha cesur ve daha uyumlu hareket edebilece\u011fini g\u00f6stermeyi ama\u00e7l\u0131yor.Bu y\u00fczden Hayat Oyunu ve Nas\u0131l Oynan\u0131r?, rafta durup unutulacak bir eser olmaktan \u00e7ok, alt\u0131 \u00e7izilerek okunacak ve d\u00f6n\u00fcp d\u00f6n\u00fcp yeniden a\u00e7\u0131lacak bir kitap niteli\u011fi ta\u015f\u0131yor.<\/p>\n","protected":false},"excerpt":{"rendered":"<p>Hayat Oyunu ve Nas\u0131l Oynan\u0131r?, ya\u015fam\u0131 rastlant\u0131lar\u0131n toplam\u0131 olarak g\u00f6rmek yerine, d\u00fc\u015f\u00fcnce, s\u00f6z, inan\u00e7 ve sezgiyle kurulan bir d\u00fczen olarak ele alan etkileyici bir ba\u015fvuru metnidir.Florence<span class=\"excerpt-hellip\"> [\u2026]<\/span><\/p>\n","protected":false},"featured_media":0,"template":"","meta":{"_monsterinsights_skip_tracking":false,"_monsterinsights_sitenote_active":false,"_monsterinsights_sitenote_note":"","_monsterinsights_sitenote_category":0},"product_brand":[],"product_cat":[12364,12376],"product_tag":[],"class_list":{"0":"post-785890","1":"product","2":"type-product","3":"status-publish","5":"product_cat-genel-konular","6":"product_cat-kisisel-gelisim","7":"pa_cilt-ciltsiz","8":"pa_tur-kitap","9":"pa_yayinevi-fa-yayinlari","10":"pa_yazar-florence-scovel-shinn","12":"first","13":"instock","14":"sale","15":"shipping-taxable","16":"purchasable","17":"product-type-simple"},"_links":{"self":[{"href":"https:\/\/roveyayinevi.com.tr\/index.php\/wp-json\/wp\/v2\/product\/785890","targetHints":{"allow":["GET"]}}],"collection":[{"href":"https:\/\/roveyayinevi.com.tr\/index.php\/wp-json\/wp\/v2\/product"}],"about":[{"href":"https:\/\/roveyayinevi.com.tr\/index.php\/wp-json\/wp\/v2\/types\/product"}],"wp:attachment":[{"href":"https:\/\/roveyayinevi.com.tr\/index.php\/wp-json\/wp\/v2\/media?parent=785890"}],"wp:term":[{"taxonomy":"product_brand","embeddable":true,"href":"https:\/\/roveyayinevi.com.tr\/index.php\/wp-json\/wp\/v2\/product_brand?post=785890"},{"taxonomy":"product_cat","embeddable":true,"href":"https:\/\/roveyayinevi.com.tr\/index.php\/wp-json\/wp\/v2\/product_cat?post=785890"},{"taxonomy":"product_tag","embeddable":true,"href":"https:\/\/roveyayinevi.com.tr\/index.php\/wp-json\/wp\/v2\/product_tag?post=785890"}],"curies":[{"name":"wp","href":"https:\/\/api.w.org\/{rel}","templated":true}]}}