{"id":785885,"date":"2026-04-11T03:51:56","date_gmt":"2026-04-11T00:51:56","guid":{"rendered":"https:\/\/roveyayinevi.com.tr\/index.php\/urun\/samanizm-ve-arkaik-esrime-teknikleri\/"},"modified":"2026-04-15T03:49:41","modified_gmt":"2026-04-15T00:49:41","slug":"samanizm-ve-arkaik-esrime-teknikleri","status":"publish","type":"product","link":"https:\/\/roveyayinevi.com.tr\/index.php\/urun\/samanizm-ve-arkaik-esrime-teknikleri\/","title":{"rendered":"\u015eamanizm ve Arkaik Esrime Teknikleri"},"content":{"rendered":"<p>20. y\u00fczy\u0131l\u0131n en \u00f6nemli din tarih\u00e7ilerinden Mircea Eliade, \u00fczerine 10 y\u0131l\u0131 a\u015fk\u0131n s\u00fcre \u00e7al\u0131\u015ft\u0131\u011f\u0131 bu kitab\u0131yla \u015eamanizm hakk\u0131nda ola\u011fan\u00fcst\u00fc tutarl\u0131 ve kapsaml\u0131 bir vizyon sunuyor. \u015eamanizmin izini Orta Asya\u2019dan G\u00fcney Amerika ve Avustralya\u2019ya dek s\u00fcren Eliade, binlerce y\u0131ll\u0131k \u015faman pratiklerini psikolojik, sosyolojik ve etnolojik a\u00e7\u0131lardan ele al\u0131yor. \u201cA\u00e7\u0131k\u00e7a g\u00f6r\u00fcl\u00fcyor ki, \u015eamanizm hakk\u0131nda bug\u00fcne kadar yay\u0131mlanm\u0131\u015f en iyi kitap.\u201d \u2013Review of Religion   \u201c\u015eamanizm, Eliade\u2019\u0131n empati ve tarafs\u0131zl\u0131\u011f\u0131 ustaca harmanlad\u0131\u011f\u0131 bir anlat\u0131ya sahip.\u201d \u2013New York Times Book Review   \u201cModern mitolojiler konusunda sahip olabilece\u011finiz en bilgilendirici rehber Mircea Eliade\u2019d\u0131r.\u201d \u2013New Statesman   \u201cBu kitap, alan\u0131n\u0131n temel ba\u015fvuru kayna\u011f\u0131 ve k\u00fclt eseri haline gelmi\u015f durumda.\u201d \u2013Times Literary Supplement<\/p>\n","protected":false},"excerpt":{"rendered":"<p>20. y\u00fczy\u0131l\u0131n en \u00f6nemli din tarih\u00e7ilerinden Mircea Eliade, \u00fczerine 10 y\u0131l\u0131 a\u015fk\u0131n s\u00fcre \u00e7al\u0131\u015ft\u0131\u011f\u0131 bu kitab\u0131yla \u015eamanizm hakk\u0131nda ola\u011fan\u00fcst\u00fc tutarl\u0131 ve kapsaml\u0131 bir vizyon sunuyor. \u015eamanizmin<span class=\"excerpt-hellip\"> [\u2026]<\/span><\/p>\n","protected":false},"featured_media":0,"template":"","meta":{"_monsterinsights_skip_tracking":false,"_monsterinsights_sitenote_active":false,"_monsterinsights_sitenote_note":"","_monsterinsights_sitenote_category":0},"product_brand":[],"product_cat":[12718,12858],"product_tag":[],"class_list":{"0":"post-785885","1":"product","2":"type-product","3":"status-publish","5":"product_cat-din","6":"product_cat-mitolojiler","7":"pa_cilt-ciltsiz","8":"pa_tur-kitap","9":"pa_yayinevi-alfa-yayinlari","10":"pa_yazar-mircea-eliade","12":"first","13":"instock","14":"sale","15":"shipping-taxable","16":"purchasable","17":"product-type-simple"},"_links":{"self":[{"href":"https:\/\/roveyayinevi.com.tr\/index.php\/wp-json\/wp\/v2\/product\/785885","targetHints":{"allow":["GET"]}}],"collection":[{"href":"https:\/\/roveyayinevi.com.tr\/index.php\/wp-json\/wp\/v2\/product"}],"about":[{"href":"https:\/\/roveyayinevi.com.tr\/index.php\/wp-json\/wp\/v2\/types\/product"}],"wp:attachment":[{"href":"https:\/\/roveyayinevi.com.tr\/index.php\/wp-json\/wp\/v2\/media?parent=785885"}],"wp:term":[{"taxonomy":"product_brand","embeddable":true,"href":"https:\/\/roveyayinevi.com.tr\/index.php\/wp-json\/wp\/v2\/product_brand?post=785885"},{"taxonomy":"product_cat","embeddable":true,"href":"https:\/\/roveyayinevi.com.tr\/index.php\/wp-json\/wp\/v2\/product_cat?post=785885"},{"taxonomy":"product_tag","embeddable":true,"href":"https:\/\/roveyayinevi.com.tr\/index.php\/wp-json\/wp\/v2\/product_tag?post=785885"}],"curies":[{"name":"wp","href":"https:\/\/api.w.org\/{rel}","templated":true}]}}