{"id":785873,"date":"2026-04-11T03:51:33","date_gmt":"2026-04-11T00:51:33","guid":{"rendered":"https:\/\/roveyayinevi.com.tr\/index.php\/urun\/dunyayi-okuyan-cocuk\/"},"modified":"2026-04-15T03:49:39","modified_gmt":"2026-04-15T00:49:39","slug":"dunyayi-okuyan-cocuk","status":"publish","type":"product","link":"https:\/\/roveyayinevi.com.tr\/index.php\/urun\/dunyayi-okuyan-cocuk\/","title":{"rendered":"D\u00fcnyay\u0131 Okuyan \u00c7ocuk"},"content":{"rendered":"<p>T\u00fcrkiye\u2019de milyonlarca \u00e7ocu\u011fa kitap okumay\u0131 sevdiren Mert Ar\u0131k\u2019tan yine \u015eAHANE bir macera!\u201cOkumak anlamakt\u0131r.\u201d Peki sadece kitaplar m\u0131 okunur? Bir bulutu okuyabilir miyiz? R\u00fczg\u00e2r\u0131n f\u0131s\u0131ldad\u0131\u011f\u0131 hik\u00e2yeleri dinleyebilir miyiz? Ya\u011fmurun s\u00f6yledi\u011fi \u015fark\u0131lar\u0131 duyabilir miyiz?Atlas buna inan\u0131yor. Bu y\u00fczden kap\u0131lar\u0131n g\u0131c\u0131rt\u0131s\u0131na kulak veriyor, z\u0131p z\u0131p z\u0131playan futbol toplar\u0131n\u0131 dinliyor, \u00e7uf \u00e7uf giden trenlerin anlatt\u0131\u011f\u0131 hik\u00e2yeleri merak ediyor. \u00c7\u00fcnk\u00fc Atlas\u2019a g\u00f6re d\u00fcnya macera dolu kocaman bir kitapt\u0131r.E\u011fer sen de d\u00fcnyay\u0131 okumak istiyorsan, haydi \u015fimdi sayfay\u0131 \u00e7evir!<\/p>\n","protected":false},"excerpt":{"rendered":"<p>T\u00fcrkiye\u2019de milyonlarca \u00e7ocu\u011fa kitap okumay\u0131 sevdiren Mert Ar\u0131k\u2019tan yine \u015eAHANE bir macera!\u201cOkumak anlamakt\u0131r.\u201d Peki sadece kitaplar m\u0131 okunur? Bir bulutu okuyabilir miyiz? R\u00fczg\u00e2r\u0131n f\u0131s\u0131ldad\u0131\u011f\u0131 hik\u00e2yeleri dinleyebilir<span class=\"excerpt-hellip\"> [\u2026]<\/span><\/p>\n","protected":false},"featured_media":0,"template":"","meta":{"_monsterinsights_skip_tracking":false,"_monsterinsights_sitenote_active":false,"_monsterinsights_sitenote_note":"","_monsterinsights_sitenote_category":0},"product_brand":[],"product_cat":[12274,12284],"product_tag":[],"class_list":{"0":"post-785873","1":"product","2":"type-product","3":"status-publish","5":"product_cat-cocuk-ve-genclik-kitaplari","6":"product_cat-hikayeler","7":"pa_cilt-ciltsiz","8":"pa_tur-kitap","9":"pa_yayinevi-timas-cocuk","10":"pa_yazar-mert-arik","12":"first","13":"instock","14":"sale","15":"shipping-taxable","16":"purchasable","17":"product-type-simple"},"_links":{"self":[{"href":"https:\/\/roveyayinevi.com.tr\/index.php\/wp-json\/wp\/v2\/product\/785873","targetHints":{"allow":["GET"]}}],"collection":[{"href":"https:\/\/roveyayinevi.com.tr\/index.php\/wp-json\/wp\/v2\/product"}],"about":[{"href":"https:\/\/roveyayinevi.com.tr\/index.php\/wp-json\/wp\/v2\/types\/product"}],"wp:attachment":[{"href":"https:\/\/roveyayinevi.com.tr\/index.php\/wp-json\/wp\/v2\/media?parent=785873"}],"wp:term":[{"taxonomy":"product_brand","embeddable":true,"href":"https:\/\/roveyayinevi.com.tr\/index.php\/wp-json\/wp\/v2\/product_brand?post=785873"},{"taxonomy":"product_cat","embeddable":true,"href":"https:\/\/roveyayinevi.com.tr\/index.php\/wp-json\/wp\/v2\/product_cat?post=785873"},{"taxonomy":"product_tag","embeddable":true,"href":"https:\/\/roveyayinevi.com.tr\/index.php\/wp-json\/wp\/v2\/product_tag?post=785873"}],"curies":[{"name":"wp","href":"https:\/\/api.w.org\/{rel}","templated":true}]}}