{"id":785865,"date":"2026-04-11T03:51:19","date_gmt":"2026-04-11T00:51:19","guid":{"rendered":"https:\/\/roveyayinevi.com.tr\/index.php\/urun\/cehennem-cicegi-2\/"},"modified":"2026-04-15T03:49:39","modified_gmt":"2026-04-15T00:49:39","slug":"cehennem-cicegi-2","status":"publish","type":"product","link":"https:\/\/roveyayinevi.com.tr\/index.php\/urun\/cehennem-cicegi-2\/","title":{"rendered":"Cehennem \u00c7i\u00e7e\u011fi"},"content":{"rendered":"<p>\u201cBilirsiniz insanlar do\u011far, \u00f6l\u00fcr ve sonra b\u00fcy\u00fcr.\u201d5 yas\u0131ndaki d\u00e2hi dedektif Alper Kamu, t\u00fcyler \u00fcrperten, kahkahaya bo\u011fanve y\u00fcrek burkan ikinci maceras\u0131yla huzurlar\u0131n\u0131zda.Kahraman\u0131m\u0131z, bir yandan amcas\u0131n\u0131n \u00f6l\u00fcm\u00fcn\u00fcn dolayl\u0131 m\u00fcsebbibiAdalet\u2019in pesinde ko\u015farken, di\u011fer yandan kendini tuhaf bir cinayet davas\u0131n\u0131n i\u00e7inde bulur.Mahalleye yeni ta\u015f\u0131nan ailenin on iki yas\u0131ndaki o\u011flu \u00dcmit, engelli karde\u015fini bo\u011farak \u00f6ld\u00fcrd\u00fc, \u00f6yle mi? \u00dcstelik itiraf da etti.Karde\u015finin ac\u0131lar\u0131na son vermek istemi\u015f.Masumane bir cinayet&#8230;Alper Kamu \u015fahitli, ispatl\u0131, itirafl\u0131 bir cinayeti yeniden \u00e7\u00f6zerken aileye, aska, dostlu\u011fa, adalete, k\u0131sacas\u0131 hayata ili\u015fkin bir\u00e7ok d\u00fc\u011f\u00fcm\u00fc de \u00e7\u00f6z\u00fcyor.Cehennem \u00c7i\u00e7e\u011fi, sadece kahkaha atarken elinizden d\u00fc\u015febilecek, merak ve hayret uyand\u0131ran bir roman.<\/p>\n","protected":false},"excerpt":{"rendered":"<p>\u201cBilirsiniz insanlar do\u011far, \u00f6l\u00fcr ve sonra b\u00fcy\u00fcr.\u201d5 yas\u0131ndaki d\u00e2hi dedektif Alper Kamu, t\u00fcyler \u00fcrperten, kahkahaya bo\u011fanve y\u00fcrek burkan ikinci maceras\u0131yla huzurlar\u0131n\u0131zda.Kahraman\u0131m\u0131z, bir yandan amcas\u0131n\u0131n \u00f6l\u00fcm\u00fcn\u00fcn dolayl\u0131<span class=\"excerpt-hellip\"> [\u2026]<\/span><\/p>\n","protected":false},"featured_media":0,"template":"","meta":{"_monsterinsights_skip_tracking":false,"_monsterinsights_sitenote_active":false,"_monsterinsights_sitenote_note":"","_monsterinsights_sitenote_category":0},"product_brand":[],"product_cat":[12291,15445],"product_tag":[],"class_list":{"0":"post-785865","1":"product","2":"type-product","3":"status-publish","5":"product_cat-edebiyat","6":"product_cat-polisiye","7":"pa_cilt-ciltsiz","8":"pa_tur-kitap","9":"pa_yayinevi-everest-yayinlari","10":"pa_yazar-alper-caniguz","12":"first","13":"instock","14":"sale","15":"shipping-taxable","16":"purchasable","17":"product-type-simple"},"_links":{"self":[{"href":"https:\/\/roveyayinevi.com.tr\/index.php\/wp-json\/wp\/v2\/product\/785865","targetHints":{"allow":["GET"]}}],"collection":[{"href":"https:\/\/roveyayinevi.com.tr\/index.php\/wp-json\/wp\/v2\/product"}],"about":[{"href":"https:\/\/roveyayinevi.com.tr\/index.php\/wp-json\/wp\/v2\/types\/product"}],"wp:attachment":[{"href":"https:\/\/roveyayinevi.com.tr\/index.php\/wp-json\/wp\/v2\/media?parent=785865"}],"wp:term":[{"taxonomy":"product_brand","embeddable":true,"href":"https:\/\/roveyayinevi.com.tr\/index.php\/wp-json\/wp\/v2\/product_brand?post=785865"},{"taxonomy":"product_cat","embeddable":true,"href":"https:\/\/roveyayinevi.com.tr\/index.php\/wp-json\/wp\/v2\/product_cat?post=785865"},{"taxonomy":"product_tag","embeddable":true,"href":"https:\/\/roveyayinevi.com.tr\/index.php\/wp-json\/wp\/v2\/product_tag?post=785865"}],"curies":[{"name":"wp","href":"https:\/\/api.w.org\/{rel}","templated":true}]}}