{"id":785863,"date":"2026-04-11T03:51:15","date_gmt":"2026-04-11T00:51:15","guid":{"rendered":"https:\/\/roveyayinevi.com.tr\/index.php\/urun\/butun-insanlar-olumludur\/"},"modified":"2026-04-15T03:49:38","modified_gmt":"2026-04-15T00:49:38","slug":"butun-insanlar-olumludur","status":"publish","type":"product","link":"https:\/\/roveyayinevi.com.tr\/index.php\/urun\/butun-insanlar-olumludur\/","title":{"rendered":"B\u00fct\u00fcn \u0130nsanlar \u00d6l\u00fcml\u00fcd\u00fcr"},"content":{"rendered":"<p>Y\u0131l 1279. Toskana Prensi Raymond Fosca\u2019ya zavall\u0131 bir ruhu ba\u011f\u0131\u015flamas\u0131kar\u015f\u0131l\u0131\u011f\u0131nda \u00f6l\u00fcms\u00fczl\u00fck teklif edilir, Prens iksiri i\u00e7mekte teredd\u00fctetmez. Bir g\u00fcn, k\u0131skan\u00e7 ve kibirli akt\u00f6r R\u00e9gina\u2019yla tan\u0131\u015f\u0131r ve onay\u00fczy\u0131llar boyunca tan\u0131kl\u0131k etti\u011fi her \u015feyi anlat\u0131r. R\u00e9gina ise gitgidekar\u015f\u0131 koyamad\u0131\u011f\u0131 bu girdab\u0131n i\u00e7ine \u00e7ekilir ve nihayetinde a\u015fk\u0131n veumudun solup gitti\u011fini kabullenmek zorunda kal\u0131r.20. y\u00fczy\u0131l\u0131n \u00f6nde gelen d\u00fc\u015f\u00fcn\u00fcr ve yazarlar\u0131ndan Simone de BeauvoirB\u00fct\u00fcn \u0130nsanlar \u00d6l\u00fcml\u00fcd\u00fcr\u2019de edebiyat\u0131n binlerce y\u0131ld\u0131r cebelle\u015fti\u011fien temel konulardan ikisini, \u00f6l\u00fcml\u00fcl\u00fc\u011f\u00fc ve \u00f6l\u00fcms\u00fczl\u00fc\u011f\u00fc ele al\u0131yor.Beauvoir\u2019\u0131n felsefeyle roman\u0131 birle\u015ftiren \u00fcslubu bu eksende hayat\u0131nanlam\u0131n\u0131, zaman\u0131, a\u015fk\u0131 ve insan\u0131 insan yapan\u0131n ne oldu\u011funu da sorguluyor.Sabahtan beri, d\u00fcnyan\u0131n ilk g\u00fcnlerinden beri, hep s\u0131k\u0131nt\u0131, hep yorgunlukve zaman\u0131n ko\u015fturmas\u0131. Tezg\u00e2hlar u\u011fulduyordu: daima, daima&#8230;Evler alev al\u0131yordu, korlar\u0131n ortas\u0131nda ezgiler y\u00fckseliyordu, derelerinmosmor suyuna kan kar\u0131\u015f\u0131yordu ve makineler inatla u\u011fulduyordu: daima,daima.<\/p>\n","protected":false},"excerpt":{"rendered":"<p>Y\u0131l 1279. Toskana Prensi Raymond Fosca\u2019ya zavall\u0131 bir ruhu ba\u011f\u0131\u015flamas\u0131kar\u015f\u0131l\u0131\u011f\u0131nda \u00f6l\u00fcms\u00fczl\u00fck teklif edilir, Prens iksiri i\u00e7mekte teredd\u00fctetmez. Bir g\u00fcn, k\u0131skan\u00e7 ve kibirli akt\u00f6r R\u00e9gina\u2019yla tan\u0131\u015f\u0131r ve<span class=\"excerpt-hellip\"> [\u2026]<\/span><\/p>\n","protected":false},"featured_media":0,"template":"","meta":{"_monsterinsights_skip_tracking":false,"_monsterinsights_sitenote_active":false,"_monsterinsights_sitenote_note":"","_monsterinsights_sitenote_category":0},"product_brand":[],"product_cat":[141304],"product_tag":[],"class_list":{"0":"post-785863","1":"product","2":"type-product","3":"status-publish","5":"product_cat-yeni-cikanlar","6":"pa_cilt-ciltsiz","7":"pa_tur-kitap","8":"pa_yayinevi-everest-yayinlari","9":"pa_yazar-simone-de-beauvoir","11":"first","12":"instock","13":"sale","14":"shipping-taxable","15":"purchasable","16":"product-type-simple"},"_links":{"self":[{"href":"https:\/\/roveyayinevi.com.tr\/index.php\/wp-json\/wp\/v2\/product\/785863","targetHints":{"allow":["GET"]}}],"collection":[{"href":"https:\/\/roveyayinevi.com.tr\/index.php\/wp-json\/wp\/v2\/product"}],"about":[{"href":"https:\/\/roveyayinevi.com.tr\/index.php\/wp-json\/wp\/v2\/types\/product"}],"wp:attachment":[{"href":"https:\/\/roveyayinevi.com.tr\/index.php\/wp-json\/wp\/v2\/media?parent=785863"}],"wp:term":[{"taxonomy":"product_brand","embeddable":true,"href":"https:\/\/roveyayinevi.com.tr\/index.php\/wp-json\/wp\/v2\/product_brand?post=785863"},{"taxonomy":"product_cat","embeddable":true,"href":"https:\/\/roveyayinevi.com.tr\/index.php\/wp-json\/wp\/v2\/product_cat?post=785863"},{"taxonomy":"product_tag","embeddable":true,"href":"https:\/\/roveyayinevi.com.tr\/index.php\/wp-json\/wp\/v2\/product_tag?post=785863"}],"curies":[{"name":"wp","href":"https:\/\/api.w.org\/{rel}","templated":true}]}}