{"id":785861,"date":"2026-04-11T03:51:12","date_gmt":"2026-04-11T00:51:12","guid":{"rendered":"https:\/\/roveyayinevi.com.tr\/index.php\/urun\/gunluk-yasam-felsefesi\/"},"modified":"2026-04-15T03:49:38","modified_gmt":"2026-04-15T00:49:38","slug":"gunluk-yasam-felsefesi","status":"publish","type":"product","link":"https:\/\/roveyayinevi.com.tr\/index.php\/urun\/gunluk-yasam-felsefesi\/","title":{"rendered":"G\u00fcnl\u00fck Ya\u015fam Felsefesi"},"content":{"rendered":"<p>Bir \u015fey bulmak i\u00e7in de\u011fil,Yolumuzu ya\u015famak i\u00e7in beraberiz. Umar\u0131m kayboluruz.Kaybolurken birbirimizin elinden tutarak, birbirimizi sans\u00fcrlemeden sorgulayaca\u011f\u0131z.Bilirki\u015fi bizleriz; hepimiz, tek tek. Kendimi ne yar\u0131na saklayabilir,Ne de d\u00fcnden koruyabilirim.Her dilde,Herkesle,\u015eimdi.<\/p>\n","protected":false},"excerpt":{"rendered":"<p>Bir \u015fey bulmak i\u00e7in de\u011fil,Yolumuzu ya\u015famak i\u00e7in beraberiz. Umar\u0131m kayboluruz.Kaybolurken birbirimizin elinden tutarak, birbirimizi sans\u00fcrlemeden sorgulayaca\u011f\u0131z.Bilirki\u015fi bizleriz; hepimiz, tek tek. Kendimi ne yar\u0131na saklayabilir,Ne de d\u00fcnden<span class=\"excerpt-hellip\"> [\u2026]<\/span><\/p>\n","protected":false},"featured_media":0,"template":"","meta":{"_monsterinsights_skip_tracking":false,"_monsterinsights_sitenote_active":false,"_monsterinsights_sitenote_note":"","_monsterinsights_sitenote_category":0},"product_brand":[],"product_cat":[12358,12357],"product_tag":[],"class_list":{"0":"post-785861","1":"product","2":"type-product","3":"status-publish","5":"product_cat-genel-psikoloji","6":"product_cat-psikoloji","7":"pa_cilt-ciltsiz","8":"pa_tur-kitap","9":"pa_yayinevi-tuhaf-yayinevi","10":"pa_yazar-gunduz-vassaf","12":"first","13":"instock","14":"sale","15":"shipping-taxable","16":"purchasable","17":"product-type-simple"},"_links":{"self":[{"href":"https:\/\/roveyayinevi.com.tr\/index.php\/wp-json\/wp\/v2\/product\/785861","targetHints":{"allow":["GET"]}}],"collection":[{"href":"https:\/\/roveyayinevi.com.tr\/index.php\/wp-json\/wp\/v2\/product"}],"about":[{"href":"https:\/\/roveyayinevi.com.tr\/index.php\/wp-json\/wp\/v2\/types\/product"}],"wp:attachment":[{"href":"https:\/\/roveyayinevi.com.tr\/index.php\/wp-json\/wp\/v2\/media?parent=785861"}],"wp:term":[{"taxonomy":"product_brand","embeddable":true,"href":"https:\/\/roveyayinevi.com.tr\/index.php\/wp-json\/wp\/v2\/product_brand?post=785861"},{"taxonomy":"product_cat","embeddable":true,"href":"https:\/\/roveyayinevi.com.tr\/index.php\/wp-json\/wp\/v2\/product_cat?post=785861"},{"taxonomy":"product_tag","embeddable":true,"href":"https:\/\/roveyayinevi.com.tr\/index.php\/wp-json\/wp\/v2\/product_tag?post=785861"}],"curies":[{"name":"wp","href":"https:\/\/api.w.org\/{rel}","templated":true}]}}