{"id":785858,"date":"2026-04-11T03:51:06","date_gmt":"2026-04-11T00:51:06","guid":{"rendered":"https:\/\/roveyayinevi.com.tr\/index.php\/urun\/elma-agaci-2\/"},"modified":"2026-04-15T03:49:25","modified_gmt":"2026-04-15T00:49:25","slug":"elma-agaci-2","status":"publish","type":"product","link":"https:\/\/roveyayinevi.com.tr\/index.php\/urun\/elma-agaci-2\/","title":{"rendered":"Elma A\u011fac\u0131"},"content":{"rendered":"<p>Nobel edebiyat \u00f6d\u00fcl\u00fc sahibi John Galsworthy, 1867\u2019de \u0130ngiltere\u2019de do\u011fdu. 1889\u2019da Oxford\u2019da Hukuk b\u00f6l\u00fcm\u00fcnden mezun oldu. 1890\u2019da baroya kabul edildi ancak bu mesle\u011fi sevmedi\u011fi i\u00e7in ailesinin nakliye \u015firketinde \u00e7al\u0131\u015ft\u0131. Galsworthy\u2019nin hukuk e\u011fitimi eserlerinde b\u00fcy\u00fck bir iz b\u0131rakm\u0131\u015ft\u0131r. Bunun yans\u0131malar\u0131 1897\u2019de yay\u0131mlanan From the Four Winds adl\u0131 eserinde rahatl\u0131kla izlenir. Galsworthy, 1917\u2019de aday g\u00f6sterildi\u011fi \u015f\u00f6valyelik \u00fcnvan\u0131n\u0131, bir yazar\u0131n yaln\u0131zca yazd\u0131klar\u0131yla \u00fcnl\u00fc olmas\u0131 gerekti\u011fi d\u00fc\u015f\u00fcncesiyle reddetti. 1932\u2019de Nobel \u00d6d\u00fcl\u00fc\u2019n\u00fc kazand\u0131 ancak \u00f6d\u00fcl t\u00f6renine kat\u0131lamayacak kadar hastayd\u0131. Nobel \u00d6d\u00fcl\u00fc\u2019n\u00fc kazand\u0131ktan k\u0131sa bir s\u00fcre sonra, 31 Ocak 1933\u2019te 65 ya\u015f\u0131ndayken beyin t\u00fcm\u00f6r\u00fcnden \u00f6len John Galsworthy, \u00f6d\u00fclle kazand\u0131\u011f\u0131 t\u00fcm paray\u0131 birka\u00e7 arkada\u015f\u0131yla birlikte kurdu\u011fu yazarlar derne\u011fi olan PEN International\u2019a ba\u011f\u0131\u015flad\u0131.   John Galsworthy\u2019nin The Apple Tree adl\u0131 eseri, farkl\u0131 sosyal s\u0131n\u0131flar aras\u0131ndaki \u00e7e\u015fitli etkile\u015fimlerin anlat\u0131ld\u0131\u011f\u0131 kurgusal bir uzun \u00f6yk\u00fcd\u00fcr. \u00d6yk\u00fc 1916 y\u0131l\u0131nda yaz\u0131lm\u0131\u015f ve ilk olarak 1918 y\u0131l\u0131nda The Five Tales adl\u0131 bir derlemede yer alm\u0131\u015ft\u0131r. Bir\u00e7ok kez radyo tiyatrolar\u0131na da uyarlan\u0131p yay\u0131nlanan bu \u00f6yk\u00fc, ana karakteri Frank Ashurst\u2019un istemsizce i\u00e7ine d\u00fc\u015ft\u00fc\u011f\u00fc benlik aray\u0131\u015f\u0131nda kar\u015f\u0131la\u015ft\u0131\u011f\u0131 insanlar ve olaylara kar\u015f\u0131, i\u00e7inde bulundu\u011fu i\u00e7 ve d\u0131\u015f \u00e7at\u0131\u015fmalar\u0131n\u0131, g\u00fczel yaz\u0131lm\u0131\u015f bir ser\u00fcvenle birlikte okuyucuya aktar\u0131yor. T\u00fcm bunlara ek olarak, psikanalizin kurucusu d\u00fcnyaca \u00fcnl\u00fc Avusturyal\u0131 n\u00f6rolog Sigmund Freud, Uygarl\u0131\u011f\u0131n Huzursuzlu\u011fu adl\u0131 eserinde bu kitap hakk\u0131nda \u015funlar\u0131 s\u00f6yl\u00fcyor:    \u201cBug\u00fcn herkesin takdirini toplayan duyarl\u0131 \u0130ngiliz \u015fairi J. Galsworthy\u2019nin \u201cThe Apple-Tree\u201d (Elma A\u011fac\u0131) adl\u0131 k\u00fc\u00e7\u00fck bir hikayesine eskiden beri de\u011fer vermi\u015fimdir. Bu eser, g\u00fcn\u00fcm\u00fcz uygarl\u0131\u011f\u0131ndaki insan ya\u015fam\u0131nda, iki insan\u0131n basit, do\u011fal sevgisine nas\u0131l yer kalmam\u0131\u015f oldu\u011funu etkileyici bir tarzda anlat\u0131r.\u201d -Sigmund Freud (Uygarl\u0131\u011f\u0131n Huzursuzlu\u011fu, 63, Metis Yay\u0131nlar\u0131)   \u201cElma a\u011fac\u0131, \u015fak\u0131yan ku\u015flar ve par\u0131lt\u0131lar.\u201d MURRAY\u2019nin \u201cHippolytus of Euripides\u201d \u00e7evirisinden.<\/p>\n","protected":false},"excerpt":{"rendered":"<p>Nobel edebiyat \u00f6d\u00fcl\u00fc sahibi John Galsworthy, 1867\u2019de \u0130ngiltere\u2019de do\u011fdu. 1889\u2019da Oxford\u2019da Hukuk b\u00f6l\u00fcm\u00fcnden mezun oldu. 1890\u2019da baroya kabul edildi ancak bu mesle\u011fi sevmedi\u011fi i\u00e7in ailesinin nakliye<span class=\"excerpt-hellip\"> [\u2026]<\/span><\/p>\n","protected":false},"featured_media":0,"template":"","meta":{"_monsterinsights_skip_tracking":false,"_monsterinsights_sitenote_active":false,"_monsterinsights_sitenote_note":"","_monsterinsights_sitenote_category":0},"product_brand":[],"product_cat":[12291,12711],"product_tag":[],"class_list":{"0":"post-785858","1":"product","2":"type-product","3":"status-publish","5":"product_cat-edebiyat","6":"product_cat-roman-oyku","7":"pa_cilt-ciltsiz","8":"pa_tur-kitap","9":"pa_yayinevi-alden-yayinlari","10":"pa_yazar-john-galsworthy","12":"first","13":"instock","14":"sale","15":"shipping-taxable","16":"purchasable","17":"product-type-simple"},"_links":{"self":[{"href":"https:\/\/roveyayinevi.com.tr\/index.php\/wp-json\/wp\/v2\/product\/785858","targetHints":{"allow":["GET"]}}],"collection":[{"href":"https:\/\/roveyayinevi.com.tr\/index.php\/wp-json\/wp\/v2\/product"}],"about":[{"href":"https:\/\/roveyayinevi.com.tr\/index.php\/wp-json\/wp\/v2\/types\/product"}],"wp:attachment":[{"href":"https:\/\/roveyayinevi.com.tr\/index.php\/wp-json\/wp\/v2\/media?parent=785858"}],"wp:term":[{"taxonomy":"product_brand","embeddable":true,"href":"https:\/\/roveyayinevi.com.tr\/index.php\/wp-json\/wp\/v2\/product_brand?post=785858"},{"taxonomy":"product_cat","embeddable":true,"href":"https:\/\/roveyayinevi.com.tr\/index.php\/wp-json\/wp\/v2\/product_cat?post=785858"},{"taxonomy":"product_tag","embeddable":true,"href":"https:\/\/roveyayinevi.com.tr\/index.php\/wp-json\/wp\/v2\/product_tag?post=785858"}],"curies":[{"name":"wp","href":"https:\/\/api.w.org\/{rel}","templated":true}]}}