{"id":785841,"date":"2026-04-11T03:50:38","date_gmt":"2026-04-11T00:50:38","guid":{"rendered":"https:\/\/roveyayinevi.com.tr\/index.php\/urun\/muhacirler-imparatorlugu\/"},"modified":"2026-04-15T03:49:21","modified_gmt":"2026-04-15T00:49:21","slug":"muhacirler-imparatorlugu","status":"publish","type":"product","link":"https:\/\/roveyayinevi.com.tr\/index.php\/urun\/muhacirler-imparatorlugu\/","title":{"rendered":"Muhacirler \u0130mparatorlu\u011fu"},"content":{"rendered":"<p>1850\u2019ler Birinci D\u00fcnya Sava\u015f\u0131 aras\u0131nda, yakla\u015f\u0131k bir milyon KuzeyKafkasyal\u0131 M\u00fcsl\u00fcman Osmanl\u0131 \u0130mparatorlu\u011fu\u2019na s\u0131\u011f\u0131nd\u0131. Bu M\u00fcsl\u00fcmanmuhacirlerin isk\u00e2n\u0131, Osmanl\u0131 Devleti&#8217;ni de\u011fi\u015ftirdi, b\u00f6lgesel ekonomilericanland\u0131rd\u0131 fakat ayn\u0131 zamanda toprak \u00fczerindeki rekabeti k\u0131z\u0131\u015ft\u0131rd\u0131 vebazen mezhep gerilimlerine zemin haz\u0131rlad\u0131. Rus ve Osmanl\u0131imparatorluklar\u0131n\u0131n s\u0131n\u0131rlar\u0131nda temel de\u011fi\u015fikliklere neden oldu.Muhacirler \u0130mparatorlu\u011fu, ge\u00e7 d\u00f6nem Osmanl\u0131 tarihini kitlesel yerindenedilme olgusu \u00fczerinden yeniden kurguluyor ve modern Ortado\u011fu\u2019dakimuhacir isk\u00e2n\u0131 uygulamalar\u0131n\u0131n k\u00f6kenlerini g\u00fcn y\u00fcz\u00fcne \u00e7\u0131kar\u0131yor.Vladimir Hamed-Troyansky, tarihyaz\u0131msal bir d\u00fczeltme sunuyor: 19.y\u00fczy\u0131lda Osmanl\u0131 \u0130mparatorlu\u011fu, Milletler Cemiyeti ve Birle\u015fmi\u015fMilletler\u2019in kurdu\u011fu m\u00fclteci sistemlerinden \u00e7ok daha \u00f6nce bir m\u00fcltecirejimi olu\u015fturmu\u015ftu. Hen\u00fcz uluslararas\u0131 m\u00fclteci hukukunun geli\u015fmedi\u011fibir \u00e7a\u011fda devletin y\u00fck\u00fcml\u00fcl\u00fckleri ve muhacirlere sa\u011flanmas\u0131 gerekenyard\u0131m konusunda beklentiler yaratt\u0131.\u201cMuhacirler \u0130mparatorlu\u011fu T\u00fcrkiye, \u00dcrd\u00fcn, Bulgaristan, G\u00fcrcistan, Birle\u015fikKrall\u0131k ve Rusya ba\u015fta olmak \u00fczere, \u00f6zerk Kuzey Kafkasya cumhuriyetleriKabardey-Balkar, Kuzey Osetya-Alanya ve Da\u011f\u0131stan ile Romanya,Ermenistan, Azerbaycan ve ABD\u2019nin de aralar\u0131nda bulundu\u011fu yirminin\u00fczerinde devlet ar\u015fivinde ve \u00f6zel ar\u015fivlerde y\u00fcr\u00fct\u00fclen kapsaml\u0131ara\u015ft\u0131rmalara dayanmaktad\u0131r. G\u00f6\u00e7e yukar\u0131dan a\u015fa\u011f\u0131 ve a\u015fa\u011f\u0131dan yukar\u0131yakla\u015f\u0131mlar benimseyerek m\u00fcltecili\u011fin farkl\u0131 y\u00fczlerini ya da muhacirlerinyerlerinden edilmelerini nas\u0131l deneyimlediklerini ke\u015ffe \u00e7\u0131kmaktad\u0131r.\u201dVLADIMIR HAMED-TROYANSKY<\/p>\n","protected":false},"excerpt":{"rendered":"<p>1850\u2019ler Birinci D\u00fcnya Sava\u015f\u0131 aras\u0131nda, yakla\u015f\u0131k bir milyon KuzeyKafkasyal\u0131 M\u00fcsl\u00fcman Osmanl\u0131 \u0130mparatorlu\u011fu\u2019na s\u0131\u011f\u0131nd\u0131. Bu M\u00fcsl\u00fcmanmuhacirlerin isk\u00e2n\u0131, Osmanl\u0131 Devleti&#8217;ni de\u011fi\u015ftirdi, b\u00f6lgesel ekonomilericanland\u0131rd\u0131 fakat ayn\u0131 zamanda toprak \u00fczerindeki<span class=\"excerpt-hellip\"> [\u2026]<\/span><\/p>\n","protected":false},"featured_media":0,"template":"","meta":{"_monsterinsights_skip_tracking":false,"_monsterinsights_sitenote_active":false,"_monsterinsights_sitenote_note":"","_monsterinsights_sitenote_category":0},"product_brand":[],"product_cat":[13517,12304],"product_tag":[],"class_list":{"0":"post-785841","1":"product","2":"type-product","3":"status-publish","5":"product_cat-osmanli-tarihi","6":"product_cat-tarih","7":"pa_cilt-ciltsiz","8":"pa_tur-kitap","9":"pa_yayinevi-iletisim-yayinlari","10":"pa_yazar-vladimir-hamed-troyansky","12":"first","13":"instock","14":"sale","15":"shipping-taxable","16":"purchasable","17":"product-type-simple"},"_links":{"self":[{"href":"https:\/\/roveyayinevi.com.tr\/index.php\/wp-json\/wp\/v2\/product\/785841","targetHints":{"allow":["GET"]}}],"collection":[{"href":"https:\/\/roveyayinevi.com.tr\/index.php\/wp-json\/wp\/v2\/product"}],"about":[{"href":"https:\/\/roveyayinevi.com.tr\/index.php\/wp-json\/wp\/v2\/types\/product"}],"wp:attachment":[{"href":"https:\/\/roveyayinevi.com.tr\/index.php\/wp-json\/wp\/v2\/media?parent=785841"}],"wp:term":[{"taxonomy":"product_brand","embeddable":true,"href":"https:\/\/roveyayinevi.com.tr\/index.php\/wp-json\/wp\/v2\/product_brand?post=785841"},{"taxonomy":"product_cat","embeddable":true,"href":"https:\/\/roveyayinevi.com.tr\/index.php\/wp-json\/wp\/v2\/product_cat?post=785841"},{"taxonomy":"product_tag","embeddable":true,"href":"https:\/\/roveyayinevi.com.tr\/index.php\/wp-json\/wp\/v2\/product_tag?post=785841"}],"curies":[{"name":"wp","href":"https:\/\/api.w.org\/{rel}","templated":true}]}}