{"id":785816,"date":"2026-04-11T03:49:45","date_gmt":"2026-04-11T00:49:45","guid":{"rendered":"https:\/\/roveyayinevi.com.tr\/index.php\/urun\/sozun-ve-sukutun-renkleri\/"},"modified":"2026-04-15T03:49:20","modified_gmt":"2026-04-15T00:49:20","slug":"sozun-ve-sukutun-renkleri","status":"publish","type":"product","link":"https:\/\/roveyayinevi.com.tr\/index.php\/urun\/sozun-ve-sukutun-renkleri\/","title":{"rendered":"S\u00f6z\u00fcn ve S\u00fckutun Renkleri"},"content":{"rendered":"<p>H\u00fcrriyet s\u00fck\u00fbtta gizlidir, s\u00fck\u00fbt yaln\u0131zl\u0131kta! \u00d6zg\u00fcr olmay\u0131 se\u00e7enler kelimelerin y\u00fck\u00fcnden vazge\u00e7enlerdir. Her t\u00fcrl\u00fc ses ba\u011fd\u0131r. Ve her ba\u011f kelimelerden bir a\u011f kurar insan\u0131n d\u00f6rt bir yan\u0131na. B\u00fct\u00fcn ba\u011flardan kurtulacak kadar \u00f6zg\u00fcrl\u00fc\u011fe meftun olanlar susmal\u0131 m\u0131d\u0131r? Evet. Onun i\u00e7indir tasavvuf ehlinin halvete \u00e7ekilmesi ve onun i\u00e7indir s\u00fck\u00fbtu s\u00f6zden y\u00fcce tutmas\u0131. \u00d6zg\u00fcrle\u015fmek, insan\u0131n kendi \u00f6z\u00fcn\u00fcn derinlerinde kula\u00e7 atmas\u0131ysa e\u011fer \u00f6nce kelimelerin y\u00fck\u00fcnden kurtulunmal\u0131d\u0131r. Kelimeler y\u00fckt\u00fcr. O hi\u00e7bir \u015feyi anlatmaya g\u00fcc\u00fc yetmeyen kelimeler.<\/p>\n","protected":false},"excerpt":{"rendered":"<p>H\u00fcrriyet s\u00fck\u00fbtta gizlidir, s\u00fck\u00fbt yaln\u0131zl\u0131kta! \u00d6zg\u00fcr olmay\u0131 se\u00e7enler kelimelerin y\u00fck\u00fcnden vazge\u00e7enlerdir. Her t\u00fcrl\u00fc ses ba\u011fd\u0131r. Ve her ba\u011f kelimelerden bir a\u011f kurar insan\u0131n d\u00f6rt bir yan\u0131na.<span class=\"excerpt-hellip\"> [\u2026]<\/span><\/p>\n","protected":false},"featured_media":0,"template":"","meta":{"_monsterinsights_skip_tracking":false,"_monsterinsights_sitenote_active":false,"_monsterinsights_sitenote_note":"","_monsterinsights_sitenote_category":0},"product_brand":[],"product_cat":[12777,12291],"product_tag":[],"class_list":{"0":"post-785816","1":"product","2":"type-product","3":"status-publish","5":"product_cat-deneme","6":"product_cat-edebiyat","7":"pa_cilt-ciltsiz","8":"pa_tur-kitap","9":"pa_yayinevi-profil-kitap","10":"pa_yazar-fatma-barbarosoglu","12":"first","13":"instock","14":"sale","15":"shipping-taxable","16":"purchasable","17":"product-type-simple"},"_links":{"self":[{"href":"https:\/\/roveyayinevi.com.tr\/index.php\/wp-json\/wp\/v2\/product\/785816","targetHints":{"allow":["GET"]}}],"collection":[{"href":"https:\/\/roveyayinevi.com.tr\/index.php\/wp-json\/wp\/v2\/product"}],"about":[{"href":"https:\/\/roveyayinevi.com.tr\/index.php\/wp-json\/wp\/v2\/types\/product"}],"wp:attachment":[{"href":"https:\/\/roveyayinevi.com.tr\/index.php\/wp-json\/wp\/v2\/media?parent=785816"}],"wp:term":[{"taxonomy":"product_brand","embeddable":true,"href":"https:\/\/roveyayinevi.com.tr\/index.php\/wp-json\/wp\/v2\/product_brand?post=785816"},{"taxonomy":"product_cat","embeddable":true,"href":"https:\/\/roveyayinevi.com.tr\/index.php\/wp-json\/wp\/v2\/product_cat?post=785816"},{"taxonomy":"product_tag","embeddable":true,"href":"https:\/\/roveyayinevi.com.tr\/index.php\/wp-json\/wp\/v2\/product_tag?post=785816"}],"curies":[{"name":"wp","href":"https:\/\/api.w.org\/{rel}","templated":true}]}}