{"id":785804,"date":"2026-04-11T03:49:19","date_gmt":"2026-04-11T00:49:19","guid":{"rendered":"https:\/\/roveyayinevi.com.tr\/index.php\/urun\/gelisiguzel\/"},"modified":"2026-04-15T03:48:55","modified_gmt":"2026-04-15T00:48:55","slug":"gelisiguzel","status":"publish","type":"product","link":"https:\/\/roveyayinevi.com.tr\/index.php\/urun\/gelisiguzel\/","title":{"rendered":"Geli\u015fig\u00fczel"},"content":{"rendered":"<p>Ben hayal toplar\u0131m. \u0130nsanlar\u0131 anlamal\u0131 diye d\u00fc\u015f\u00fcn\u00fcr\u00fcm. Konu\u015fmalardan se\u00e7ti\u011fim s\u00f6zc\u00fckleri biriktiririm. Hayal kurar\u0131m. Yel gibidir hayaller. Bir g\u00f6r\u00fcn\u00fcr, bir yok olurlar. Biriktirmeye gelmezler. U\u00e7ucu hepsi. Kimini yakalar\u0131m. Yakalad\u0131\u011f\u0131m\u0131 g\u00f6r\u00fcn\u00fcr k\u0131lmak isterim. \u00c7izerim, boyar\u0131m, az bu\u00e7uk yazar\u0131m da.  Geli\u015fig\u00fczel, hayata ve do\u011faya umutla bakan, d\u00fcnyayla b\u00fct\u00fcnle\u015fen insanlar\u0131 anlat\u0131yor. Birlikte olmak i\u00e7in m\u00fccadele eden, birbirine de\u011fer veren, sadece \u201cben\u201di de\u011fil \u201cbiz\u201di de d\u00fc\u015f\u00fcnen insanlar bu \u00f6yk\u00fclerde kendilerine v\u00fccut buluyor, sesini \u00e7\u0131kar\u0131p yazar\u0131n hayal d\u00fcnyas\u0131nda kendi kar\u015f\u0131l\u0131klar\u0131n\u0131 in\u015fa ediyor. D\u00fcnyaya nefretle de\u011fil sevgiyle, \u00f6fkeyle de\u011fil sa\u011fduyuyla, hayal k\u0131r\u0131kl\u0131\u011f\u0131yla de\u011fil umutla bakanlar Geli\u015fig\u00fczel\u2019de kendilerine yeni bir direnme alan\u0131 buluyor. Can G\u00f6knil, b\u00fct\u00fcn dikkati, heyecan\u0131, yaratma arzusuyla umut dolu bir d\u00fcnya d\u00fc\u015fl\u00fcyor.<\/p>\n","protected":false},"excerpt":{"rendered":"<p>Ben hayal toplar\u0131m. \u0130nsanlar\u0131 anlamal\u0131 diye d\u00fc\u015f\u00fcn\u00fcr\u00fcm. Konu\u015fmalardan se\u00e7ti\u011fim s\u00f6zc\u00fckleri biriktiririm. Hayal kurar\u0131m. Yel gibidir hayaller. Bir g\u00f6r\u00fcn\u00fcr, bir yok olurlar. Biriktirmeye gelmezler. U\u00e7ucu hepsi. Kimini<span class=\"excerpt-hellip\"> [\u2026]<\/span><\/p>\n","protected":false},"featured_media":0,"template":"","meta":{"_monsterinsights_skip_tracking":false,"_monsterinsights_sitenote_active":false,"_monsterinsights_sitenote_note":"","_monsterinsights_sitenote_category":0},"product_brand":[],"product_cat":[12291,12711],"product_tag":[],"class_list":{"0":"post-785804","1":"product","2":"type-product","3":"status-publish","5":"product_cat-edebiyat","6":"product_cat-roman-oyku","7":"pa_cilt-ciltsiz","8":"pa_tur-kitap","9":"pa_yayinevi-can-yayinlari","10":"pa_yazar-can-goknil","12":"first","13":"instock","14":"sale","15":"shipping-taxable","16":"purchasable","17":"product-type-simple"},"_links":{"self":[{"href":"https:\/\/roveyayinevi.com.tr\/index.php\/wp-json\/wp\/v2\/product\/785804","targetHints":{"allow":["GET"]}}],"collection":[{"href":"https:\/\/roveyayinevi.com.tr\/index.php\/wp-json\/wp\/v2\/product"}],"about":[{"href":"https:\/\/roveyayinevi.com.tr\/index.php\/wp-json\/wp\/v2\/types\/product"}],"wp:attachment":[{"href":"https:\/\/roveyayinevi.com.tr\/index.php\/wp-json\/wp\/v2\/media?parent=785804"}],"wp:term":[{"taxonomy":"product_brand","embeddable":true,"href":"https:\/\/roveyayinevi.com.tr\/index.php\/wp-json\/wp\/v2\/product_brand?post=785804"},{"taxonomy":"product_cat","embeddable":true,"href":"https:\/\/roveyayinevi.com.tr\/index.php\/wp-json\/wp\/v2\/product_cat?post=785804"},{"taxonomy":"product_tag","embeddable":true,"href":"https:\/\/roveyayinevi.com.tr\/index.php\/wp-json\/wp\/v2\/product_tag?post=785804"}],"curies":[{"name":"wp","href":"https:\/\/api.w.org\/{rel}","templated":true}]}}