{"id":785773,"date":"2026-04-11T02:07:07","date_gmt":"2026-04-10T23:07:07","guid":{"rendered":"https:\/\/roveyayinevi.com.tr\/index.php\/urun\/dugumlere-ufleyen-kadinlar\/"},"modified":"2026-04-12T02:06:47","modified_gmt":"2026-04-11T23:06:47","slug":"dugumlere-ufleyen-kadinlar","status":"publish","type":"product","link":"https:\/\/roveyayinevi.com.tr\/index.php\/urun\/dugumlere-ufleyen-kadinlar\/","title":{"rendered":"D\u00fc\u011f\u00fcmlere \u00dcfleyen Kad\u0131nlar"},"content":{"rendered":"<p>Bir kad\u0131n\u0131n kalbini fena k\u0131rm\u0131\u015f bir adam&#8230;   O adam\u0131 \u00f6ld\u00fcrmek i\u00e7in \u00e7\u00f6l\u00fc ge\u00e7meyi g\u00f6ze alm\u0131\u015f d\u00f6rt kad\u0131n&#8230; D\u00fc\u011f\u00fcmlere \u00dcfleyen Kad\u0131nlar bu yolculu\u011fun roman\u0131. Ne kadar sevilse de tamir olmayan o yaral\u0131 co\u011frafyada, Ortado\u011fu\u2019da ge\u00e7iyor. Saraylar devrilip meydanlar dolarken sorular kal\u0131yor geriye. Her yola en az bir soruyla \u00e7\u0131k\u0131l\u0131r \u00e7\u00fcnk\u00fc: Bir kad\u0131n ya da bir \u00fclke nas\u0131l sevilir sahiden?   \u201cAmira, bize kad\u0131nlar\u0131 nas\u0131l sevece\u011fimizi anlatan bir kitap laz\u0131m. Yoksa hep b\u00f6yle \u015fap\u015fal ve kavruk kalaca\u011f\u0131z. Bize kad\u0131nlar\u0131n nefesini geni\u015fletecek, o nefesin r\u00fczg\u00e2r\u0131na yelken a\u00e7mam\u0131z\u0131 \u00f6\u011fretecek bir kitap laz\u0131m.  Yoksa biz ne kadar sevilsek tamir olmay\u0131z.\u201d <\/p>\n","protected":false},"excerpt":{"rendered":"<p>Bir kad\u0131n\u0131n kalbini fena k\u0131rm\u0131\u015f bir adam&#8230; O adam\u0131 \u00f6ld\u00fcrmek i\u00e7in \u00e7\u00f6l\u00fc ge\u00e7meyi g\u00f6ze alm\u0131\u015f d\u00f6rt kad\u0131n&#8230; D\u00fc\u011f\u00fcmlere \u00dcfleyen Kad\u0131nlar bu yolculu\u011fun roman\u0131. Ne kadar sevilse<span class=\"excerpt-hellip\"> [\u2026]<\/span><\/p>\n","protected":false},"featured_media":0,"template":"","meta":{"_monsterinsights_skip_tracking":false,"_monsterinsights_sitenote_active":false,"_monsterinsights_sitenote_note":"","_monsterinsights_sitenote_category":0},"product_brand":[],"product_cat":[12291,12711],"product_tag":[],"class_list":{"0":"post-785773","1":"product","2":"type-product","3":"status-publish","5":"product_cat-edebiyat","6":"product_cat-roman-oyku","7":"pa_cilt-ciltsiz","8":"pa_tur-kitap","9":"pa_yayinevi-everest-yayinlari","10":"pa_yazar-ece-temelkuran","12":"first","13":"instock","14":"sale","15":"shipping-taxable","16":"purchasable","17":"product-type-simple"},"_links":{"self":[{"href":"https:\/\/roveyayinevi.com.tr\/index.php\/wp-json\/wp\/v2\/product\/785773","targetHints":{"allow":["GET"]}}],"collection":[{"href":"https:\/\/roveyayinevi.com.tr\/index.php\/wp-json\/wp\/v2\/product"}],"about":[{"href":"https:\/\/roveyayinevi.com.tr\/index.php\/wp-json\/wp\/v2\/types\/product"}],"wp:attachment":[{"href":"https:\/\/roveyayinevi.com.tr\/index.php\/wp-json\/wp\/v2\/media?parent=785773"}],"wp:term":[{"taxonomy":"product_brand","embeddable":true,"href":"https:\/\/roveyayinevi.com.tr\/index.php\/wp-json\/wp\/v2\/product_brand?post=785773"},{"taxonomy":"product_cat","embeddable":true,"href":"https:\/\/roveyayinevi.com.tr\/index.php\/wp-json\/wp\/v2\/product_cat?post=785773"},{"taxonomy":"product_tag","embeddable":true,"href":"https:\/\/roveyayinevi.com.tr\/index.php\/wp-json\/wp\/v2\/product_tag?post=785773"}],"curies":[{"name":"wp","href":"https:\/\/api.w.org\/{rel}","templated":true}]}}