{"id":785772,"date":"2026-04-11T02:05:58","date_gmt":"2026-04-10T23:05:58","guid":{"rendered":"https:\/\/roveyayinevi.com.tr\/index.php\/urun\/ruyada-uyanmak\/"},"modified":"2026-04-16T02:05:05","modified_gmt":"2026-04-15T23:05:05","slug":"ruyada-uyanmak","status":"publish","type":"product","link":"https:\/\/roveyayinevi.com.tr\/index.php\/urun\/ruyada-uyanmak\/","title":{"rendered":"R\u00fcyada Uyanmak"},"content":{"rendered":"<p>Ne metafizik ya da mistik bir varl\u0131k alan\u0131d\u0131r bilin\u00e7d\u0131\u015f\u0131 ne de \u2018hayvani bir do\u011fa\u2019y\u0131 \u00e7a\u011fr\u0131\u015ft\u0131ran i\u00e7g\u00fcd\u00fcsel mahiyettedir. \u2018Bir dil gibi yap\u0131lanm\u0131\u015ft\u0131r\u2019 \u00e7\u00fcnk\u00fc. Dahas\u0131, hem bilin\u00e7d\u0131\u015f\u0131 hem dil ayn\u0131 k\u00f6kene sahiptir. Kar\u015f\u0131l\u0131kl\u0131 bir ba\u011f\u0131ml\u0131l\u0131k i\u00e7inde birbirlerini ba\u015ftan varsayarlar. (&#8230;) \u00d6znenin bast\u0131rd\u0131\u011f\u0131 \u015feydir bilin\u00e7d\u0131\u015f\u0131; ancak s\u00fcrekli olarak r\u00fcyalarda, semptomlarda, dil s\u00fcr\u00e7melerinde ve ba\u015far\u0131s\u0131z eylemlerde kendini a\u00e7\u0131\u011fa vurur, \u2018dile getirir\u2019. T\u00fcm bu g\u00f6r\u00fcng\u00fcler dilin yap\u0131s\u0131na sahiptir. Onlar arac\u0131l\u0131\u011f\u0131yla konu\u015fur bilin\u00e7d\u0131\u015f\u0131. \u2018Bilin\u00e7d\u0131\u015f\u0131n\u0131n s\u00f6ylemi\u2019nden s\u00f6z etmemize izin veren kurucu unsurlard\u0131r bunlar.  R\u00fcyada Uyanmak, tam da r\u00fcya \u00e7al\u0131\u015fmas\u0131na has bir yarat\u0131c\u0131l\u0131kla, insan\u0131n en \u00f6zg\u00fcr ve en yarat\u0131c\u0131 oldu\u011fu andaki haline, bilin\u00e7d\u0131\u015f\u0131n\u0131n kabu\u011fu ile sar\u0131lm\u0131\u015f r\u00fcya haline odaklan\u0131yor. Eyleyicili\u011fin, insan\u0131 bu eyleyicilik i\u00e7in zorlayan  imk\u00e2nlar \u0131n \u00fczerinde d\u00fc\u015f\u00fcnmeye \u00e7a\u011f\u0131r\u0131yor. Dili, bilin\u00e7d\u0131\u015f\u0131n\u0131, r\u00fcyay\u0131 ve insan olma halimizi yap\u0131c\u0131 bir asli \u00f6zne olarak g\u00f6zden ge\u00e7irmeyi tart\u0131\u015f\u0131yor. <\/p>\n","protected":false},"excerpt":{"rendered":"<p>Ne metafizik ya da mistik bir varl\u0131k alan\u0131d\u0131r bilin\u00e7d\u0131\u015f\u0131 ne de \u2018hayvani bir do\u011fa\u2019y\u0131 \u00e7a\u011fr\u0131\u015ft\u0131ran i\u00e7g\u00fcd\u00fcsel mahiyettedir. \u2018Bir dil gibi yap\u0131lanm\u0131\u015ft\u0131r\u2019 \u00e7\u00fcnk\u00fc. Dahas\u0131, hem bilin\u00e7d\u0131\u015f\u0131 hem<span class=\"excerpt-hellip\"> [\u2026]<\/span><\/p>\n","protected":false},"featured_media":0,"template":"","meta":{"_monsterinsights_skip_tracking":false,"_monsterinsights_sitenote_active":false,"_monsterinsights_sitenote_note":"","_monsterinsights_sitenote_category":0},"product_brand":[],"product_cat":[12358,12357],"product_tag":[],"class_list":{"0":"post-785772","1":"product","2":"type-product","3":"status-publish","5":"product_cat-genel-psikoloji","6":"product_cat-psikoloji","7":"pa_cilt-ciltsiz","8":"pa_tur-kitap","9":"pa_yayinevi-iletisim-yayinlari","10":"pa_yazar-erdogan-ozmen","12":"first","13":"instock","14":"sale","15":"shipping-taxable","16":"purchasable","17":"product-type-simple"},"_links":{"self":[{"href":"https:\/\/roveyayinevi.com.tr\/index.php\/wp-json\/wp\/v2\/product\/785772","targetHints":{"allow":["GET"]}}],"collection":[{"href":"https:\/\/roveyayinevi.com.tr\/index.php\/wp-json\/wp\/v2\/product"}],"about":[{"href":"https:\/\/roveyayinevi.com.tr\/index.php\/wp-json\/wp\/v2\/types\/product"}],"wp:attachment":[{"href":"https:\/\/roveyayinevi.com.tr\/index.php\/wp-json\/wp\/v2\/media?parent=785772"}],"wp:term":[{"taxonomy":"product_brand","embeddable":true,"href":"https:\/\/roveyayinevi.com.tr\/index.php\/wp-json\/wp\/v2\/product_brand?post=785772"},{"taxonomy":"product_cat","embeddable":true,"href":"https:\/\/roveyayinevi.com.tr\/index.php\/wp-json\/wp\/v2\/product_cat?post=785772"},{"taxonomy":"product_tag","embeddable":true,"href":"https:\/\/roveyayinevi.com.tr\/index.php\/wp-json\/wp\/v2\/product_tag?post=785772"}],"curies":[{"name":"wp","href":"https:\/\/api.w.org\/{rel}","templated":true}]}}