{"id":785716,"date":"2026-04-08T02:28:05","date_gmt":"2026-04-07T23:28:05","guid":{"rendered":"https:\/\/roveyayinevi.com.tr\/index.php\/urun\/mutezile-ve-hadis\/"},"modified":"2026-04-16T02:21:40","modified_gmt":"2026-04-15T23:21:40","slug":"mutezile-ve-hadis","status":"publish","type":"product","link":"https:\/\/roveyayinevi.com.tr\/index.php\/urun\/mutezile-ve-hadis\/","title":{"rendered":"Mutezile ve Hadis"},"content":{"rendered":"<p>Mutezile, hicri ikinci asr\u0131n ba\u015flar\u0131nda, zaman\u0131n\u0131n \u00f6nemli bir ilim merkezi olan Basra\u2019da ortaya \u00e7\u0131kan d\u00fc\u015f\u00fcnce ekol\u00fcd\u00fcr.\u0130slami bilgi alan\u0131na akl\u0131, ilk defa etkin bir \u015fekilde sokan ve \u0130slam akaidini akli metotlar \u0131\u015f\u0131\u011f\u0131nda a\u00e7\u0131klamaya ve savunmaya \u00e7al\u0131\u015fan bir kelam okulu olarak tan\u0131nan Mutezilenin, s\u00fcnnet ve hadis konusundaki yakla\u015f\u0131m\u0131 ise yeterince bilinmemektedir.Yayg\u0131n bir kanaat olarak, Mutezilenin s\u00fcnnet ve hadise bir de\u011fer atfetmedi\u011fi, bu y\u00fczden onu tenkit etti\u011fi ve ayk\u0131r\u0131 davrand\u0131\u011f\u0131 ileri s\u00fcr\u00fclm\u00fc\u015ft\u00fcr. Hatta bu olumsuz tavr\u0131yla, g\u00fcn\u00fcm\u00fczdeki s\u00fcnnet kar\u015f\u0131t\u0131 yakla\u015f\u0131mlar\u0131n da ilham kayna\u011f\u0131 oldu\u011fu iddia edilmi\u015ftir.Bu kitap, Mutezilenin s\u00fcnnet ve hadise bak\u0131\u015f a\u00e7\u0131s\u0131n\u0131 tarafs\u0131z bir bi\u00e7imde ele almaktad\u0131r. <\/p>\n","protected":false},"excerpt":{"rendered":"<p>Mutezile, hicri ikinci asr\u0131n ba\u015flar\u0131nda, zaman\u0131n\u0131n \u00f6nemli bir ilim merkezi olan Basra\u2019da ortaya \u00e7\u0131kan d\u00fc\u015f\u00fcnce ekol\u00fcd\u00fcr.\u0130slami bilgi alan\u0131na akl\u0131, ilk defa etkin bir \u015fekilde sokan ve<span class=\"excerpt-hellip\"> [\u2026]<\/span><\/p>\n","protected":false},"featured_media":0,"template":"","meta":{"_monsterinsights_skip_tracking":false,"_monsterinsights_sitenote_active":false,"_monsterinsights_sitenote_note":"","_monsterinsights_sitenote_category":0},"product_brand":[],"product_cat":[12718,12719,45552],"product_tag":[],"class_list":{"0":"post-785716","1":"product","2":"type-product","3":"status-publish","5":"product_cat-din","6":"product_cat-islam","7":"product_cat-meal-tefsir-hadis","8":"pa_cilt-ciltsiz","9":"pa_tur-kitap","10":"pa_yayinevi-otto-yayinlari","11":"pa_yazar-huseyin-hansu","13":"first","14":"instock","15":"sale","16":"shipping-taxable","17":"purchasable","18":"product-type-simple"},"_links":{"self":[{"href":"https:\/\/roveyayinevi.com.tr\/index.php\/wp-json\/wp\/v2\/product\/785716","targetHints":{"allow":["GET"]}}],"collection":[{"href":"https:\/\/roveyayinevi.com.tr\/index.php\/wp-json\/wp\/v2\/product"}],"about":[{"href":"https:\/\/roveyayinevi.com.tr\/index.php\/wp-json\/wp\/v2\/types\/product"}],"wp:attachment":[{"href":"https:\/\/roveyayinevi.com.tr\/index.php\/wp-json\/wp\/v2\/media?parent=785716"}],"wp:term":[{"taxonomy":"product_brand","embeddable":true,"href":"https:\/\/roveyayinevi.com.tr\/index.php\/wp-json\/wp\/v2\/product_brand?post=785716"},{"taxonomy":"product_cat","embeddable":true,"href":"https:\/\/roveyayinevi.com.tr\/index.php\/wp-json\/wp\/v2\/product_cat?post=785716"},{"taxonomy":"product_tag","embeddable":true,"href":"https:\/\/roveyayinevi.com.tr\/index.php\/wp-json\/wp\/v2\/product_tag?post=785716"}],"curies":[{"name":"wp","href":"https:\/\/api.w.org\/{rel}","templated":true}]}}