{"id":785712,"date":"2026-04-08T02:04:10","date_gmt":"2026-04-07T23:04:10","guid":{"rendered":"https:\/\/roveyayinevi.com.tr\/index.php\/urun\/ejderha-ve-kelebek\/"},"modified":"2026-04-16T02:03:01","modified_gmt":"2026-04-15T23:03:01","slug":"ejderha-ve-kelebek","status":"publish","type":"product","link":"https:\/\/roveyayinevi.com.tr\/index.php\/urun\/ejderha-ve-kelebek\/","title":{"rendered":"Ejderha ve Kelebek"},"content":{"rendered":"<p>Beyaz \u00f6nl\u00fckleriyle sard\u0131lar masan\u0131n \u00e7evresini. Ben var\u0131m masada. Boylu boyunca var\u0131m. Bir otopsi masas\u0131 bu. Hay\u0131r \u00f6lmedim. V\u00fccudumun i\u00e7ini kurcalamayacaklar. Ne kalbimle i\u015fleri var ne ci\u011ferlerimle. G\u00f6zlerimin pe\u015findeler. Evet g\u00f6zlerimin. Uyumam\u0131 bekliyorlar. G\u00f6zlerimi oyup k\u00f6r bir zengine satmayacaklar, korkmay\u0131n. R\u00fcyalar\u0131m\u0131 yakalayacaklar k\u0131sk\u0131vrak. Balina avc\u0131lar\u0131 gibi suyun y\u00fcz\u00fcne \u00e7\u0131kmas\u0131n\u0131 bekleyecekler z\u0131pk\u0131nlar\u0131n\u0131 savurmak i\u00e7in. \ufffcTan\u0131t\u0131m Metni<\/p>\n","protected":false},"excerpt":{"rendered":"<p>Beyaz \u00f6nl\u00fckleriyle sard\u0131lar masan\u0131n \u00e7evresini. Ben var\u0131m masada. Boylu boyunca var\u0131m. Bir otopsi masas\u0131 bu. Hay\u0131r \u00f6lmedim. V\u00fccudumun i\u00e7ini kurcalamayacaklar. Ne kalbimle i\u015fleri var ne ci\u011ferlerimle.<span class=\"excerpt-hellip\"> [\u2026]<\/span><\/p>\n","protected":false},"featured_media":0,"template":"","meta":{"_monsterinsights_skip_tracking":false,"_monsterinsights_sitenote_active":false,"_monsterinsights_sitenote_note":"","_monsterinsights_sitenote_category":0},"product_brand":[],"product_cat":[12777,12291],"product_tag":[],"class_list":{"0":"post-785712","1":"product","2":"type-product","3":"status-publish","5":"product_cat-deneme","6":"product_cat-edebiyat","7":"pa_tur-kitap","8":"pa_yayinevi-sule-yayinlari","9":"pa_yazar-a-ali-ural","11":"first","12":"instock","13":"sale","14":"shipping-taxable","15":"purchasable","16":"product-type-simple"},"_links":{"self":[{"href":"https:\/\/roveyayinevi.com.tr\/index.php\/wp-json\/wp\/v2\/product\/785712","targetHints":{"allow":["GET"]}}],"collection":[{"href":"https:\/\/roveyayinevi.com.tr\/index.php\/wp-json\/wp\/v2\/product"}],"about":[{"href":"https:\/\/roveyayinevi.com.tr\/index.php\/wp-json\/wp\/v2\/types\/product"}],"wp:attachment":[{"href":"https:\/\/roveyayinevi.com.tr\/index.php\/wp-json\/wp\/v2\/media?parent=785712"}],"wp:term":[{"taxonomy":"product_brand","embeddable":true,"href":"https:\/\/roveyayinevi.com.tr\/index.php\/wp-json\/wp\/v2\/product_brand?post=785712"},{"taxonomy":"product_cat","embeddable":true,"href":"https:\/\/roveyayinevi.com.tr\/index.php\/wp-json\/wp\/v2\/product_cat?post=785712"},{"taxonomy":"product_tag","embeddable":true,"href":"https:\/\/roveyayinevi.com.tr\/index.php\/wp-json\/wp\/v2\/product_tag?post=785712"}],"curies":[{"name":"wp","href":"https:\/\/api.w.org\/{rel}","templated":true}]}}