{"id":785690,"date":"2026-04-07T03:16:10","date_gmt":"2026-04-07T00:16:10","guid":{"rendered":"https:\/\/roveyayinevi.com.tr\/index.php\/urun\/hastanede-yatan-cocuklarin-egitimi\/"},"modified":"2026-04-16T03:10:40","modified_gmt":"2026-04-16T00:10:40","slug":"hastanede-yatan-cocuklarin-egitimi","status":"publish","type":"product","link":"https:\/\/roveyayinevi.com.tr\/index.php\/urun\/hastanede-yatan-cocuklarin-egitimi\/","title":{"rendered":"Hastanede Yatan \u00c7ocuklar\u0131n E\u011fitimi"},"content":{"rendered":"<p>Hem sa\u011fl\u0131k kurumlar\u0131n\u0131n hem de e\u011fitim kurumlar\u0131n\u0131n ortak sorumlulu\u011fu olan hastanedeki \u00e7ocuklar\u0131n e\u011fitimlerine devam edebilmeleri i\u00e7in, hastanelerde e\u011fitim birimleri olu\u015fturularak e\u011fitim personelleri g\u00f6revlendirilmeli ve \u00e7ocuklara hem akademik hem de sosyal e\u011fitim sa\u011flamal\u0131 ve onlar\u0131n normal bir e\u011fitim s\u00fcreci ya\u015famalar\u0131n\u0131 m\u00fcmk\u00fcn k\u0131lmal\u0131d\u0131r.   Hastanede yatan \u00e7ocuklar\u0131n e\u011fitimi ile ilgili sa\u011fl\u0131k kurumlar\u0131 ile e\u011fitim kurumlar\u0131 ortak \u00e7al\u0131\u015fmalar y\u00fcr\u00fcterek \u00e7ocuklar\u0131n akademik ba\u015far\u0131lar\u0131n\u0131n yan\u0131 s\u0131ra sosyal hayatlar\u0131na da olumlu katk\u0131 sa\u011flayacak \u00e7al\u0131\u015fmalar y\u00fcr\u00fctmelidirler. Her \u00e7ocuk, e\u015fit bir e\u011fitim hakk\u0131na sahip olmal\u0131d\u0131r.<\/p>\n","protected":false},"excerpt":{"rendered":"<p>Hem sa\u011fl\u0131k kurumlar\u0131n\u0131n hem de e\u011fitim kurumlar\u0131n\u0131n ortak sorumlulu\u011fu olan hastanedeki \u00e7ocuklar\u0131n e\u011fitimlerine devam edebilmeleri i\u00e7in, hastanelerde e\u011fitim birimleri olu\u015fturularak e\u011fitim personelleri g\u00f6revlendirilmeli ve \u00e7ocuklara hem<span class=\"excerpt-hellip\"> [\u2026]<\/span><\/p>\n","protected":false},"featured_media":0,"template":"","meta":{"_monsterinsights_skip_tracking":false,"_monsterinsights_sitenote_active":false,"_monsterinsights_sitenote_note":"","_monsterinsights_sitenote_category":0},"product_brand":[],"product_cat":[12573,12566],"product_tag":[],"class_list":{"0":"post-785690","1":"product","2":"type-product","3":"status-publish","5":"product_cat-akademik-kitaplar","6":"product_cat-egitim","7":"pa_cilt-ciltsiz","8":"pa_tur-kitap","9":"pa_yayinevi-egiten-kitap","10":"pa_yazar-kolektif","12":"first","13":"instock","14":"sale","15":"shipping-taxable","16":"purchasable","17":"product-type-simple"},"_links":{"self":[{"href":"https:\/\/roveyayinevi.com.tr\/index.php\/wp-json\/wp\/v2\/product\/785690","targetHints":{"allow":["GET"]}}],"collection":[{"href":"https:\/\/roveyayinevi.com.tr\/index.php\/wp-json\/wp\/v2\/product"}],"about":[{"href":"https:\/\/roveyayinevi.com.tr\/index.php\/wp-json\/wp\/v2\/types\/product"}],"wp:attachment":[{"href":"https:\/\/roveyayinevi.com.tr\/index.php\/wp-json\/wp\/v2\/media?parent=785690"}],"wp:term":[{"taxonomy":"product_brand","embeddable":true,"href":"https:\/\/roveyayinevi.com.tr\/index.php\/wp-json\/wp\/v2\/product_brand?post=785690"},{"taxonomy":"product_cat","embeddable":true,"href":"https:\/\/roveyayinevi.com.tr\/index.php\/wp-json\/wp\/v2\/product_cat?post=785690"},{"taxonomy":"product_tag","embeddable":true,"href":"https:\/\/roveyayinevi.com.tr\/index.php\/wp-json\/wp\/v2\/product_tag?post=785690"}],"curies":[{"name":"wp","href":"https:\/\/api.w.org\/{rel}","templated":true}]}}