{"id":785676,"date":"2026-04-05T03:52:32","date_gmt":"2026-04-05T00:52:32","guid":{"rendered":"https:\/\/roveyayinevi.com.tr\/index.php\/urun\/kalp-sana-cocuk-kolyeli\/"},"modified":"2026-04-15T03:49:38","modified_gmt":"2026-04-15T00:49:38","slug":"kalp-sana-cocuk-kolyeli","status":"publish","type":"product","link":"https:\/\/roveyayinevi.com.tr\/index.php\/urun\/kalp-sana-cocuk-kolyeli\/","title":{"rendered":"Kalp Sana \u00c7ocuk (Kolyeli)"},"content":{"rendered":"<p>Babalar\u0131 lise arkada\u015f\u0131 olan Efla ve Akg\u00fcn Tan; ayn\u0131 g\u00fcn do\u011fan, y\u0131llarca i\u00e7lerinde onlarla birlikte b\u00fcy\u00fcyen a\u015fk ile y\u00fcr\u00fcyen iki dostken, yirmi iki ya\u015f\u0131na geldiklerinde bir sebep y\u00fcz\u00fcnden yollar\u0131 ayr\u0131l\u0131r. Her saniyelerini birlikte ge\u00e7iren bu iki dost ve \u00e2\u015f\u0131k, ayr\u0131l\u0131\u011f\u0131n ac\u0131s\u0131n\u0131 y\u0131llarca g\u00f6\u011f\u00fcslerinde ta\u015f\u0131r.  Sekiz y\u0131l sonunda kar\u015f\u0131la\u015ft\u0131klar\u0131nda ikisi de eskisi gibi de\u011fildir. Efla Korkmaz; d\u00fcnyaca \u00fcnl\u00fc bir oyuncu olmu\u015f, herkesin hayranl\u0131kla bakt\u0131\u011f\u0131, g\u00fc\u00e7l\u00fc, g\u00f6z\u00fc kara, kendinden emin olu\u015fuyla y\u00fcrekleri dolduran bir kad\u0131n haline gelmi\u015ftir. Kameralar her zaman onu \u00e7ekerken o yaln\u0131zca g\u00fcl\u00fcmsemesiyle y\u0131llard\u0131r ta\u015f\u0131d\u0131\u011f\u0131 yaln\u0131zl\u0131\u011f\u0131n\u0131 saklamaya \u00e7al\u0131\u015f\u0131r. Bir g\u00fcn i\u00e7inde bulundu\u011fu dizi projesi y\u00fcz\u00fcnden ba\u015f\u0131 belaya, kariyeri tehlikeye giren Efla ne yapaca\u011f\u0131n\u0131 bilemez. Onun imdad\u0131na her zaman oldu\u011fu gibi \u00e7ocukluk arkada\u015f\u0131 ko\u015far. Akg\u00fcn Tan Acar; ser verip s\u0131r vermeyen bir adam olu\u015fu y\u00fcz\u00fcnden piyasada Kale lakab\u0131yla bilinen, i\u015finin en iyisi, kararl\u0131, bir bak\u0131\u015f\u0131yla t\u00fcm duvarlar\u0131 y\u0131kabilecek kesinlikte bir avukatt\u0131r.  Ve Efla&#8217;y\u0131 i\u00e7inde bulundu\u011fu yaln\u0131zl\u0131ktan kurtararak, ge\u00e7en zaman\u0131 telafi etmeye \u00e7al\u0131\u015facakt\u0131r.<\/p>\n","protected":false},"excerpt":{"rendered":"<p>Babalar\u0131 lise arkada\u015f\u0131 olan Efla ve Akg\u00fcn Tan; ayn\u0131 g\u00fcn do\u011fan, y\u0131llarca i\u00e7lerinde onlarla birlikte b\u00fcy\u00fcyen a\u015fk ile y\u00fcr\u00fcyen iki dostken, yirmi iki ya\u015f\u0131na geldiklerinde bir<span class=\"excerpt-hellip\"> [\u2026]<\/span><\/p>\n","protected":false},"featured_media":0,"template":"","meta":{"_monsterinsights_skip_tracking":false,"_monsterinsights_sitenote_active":false,"_monsterinsights_sitenote_note":"","_monsterinsights_sitenote_category":0},"product_brand":[],"product_cat":[12291,12711],"product_tag":[],"class_list":{"0":"post-785676","1":"product","2":"type-product","3":"status-publish","5":"product_cat-edebiyat","6":"product_cat-roman-oyku","7":"pa_cilt-ciltli","8":"pa_tur-kitap","9":"pa_yayinevi-pukka-yayinlari","10":"pa_yazar-sevval-demirdoger","12":"first","13":"instock","14":"sale","15":"shipping-taxable","16":"purchasable","17":"product-type-simple"},"_links":{"self":[{"href":"https:\/\/roveyayinevi.com.tr\/index.php\/wp-json\/wp\/v2\/product\/785676","targetHints":{"allow":["GET"]}}],"collection":[{"href":"https:\/\/roveyayinevi.com.tr\/index.php\/wp-json\/wp\/v2\/product"}],"about":[{"href":"https:\/\/roveyayinevi.com.tr\/index.php\/wp-json\/wp\/v2\/types\/product"}],"wp:attachment":[{"href":"https:\/\/roveyayinevi.com.tr\/index.php\/wp-json\/wp\/v2\/media?parent=785676"}],"wp:term":[{"taxonomy":"product_brand","embeddable":true,"href":"https:\/\/roveyayinevi.com.tr\/index.php\/wp-json\/wp\/v2\/product_brand?post=785676"},{"taxonomy":"product_cat","embeddable":true,"href":"https:\/\/roveyayinevi.com.tr\/index.php\/wp-json\/wp\/v2\/product_cat?post=785676"},{"taxonomy":"product_tag","embeddable":true,"href":"https:\/\/roveyayinevi.com.tr\/index.php\/wp-json\/wp\/v2\/product_tag?post=785676"}],"curies":[{"name":"wp","href":"https:\/\/api.w.org\/{rel}","templated":true}]}}