{"id":785659,"date":"2026-04-05T03:51:21","date_gmt":"2026-04-05T00:51:21","guid":{"rendered":"https:\/\/roveyayinevi.com.tr\/index.php\/urun\/cizmemin-rengi-sari\/"},"modified":"2026-04-15T03:49:19","modified_gmt":"2026-04-15T00:49:19","slug":"cizmemin-rengi-sari","status":"publish","type":"product","link":"https:\/\/roveyayinevi.com.tr\/index.php\/urun\/cizmemin-rengi-sari\/","title":{"rendered":"\u00c7izmemin Rengi &#8211; Sar\u0131"},"content":{"rendered":"<p>Kahraman\u0131m\u0131z kedisi F\u0131r\u00e7a\u2019yla \u0130stanbul\u2019un Sar\u0131yer semtinde geziniyor. Sonra birlikte B\u00fcy\u00fckdere pazar\u0131na gidiyorlar. Orada arkada\u015f\u0131 Ada ve onun kedisi Sarman\u2019la bulu\u015fuyorlar. Dostlar\u0131m\u0131z gezinirken dikkatlerini sar\u0131 renkli \u015feyler \u00e7ekiyor. Onlarla birlikte sar\u0131 rengin d\u00fcnyas\u0131na yolculuk yapmaya haz\u0131r m\u0131s\u0131n\u0131z? Hem de T\u00fcrkiye \u0130\u015f Bankas\u0131\u2019n\u0131n Sanat Eserleri Koleksiyonu e\u015fli\u011finde.<\/p>\n","protected":false},"excerpt":{"rendered":"<p>Kahraman\u0131m\u0131z kedisi F\u0131r\u00e7a\u2019yla \u0130stanbul\u2019un Sar\u0131yer semtinde geziniyor. Sonra birlikte B\u00fcy\u00fckdere pazar\u0131na gidiyorlar. Orada arkada\u015f\u0131 Ada ve onun kedisi Sarman\u2019la bulu\u015fuyorlar. Dostlar\u0131m\u0131z gezinirken dikkatlerini sar\u0131 renkli \u015feyler<span class=\"excerpt-hellip\"> [\u2026]<\/span><\/p>\n","protected":false},"featured_media":0,"template":"","meta":{"_monsterinsights_skip_tracking":false,"_monsterinsights_sitenote_active":false,"_monsterinsights_sitenote_note":"","_monsterinsights_sitenote_category":0},"product_brand":[],"product_cat":[141304],"product_tag":[],"class_list":{"0":"post-785659","1":"product","2":"type-product","3":"status-publish","5":"product_cat-yeni-cikanlar","6":"pa_cilt-ciltsiz","7":"pa_tur-kitap","8":"pa_yayinevi-is-bankasi-kultur-yayinlari","9":"pa_yazar-burcu-ural-kopan","11":"first","12":"instock","13":"sale","14":"shipping-taxable","15":"purchasable","16":"product-type-simple"},"_links":{"self":[{"href":"https:\/\/roveyayinevi.com.tr\/index.php\/wp-json\/wp\/v2\/product\/785659","targetHints":{"allow":["GET"]}}],"collection":[{"href":"https:\/\/roveyayinevi.com.tr\/index.php\/wp-json\/wp\/v2\/product"}],"about":[{"href":"https:\/\/roveyayinevi.com.tr\/index.php\/wp-json\/wp\/v2\/types\/product"}],"wp:attachment":[{"href":"https:\/\/roveyayinevi.com.tr\/index.php\/wp-json\/wp\/v2\/media?parent=785659"}],"wp:term":[{"taxonomy":"product_brand","embeddable":true,"href":"https:\/\/roveyayinevi.com.tr\/index.php\/wp-json\/wp\/v2\/product_brand?post=785659"},{"taxonomy":"product_cat","embeddable":true,"href":"https:\/\/roveyayinevi.com.tr\/index.php\/wp-json\/wp\/v2\/product_cat?post=785659"},{"taxonomy":"product_tag","embeddable":true,"href":"https:\/\/roveyayinevi.com.tr\/index.php\/wp-json\/wp\/v2\/product_tag?post=785659"}],"curies":[{"name":"wp","href":"https:\/\/api.w.org\/{rel}","templated":true}]}}