{"id":785642,"date":"2026-04-05T03:50:07","date_gmt":"2026-04-05T00:50:07","guid":{"rendered":"https:\/\/roveyayinevi.com.tr\/index.php\/urun\/canozum\/"},"modified":"2026-04-15T03:48:54","modified_gmt":"2026-04-15T00:48:54","slug":"canozum","status":"publish","type":"product","link":"https:\/\/roveyayinevi.com.tr\/index.php\/urun\/canozum\/","title":{"rendered":"Can\u00f6z\u00fcm"},"content":{"rendered":"<p>CANEV\u0130M ile bizlere merhaba diyen, CANPAREM ile bam telimize basan \u015fair; CAN\u00d6Z\u00dcM ile y\u00fcre\u011fe seslenmeye ve farkl\u0131 \u015fiir t\u00fcrleri denemeyedevam ediyor. Umudu, ya\u015fama sevincini ve sevday\u0131 dile getirip \u201cMAV\u0130\u201dnin sonsuzlu\u011funu i\u00e7imize i\u015fliyor. Bu kitab\u0131nda toplumumuza damgavuran Bahar \u00d6ZTAN, Kenan I\u015eIK, Ferdi ZEYREK\u2019i an\u0131yor. \u201cMaden Matemi\u201d ile Amasra Madeni\u2019nde g\u00f6\u00e7\u00fck alt\u0131nda kalan emek\u00e7ileri; \u201cKorkusuzEvlatlar\u0131m\u0131z\u201dda, Pen\u00e7e-Kilit Operasyonu\u2019nda can veren \u015fehitlerimizi \u00f6l\u00fcms\u00fczle\u015ftiriyor. \u201cDeprem \u00c7ocuklar\u0131, Y\u0131k\u0131k, Hatay\u2019a Bak\u0131\u015f\u201d \u015fiirlerindedepremin ac\u0131 izlerini hat\u0131rlatarak toplumun s\u00f6zc\u00fcs\u00fc oluyor.\u201c\u00f6z\u00fcm\u00fcz,s\u00f6z\u00fcm\u00fcz,g\u00f6z\u00fcm\u00fcz,d\u00fc\u015fleri kadar g\u00f6rd\u00fc\u011f\u00fcm\u00fczg\u00fcl\u00fc\u015fleri kadar sevindi\u011fimiz\u00e7ocuklar, \u00e7ocuklar\u0131m\u0131z.nefesimiz,\u0131\u015f\u0131\u011f\u0131m\u0131z,karanl\u0131\u011fa ate\u015f,gelece\u011fe umut,sevdam\u0131za t\u00fcrk\u00fc,elleri g\u00f6ktekaranl\u0131\u011fa b\u0131rak\u0131lmaz\u00e7ocuklar, \u00e7ocuklar\u0131m\u0131z.\u201dYukar\u0131daki dizelerle ve \u201c\u0130\u00e7imdeki \u00c7ocuk, D\u00fc\u015fleri \u00c7ocuk\u201d \u015fiirleriyle \u00e7ocuklar\u0131m\u0131za sahip \u00e7\u0131kan \u015fair; CAN \u00d6Z\u00dcM\u2019\u00fc k\u0131z\u0131 EZG\u0130 ve \u201cD\u00dcNYA KIZ\u00c7O\u00c7UKLARI\u201dna ithaf etmi\u015ftir. Ayr\u0131ca bu kitab\u0131n gelirinin bir k\u0131sm\u0131n\u0131 \u00c7a\u011fda\u015f Ya\u015fam\u0131 Destekleme Derne\u011fine, k\u0131z \u00e7ocuklar\u0131n\u0131n okumas\u0131nakatk\u0131 sa\u011flamak amac\u0131yla ba\u011f\u0131\u015flayacakt\u0131r.Y\u00fcre\u011fine sa\u011fl\u0131k \u00f6\u011fretmenim! Eme\u011fine sa\u011fl\u0131k g\u00fczel insan!Serg\u00fcl CANPOLAT<\/p>\n","protected":false},"excerpt":{"rendered":"<p>CANEV\u0130M ile bizlere merhaba diyen, CANPAREM ile bam telimize basan \u015fair; CAN\u00d6Z\u00dcM ile y\u00fcre\u011fe seslenmeye ve farkl\u0131 \u015fiir t\u00fcrleri denemeyedevam ediyor. Umudu, ya\u015fama sevincini ve sevday\u0131<span class=\"excerpt-hellip\"> [\u2026]<\/span><\/p>\n","protected":false},"featured_media":0,"template":"","meta":{"_monsterinsights_skip_tracking":false,"_monsterinsights_sitenote_active":false,"_monsterinsights_sitenote_note":"","_monsterinsights_sitenote_category":0},"product_brand":[],"product_cat":[12291,12509],"product_tag":[],"class_list":{"0":"post-785642","1":"product","2":"type-product","3":"status-publish","5":"product_cat-edebiyat","6":"product_cat-siir","7":"pa_cilt-ciltsiz","8":"pa_tur-kitap","9":"pa_yayinevi-luna-yayinlari","10":"pa_yazar-turgay-kacan","12":"first","13":"instock","14":"sale","15":"shipping-taxable","16":"purchasable","17":"product-type-simple"},"_links":{"self":[{"href":"https:\/\/roveyayinevi.com.tr\/index.php\/wp-json\/wp\/v2\/product\/785642","targetHints":{"allow":["GET"]}}],"collection":[{"href":"https:\/\/roveyayinevi.com.tr\/index.php\/wp-json\/wp\/v2\/product"}],"about":[{"href":"https:\/\/roveyayinevi.com.tr\/index.php\/wp-json\/wp\/v2\/types\/product"}],"wp:attachment":[{"href":"https:\/\/roveyayinevi.com.tr\/index.php\/wp-json\/wp\/v2\/media?parent=785642"}],"wp:term":[{"taxonomy":"product_brand","embeddable":true,"href":"https:\/\/roveyayinevi.com.tr\/index.php\/wp-json\/wp\/v2\/product_brand?post=785642"},{"taxonomy":"product_cat","embeddable":true,"href":"https:\/\/roveyayinevi.com.tr\/index.php\/wp-json\/wp\/v2\/product_cat?post=785642"},{"taxonomy":"product_tag","embeddable":true,"href":"https:\/\/roveyayinevi.com.tr\/index.php\/wp-json\/wp\/v2\/product_tag?post=785642"}],"curies":[{"name":"wp","href":"https:\/\/api.w.org\/{rel}","templated":true}]}}