{"id":785629,"date":"2026-04-05T03:49:10","date_gmt":"2026-04-05T00:49:10","guid":{"rendered":"https:\/\/roveyayinevi.com.tr\/index.php\/urun\/kuslar-bize-ne-ogretir\/"},"modified":"2026-04-12T03:38:25","modified_gmt":"2026-04-12T00:38:25","slug":"kuslar-bize-ne-ogretir","status":"publish","type":"product","link":"https:\/\/roveyayinevi.com.tr\/index.php\/urun\/kuslar-bize-ne-ogretir\/","title":{"rendered":"Ku\u015flar Bize Ne \u00d6\u011fretir?"},"content":{"rendered":"<p>Ba\u015f\u0131m\u0131 g\u00f6ky\u00fcz\u00fcnden yere do\u011fru e\u011fiyorum. Etraf\u0131mdaki insanlar hep a\u015fa\u011f\u0131 bak\u0131yor. Yukar\u0131da bir harikalar diyar\u0131 var amaonlar m\u00fcjdeyi duymam\u0131\u015flar.\u00c7o\u011fu insan ku\u015flar\u0131 ger\u00e7ekten tan\u0131maz ya da daha do\u011frusu, onlar\u0131n fark\u0131nda de\u011fildir. Oyuncu Lili Taylor da bir zamanlarb\u00f6yle biriydi. Ku\u015flar\u0131n var oldu\u011funu biliyor, hatta ortalama bir insandan daha \u00e7ok d\u00fc\u015f\u00fcn\u00fcyor ama onlar\u0131 ger\u00e7ekten tan\u0131m\u0131yordu. Ta ki \u201cbir \u015fey\u201d olana kadar. On iki k\u0131sa denemeden olu\u015fan bu se\u00e7ki boyunca Taylor, kalbini ve hayal g\u00fcc\u00fcn\u00fcetkileyen samimi kar\u015f\u0131la\u015fmalar\u0131 payla\u015f\u0131yor:A\u011fa\u00e7lar\u0131n aras\u0131nda fark etti\u011fi ya da hi\u00e7 tan\u0131mad\u0131\u011f\u0131 insanlarla yan yana durup izledi\u011fi ku\u015flar\u0131, bah\u00e7esinde b\u00fcy\u00fcyen yavrular\u0131n verdi\u011fi heyecan\u0131, bamba\u015fka bir ger\u00e7ekli\u011fi sessizce g\u00f6zlemlemenin yaratt\u0131\u011f\u0131 k\u00fc\u00e7\u00fck ama derin mutlulu\u011fu anlat\u0131yor. Sonra bize f\u0131s\u0131ld\u0131yor; ku\u015flara, g\u00f6ky\u00fcz\u00fcne, d\u00fcnyaya yeni g\u00f6zlerle bakabilmek ola\u011fan\u00fcst\u00fc bir \u015fey.<\/p>\n","protected":false},"excerpt":{"rendered":"<p>Ba\u015f\u0131m\u0131 g\u00f6ky\u00fcz\u00fcnden yere do\u011fru e\u011fiyorum. Etraf\u0131mdaki insanlar hep a\u015fa\u011f\u0131 bak\u0131yor. Yukar\u0131da bir harikalar diyar\u0131 var amaonlar m\u00fcjdeyi duymam\u0131\u015flar.\u00c7o\u011fu insan ku\u015flar\u0131 ger\u00e7ekten tan\u0131maz ya da daha do\u011frusu,<span class=\"excerpt-hellip\"> [\u2026]<\/span><\/p>\n","protected":false},"featured_media":0,"template":"","meta":{"_monsterinsights_skip_tracking":false,"_monsterinsights_sitenote_active":false,"_monsterinsights_sitenote_note":"","_monsterinsights_sitenote_category":0},"product_brand":[],"product_cat":[12364,12376],"product_tag":[],"class_list":{"0":"post-785629","1":"product","2":"type-product","3":"status-publish","5":"product_cat-genel-konular","6":"product_cat-kisisel-gelisim","7":"pa_cilt-ciltsiz","8":"pa_tur-kitap","9":"pa_yayinevi-literatur-yayinevi","10":"pa_yazar-lili-taylor","12":"first","13":"instock","14":"sale","15":"shipping-taxable","16":"purchasable","17":"product-type-simple"},"_links":{"self":[{"href":"https:\/\/roveyayinevi.com.tr\/index.php\/wp-json\/wp\/v2\/product\/785629","targetHints":{"allow":["GET"]}}],"collection":[{"href":"https:\/\/roveyayinevi.com.tr\/index.php\/wp-json\/wp\/v2\/product"}],"about":[{"href":"https:\/\/roveyayinevi.com.tr\/index.php\/wp-json\/wp\/v2\/types\/product"}],"wp:attachment":[{"href":"https:\/\/roveyayinevi.com.tr\/index.php\/wp-json\/wp\/v2\/media?parent=785629"}],"wp:term":[{"taxonomy":"product_brand","embeddable":true,"href":"https:\/\/roveyayinevi.com.tr\/index.php\/wp-json\/wp\/v2\/product_brand?post=785629"},{"taxonomy":"product_cat","embeddable":true,"href":"https:\/\/roveyayinevi.com.tr\/index.php\/wp-json\/wp\/v2\/product_cat?post=785629"},{"taxonomy":"product_tag","embeddable":true,"href":"https:\/\/roveyayinevi.com.tr\/index.php\/wp-json\/wp\/v2\/product_tag?post=785629"}],"curies":[{"name":"wp","href":"https:\/\/api.w.org\/{rel}","templated":true}]}}