{"id":785619,"date":"2026-04-05T03:48:03","date_gmt":"2026-04-05T00:48:03","guid":{"rendered":"https:\/\/roveyayinevi.com.tr\/index.php\/urun\/korku-kirmizi-hayat-maviydi\/"},"modified":"2026-04-15T03:48:48","modified_gmt":"2026-04-15T00:48:48","slug":"korku-kirmizi-hayat-maviydi","status":"publish","type":"product","link":"https:\/\/roveyayinevi.com.tr\/index.php\/urun\/korku-kirmizi-hayat-maviydi\/","title":{"rendered":"Korku K\u0131rm\u0131z\u0131 Hayat Maviydi"},"content":{"rendered":"<p>Korku K\u0131rm\u0131z\u0131 Hayat Maviydi, ola\u011fan d\u0131\u015f\u0131l\u0131kla ger\u00e7eklik aras\u0131nda uzanan yol \u00fczerindeki hayat a\u011fac\u0131n\u0131n ac\u0131, tatl\u0131, ek\u015fi, tuzlu, kekre meyvelerinden birer tad\u0131ml\u0131k sunuyor.Yazar, s\u00fcrg\u00fcn ve aray\u0131\u015f \u00f6yk\u00fcs\u00fcn\u00fcn aralar\u0131na serpti\u011fi grotesk \u00fcnitelerle farkl\u0131 bir kurgu ve bi\u00e7im sergileyerek al\u0131\u015f\u0131lm\u0131\u015ftan s\u0131ra d\u0131\u015f\u0131l\u0131\u011fa, \u00f6zg\u00fcnl\u00fc\u011fe ad\u0131m at\u0131yor.Edebiyattaki bu grotesk yaz\u0131m bi\u00e7imi, ger\u00e7ek d\u00fcnyayla ola\u011fan d\u0131\u015f\u0131 d\u00fcnyan\u0131n iklimlerini bulu\u015ftururken mizahi de\u011finilerle insana ve hayata dair ironik g\u00f6ndermelerde bulunuyor.Tarihin farkl\u0131 zaman dilimlerini ayn\u0131 kav\u015fakta kesi\u015ftiren yazar, insan denilen canl\u0131n\u0131n doyumsuz bir h\u0131rsla \u015fi\u015firilmi\u015f benli\u011fine ve hayat\u0131n \u201chi\u00e7\u201dli\u011fine dikkat \u00e7ekiyor ve \u201c\u00d6l\u00fcm, canl\u0131lar evreninde mutlak ve yenilmez tek g\u00fc\u00e7t\u00fcr. \u00d6m\u00fcr denilen zaman dilimi ne kadar uzun olursa olsun, sonsuzluk i\u00e7inde bir \u2018hi\u00e7\u2019tir. Bu \u2018hi\u00e7\u2019lik sonsuzlu\u011fundaki varolu\u015f \u00e7aresizli\u011fine kar\u015f\u0131 var kalma direni\u015fi bir avuntudur\u201d diyor.<\/p>\n","protected":false},"excerpt":{"rendered":"<p>Korku K\u0131rm\u0131z\u0131 Hayat Maviydi, ola\u011fan d\u0131\u015f\u0131l\u0131kla ger\u00e7eklik aras\u0131nda uzanan yol \u00fczerindeki hayat a\u011fac\u0131n\u0131n ac\u0131, tatl\u0131, ek\u015fi, tuzlu, kekre meyvelerinden birer tad\u0131ml\u0131k sunuyor.Yazar, s\u00fcrg\u00fcn ve aray\u0131\u015f \u00f6yk\u00fcs\u00fcn\u00fcn<span class=\"excerpt-hellip\"> [\u2026]<\/span><\/p>\n","protected":false},"featured_media":0,"template":"","meta":{"_monsterinsights_skip_tracking":false,"_monsterinsights_sitenote_active":false,"_monsterinsights_sitenote_note":"","_monsterinsights_sitenote_category":0},"product_brand":[],"product_cat":[12291,12711],"product_tag":[],"class_list":{"0":"post-785619","1":"product","2":"type-product","3":"status-publish","5":"product_cat-edebiyat","6":"product_cat-roman-oyku","7":"pa_cilt-ciltsiz","8":"pa_tur-kitap","9":"pa_yayinevi-tekin-yayinevi","10":"pa_yazar-serafettin-halis","12":"first","13":"instock","14":"sale","15":"shipping-taxable","16":"purchasable","17":"product-type-simple"},"_links":{"self":[{"href":"https:\/\/roveyayinevi.com.tr\/index.php\/wp-json\/wp\/v2\/product\/785619","targetHints":{"allow":["GET"]}}],"collection":[{"href":"https:\/\/roveyayinevi.com.tr\/index.php\/wp-json\/wp\/v2\/product"}],"about":[{"href":"https:\/\/roveyayinevi.com.tr\/index.php\/wp-json\/wp\/v2\/types\/product"}],"wp:attachment":[{"href":"https:\/\/roveyayinevi.com.tr\/index.php\/wp-json\/wp\/v2\/media?parent=785619"}],"wp:term":[{"taxonomy":"product_brand","embeddable":true,"href":"https:\/\/roveyayinevi.com.tr\/index.php\/wp-json\/wp\/v2\/product_brand?post=785619"},{"taxonomy":"product_cat","embeddable":true,"href":"https:\/\/roveyayinevi.com.tr\/index.php\/wp-json\/wp\/v2\/product_cat?post=785619"},{"taxonomy":"product_tag","embeddable":true,"href":"https:\/\/roveyayinevi.com.tr\/index.php\/wp-json\/wp\/v2\/product_tag?post=785619"}],"curies":[{"name":"wp","href":"https:\/\/api.w.org\/{rel}","templated":true}]}}