{"id":785618,"date":"2026-04-05T03:47:57","date_gmt":"2026-04-05T00:47:57","guid":{"rendered":"https:\/\/roveyayinevi.com.tr\/index.php\/urun\/bizim-burada-ne-isimiz-var\/"},"modified":"2026-04-15T03:48:48","modified_gmt":"2026-04-15T00:48:48","slug":"bizim-burada-ne-isimiz-var","status":"publish","type":"product","link":"https:\/\/roveyayinevi.com.tr\/index.php\/urun\/bizim-burada-ne-isimiz-var\/","title":{"rendered":"Bizim Burada Ne \u0130\u015fimiz Var?"},"content":{"rendered":"<p>Furkan bir yandan ya\u015fad\u0131\u011f\u0131 a\u011f\u0131r ko\u015fullara yazarak katlan\u0131rken, bir yandan da tarihsel bir tan\u0131kl\u0131\u011f\u0131 yerine getiriyor. Bunu \u015fahane bir \u015fekilde yap\u0131yor, t\u0131pk\u0131 kendisinden \u00f6nceki yazarlar\u0131m\u0131z\u0131n yapt\u0131\u011f\u0131 gibi. Ve kitab\u0131n son sat\u0131rlar\u0131n\u0131 bitirip \u00f6ylece kald\u0131\u011f\u0131m\u0131zda akl\u0131m\u0131zdan \u015funlar ge\u00e7iyor: \u0130nsan bu hale d\u00fc\u015f\u00fcr\u00fclmemeli. \u0130nsan bu hale d\u00fc\u015f\u00fcr\u00fclm\u00fc\u015fse, insan insanl\u0131\u011f\u0131ndan utanmal\u0131.Ahmet \u00dcmitKimilerine \u00e7\u0131lg\u0131nl\u0131k, kimilerine deli cesareti gibi gelebilir Furkan\u2019\u0131n yapt\u0131klar\u0131. Onu ayakta tutan hakikate duydu\u011fu a\u015fk ve onu hayk\u0131rma iste\u011fiydi. C\u00fcmlelerini ku\u015fan\u0131p m\u00fccadele etti.Sami Mente\u015fFurkan\u2019\u0131 kapatan, terbiye etmeye \u00e7al\u0131\u015fan sanr\u0131 sahibi korkaklar\u0131n can\u0131n\u0131 s\u0131kan \u201chararetli vicdan\u201d girdi\u011fi hapishanenin ger\u00e7eklerini en yal\u0131n haliyle milyonlarla bulu\u015fturuyor.Can Bursal\u0131Bu kitap, yarg\u0131 sopas\u0131yla tutsak edildi\u011fi san\u0131lan bir gazetecinin ne olursa olsun yazmaya, tan\u0131kl\u0131k etmeye devam etti\u011finin g\u00f6stergesi. Ve en \u00f6nemlisi, Furkan\u2019\u0131n \u00f6yk\u00fclerinde tekrar etti\u011fi s\u00f6z\u00fc tuttu\u011funun da kan\u0131t\u0131: \u201cSizi unutmad\u0131m; \u00f6l\u00fcms\u00fczle\u015ftirdim.\u201dIlgaz G\u00f6k\u0131rmakl\u0131<\/p>\n","protected":false},"excerpt":{"rendered":"<p>Furkan bir yandan ya\u015fad\u0131\u011f\u0131 a\u011f\u0131r ko\u015fullara yazarak katlan\u0131rken, bir yandan da tarihsel bir tan\u0131kl\u0131\u011f\u0131 yerine getiriyor. Bunu \u015fahane bir \u015fekilde yap\u0131yor, t\u0131pk\u0131 kendisinden \u00f6nceki yazarlar\u0131m\u0131z\u0131n yapt\u0131\u011f\u0131<span class=\"excerpt-hellip\"> [\u2026]<\/span><\/p>\n","protected":false},"featured_media":0,"template":"","meta":{"_monsterinsights_skip_tracking":false,"_monsterinsights_sitenote_active":false,"_monsterinsights_sitenote_note":"","_monsterinsights_sitenote_category":0},"product_brand":[],"product_cat":[12291,18202],"product_tag":[],"class_list":{"0":"post-785618","1":"product","2":"type-product","3":"status-publish","5":"product_cat-edebiyat","6":"product_cat-hikaye","7":"pa_cilt-ciltsiz","8":"pa_tur-kitap","9":"pa_yayinevi-tekin-yayinevi","10":"pa_yazar-furkan-karabay","12":"first","13":"instock","14":"sale","15":"shipping-taxable","16":"purchasable","17":"product-type-simple"},"_links":{"self":[{"href":"https:\/\/roveyayinevi.com.tr\/index.php\/wp-json\/wp\/v2\/product\/785618","targetHints":{"allow":["GET"]}}],"collection":[{"href":"https:\/\/roveyayinevi.com.tr\/index.php\/wp-json\/wp\/v2\/product"}],"about":[{"href":"https:\/\/roveyayinevi.com.tr\/index.php\/wp-json\/wp\/v2\/types\/product"}],"wp:attachment":[{"href":"https:\/\/roveyayinevi.com.tr\/index.php\/wp-json\/wp\/v2\/media?parent=785618"}],"wp:term":[{"taxonomy":"product_brand","embeddable":true,"href":"https:\/\/roveyayinevi.com.tr\/index.php\/wp-json\/wp\/v2\/product_brand?post=785618"},{"taxonomy":"product_cat","embeddable":true,"href":"https:\/\/roveyayinevi.com.tr\/index.php\/wp-json\/wp\/v2\/product_cat?post=785618"},{"taxonomy":"product_tag","embeddable":true,"href":"https:\/\/roveyayinevi.com.tr\/index.php\/wp-json\/wp\/v2\/product_tag?post=785618"}],"curies":[{"name":"wp","href":"https:\/\/api.w.org\/{rel}","templated":true}]}}