{"id":785581,"date":"2026-04-05T03:44:32","date_gmt":"2026-04-05T00:44:32","guid":{"rendered":"https:\/\/roveyayinevi.com.tr\/index.php\/urun\/lukayi-bulmak\/"},"modified":"2026-04-15T03:48:46","modified_gmt":"2026-04-15T00:48:46","slug":"lukayi-bulmak","status":"publish","type":"product","link":"https:\/\/roveyayinevi.com.tr\/index.php\/urun\/lukayi-bulmak\/","title":{"rendered":"Luka&#8217;y\u0131 Bulmak"},"content":{"rendered":"<p>Clecanial\u0131lar\u0131n d\u00fc\u015f\u00fck do\u011fum oran\u0131na bir tedavi bulmay\u0131 uman Luka, t\u00fcm hayat\u0131n\u0131 do\u011furganl\u0131k \u00fczerine ara\u015ft\u0131rmalar yaparak ge\u00e7irmi\u015fti. \u00c7al\u0131\u015ft\u0131\u011f\u0131 y\u0131llar boyunca \u00e7ok az bir ilerleme kaydedebilmi\u015fti, bu y\u00fczden uyumlu t\u00fcrleri gezegenlerinden ka\u00e7\u0131rmaya y\u00f6nelik \u015feytani bir plan oldu\u011funu \u00f6\u011frenince \u00f6fkeden deliye d\u00f6nm\u00fc\u015ft\u00fc. Ancak ke\u015ffettiklerini hi\u00e7 kimseye anlatamadan yakalanm\u0131\u015f, uyu\u015fturulmu\u015f ve bir h\u00fccreye at\u0131lm\u0131\u015ft\u0131.Sonunda hayat\u0131n\u0131 d\u00fczene soktu\u011funu d\u00fc\u015f\u00fcnen Alice, s\u00fcr\u00fcngenimsi baz\u0131 yarat\u0131klar taraf\u0131ndan gezegeninden ka\u00e7\u0131r\u0131lm\u0131\u015ft\u0131. \u00dcstelik sonras\u0131nda bir t\u00fcr \u00fcreme deneyi i\u00e7in ate\u015fli ve dengesiz bir uzayl\u0131yla ayn\u0131 h\u00fccreye kapat\u0131lm\u0131\u015ft\u0131. Ge\u00e7en her yeni g\u00fcnle birlikte kalbine s\u00f6z ge\u00e7irmek onun i\u00e7in zorla\u015f\u0131yordu, Luka\u2019yla bu karanl\u0131k h\u00fccre d\u0131\u015f\u0131nda nas\u0131l bir hayatlar\u0131 olabilece\u011fini d\u00fc\u015f\u00fcnmeden edemiyordu. Kurtulduktan sonra belirsiz ili\u015fkileri bu gezegende hayatta kalabilecek miydi?Alice\u2019in bildi\u011fi tek \u015fey, hayat\u0131n\u0131n bir daha asla eskisi gibi olmayaca\u011f\u0131yd\u0131.<\/p>\n","protected":false},"excerpt":{"rendered":"<p>Clecanial\u0131lar\u0131n d\u00fc\u015f\u00fck do\u011fum oran\u0131na bir tedavi bulmay\u0131 uman Luka, t\u00fcm hayat\u0131n\u0131 do\u011furganl\u0131k \u00fczerine ara\u015ft\u0131rmalar yaparak ge\u00e7irmi\u015fti. \u00c7al\u0131\u015ft\u0131\u011f\u0131 y\u0131llar boyunca \u00e7ok az bir ilerleme kaydedebilmi\u015fti, bu y\u00fczden<span class=\"excerpt-hellip\"> [\u2026]<\/span><\/p>\n","protected":false},"featured_media":0,"template":"","meta":{"_monsterinsights_skip_tracking":false,"_monsterinsights_sitenote_active":false,"_monsterinsights_sitenote_note":"","_monsterinsights_sitenote_category":0},"product_brand":[],"product_cat":[12291,12711],"product_tag":[],"class_list":{"0":"post-785581","1":"product","2":"type-product","3":"status-publish","5":"product_cat-edebiyat","6":"product_cat-roman-oyku","7":"pa_cilt-ciltsiz","8":"pa_tur-kitap","9":"pa_yayinevi-pukka-yayinlari","10":"pa_yazar-victoria-aveline","12":"first","13":"instock","14":"sale","15":"shipping-taxable","16":"purchasable","17":"product-type-simple"},"_links":{"self":[{"href":"https:\/\/roveyayinevi.com.tr\/index.php\/wp-json\/wp\/v2\/product\/785581","targetHints":{"allow":["GET"]}}],"collection":[{"href":"https:\/\/roveyayinevi.com.tr\/index.php\/wp-json\/wp\/v2\/product"}],"about":[{"href":"https:\/\/roveyayinevi.com.tr\/index.php\/wp-json\/wp\/v2\/types\/product"}],"wp:attachment":[{"href":"https:\/\/roveyayinevi.com.tr\/index.php\/wp-json\/wp\/v2\/media?parent=785581"}],"wp:term":[{"taxonomy":"product_brand","embeddable":true,"href":"https:\/\/roveyayinevi.com.tr\/index.php\/wp-json\/wp\/v2\/product_brand?post=785581"},{"taxonomy":"product_cat","embeddable":true,"href":"https:\/\/roveyayinevi.com.tr\/index.php\/wp-json\/wp\/v2\/product_cat?post=785581"},{"taxonomy":"product_tag","embeddable":true,"href":"https:\/\/roveyayinevi.com.tr\/index.php\/wp-json\/wp\/v2\/product_tag?post=785581"}],"curies":[{"name":"wp","href":"https:\/\/api.w.org\/{rel}","templated":true}]}}