{"id":785567,"date":"2026-04-05T03:43:15","date_gmt":"2026-04-05T00:43:15","guid":{"rendered":"https:\/\/roveyayinevi.com.tr\/index.php\/urun\/kalbimdeki-bicak-ciltli\/"},"modified":"2026-04-15T03:48:45","modified_gmt":"2026-04-15T00:48:45","slug":"kalbimdeki-bicak-ciltli","status":"publish","type":"product","link":"https:\/\/roveyayinevi.com.tr\/index.php\/urun\/kalbimdeki-bicak-ciltli\/","title":{"rendered":"Kalbimdeki B\u0131\u00e7ak (Ciltli)"},"content":{"rendered":"<p>Karanl\u0131k. \u00d6l\u00fcmc\u00fcl. Kar\u015f\u0131 konulamaz. Cameron Mortem\u2019in bir problemi vard\u0131: Ortaklar\u0131n\u0131 \u00f6ld\u00fcrmeden duram\u0131yordu. Ak\u0131l sa\u011fl\u0131\u011f\u0131n\u0131n yerinde olmad\u0131\u011f\u0131 resmen kan\u0131tlanan Mortem itaat, hayatta kalma ve sessizlik \u00fczerine kurulmu\u015f ac\u0131mas\u0131z bir gizli askeri operasyon olan G\u00f6lge Birlikler\u2019in en \u00f6l\u00fcmc\u00fcl \u00fcyelerindendi. Ancak deneysel bir ila\u00e7, onun kontrol\u00fcn\u00fc tamamen kaybetmesine yol a\u00e7t\u0131. Bu da Cameron\u2019\u0131 sahada bamba\u015fka biri haline getirdi. Ceza olarak, zay\u0131flar\u0131 elemek ve ac\u0131mas\u0131z olanlar\u0131 daha da sertle\u015ftirmek i\u00e7in tasarlanm\u0131\u015f Yeralt\u0131 Denemeleri\u2019ne geri g\u00f6nderildi. Ald\u0131\u011f\u0131 tek bir emir vard\u0131: Yeni k\u0131z\u0131 \u00f6ld\u00fcrmemek. Emery Maves, i\u015fledi\u011fi vah\u015fi su\u00e7lar\u0131n ard\u0131ndan idam cezas\u0131ndan son anda kurtulsa da kendini yine \u015fiddetin h\u00fck\u00fcm s\u00fcrd\u00fc\u011f\u00fc bir d\u00fcnyan\u0131n i\u00e7inde buldu. Cameron\u2019\u0131n yan\u0131na verilen Emery\u2019nin, hem denemelerden hem de partnerinin dengesiz ruh halinden sa\u011f \u00e7\u0131kmas\u0131 bekleniyordu. Ancak k\u0131sa s\u00fcrede fark etti ki Cameron, kana susam\u0131\u015f bir katilden \u00e7ok daha fazlas\u0131yd\u0131. O delili\u011fin alt\u0131nda, korkutucu bir cazibe ve tehlikeli bir \u015fefkat yat\u0131yordu. Denemeler, ikisinin de s\u0131n\u0131rlar\u0131n\u0131 zorlarken Emery, onu hem koruyabilecek hem de tek bir hamlede \u00f6ld\u00fcrebilecek bir adam\u0131n \u00e7ekimine kar\u015f\u0131 direnmeye \u00e7al\u0131\u015f\u0131yordu. Ayn\u0131 zamanda G\u00f6lge Birlikler\u2019in ac\u0131mas\u0131z emirlerini yerine getirmesi gerekiyordu. Cameron ise asla bast\u0131ramad\u0131\u011f\u0131 o tek d\u00fcrt\u00fcyle sava\u015fmak zorundayd\u0131. Aralar\u0131nda \u015fiddetten do\u011fan sarho\u015f edici ve karma\u015f\u0131k bir ba\u011f geli\u015fti. Ve o ba\u011f onlar\u0131 yok etmezse\u2026 belki de kurtulu\u015flar\u0131 olabilirdi.<\/p>\n","protected":false},"excerpt":{"rendered":"<p>Karanl\u0131k. \u00d6l\u00fcmc\u00fcl. Kar\u015f\u0131 konulamaz. Cameron Mortem\u2019in bir problemi vard\u0131: Ortaklar\u0131n\u0131 \u00f6ld\u00fcrmeden duram\u0131yordu. Ak\u0131l sa\u011fl\u0131\u011f\u0131n\u0131n yerinde olmad\u0131\u011f\u0131 resmen kan\u0131tlanan Mortem itaat, hayatta kalma ve sessizlik \u00fczerine kurulmu\u015f<span class=\"excerpt-hellip\"> [\u2026]<\/span><\/p>\n","protected":false},"featured_media":0,"template":"","meta":{"_monsterinsights_skip_tracking":false,"_monsterinsights_sitenote_active":false,"_monsterinsights_sitenote_note":"","_monsterinsights_sitenote_category":0},"product_brand":[],"product_cat":[12291,12711],"product_tag":[],"class_list":{"0":"post-785567","1":"product","2":"type-product","3":"status-publish","5":"product_cat-edebiyat","6":"product_cat-roman-oyku","7":"pa_cilt-ciltsiz","8":"pa_tur-kitap","9":"pa_yayinevi-pukka-yayinlari","10":"pa_yazar-k-m-moronova","12":"first","13":"instock","14":"sale","15":"shipping-taxable","16":"purchasable","17":"product-type-simple"},"_links":{"self":[{"href":"https:\/\/roveyayinevi.com.tr\/index.php\/wp-json\/wp\/v2\/product\/785567","targetHints":{"allow":["GET"]}}],"collection":[{"href":"https:\/\/roveyayinevi.com.tr\/index.php\/wp-json\/wp\/v2\/product"}],"about":[{"href":"https:\/\/roveyayinevi.com.tr\/index.php\/wp-json\/wp\/v2\/types\/product"}],"wp:attachment":[{"href":"https:\/\/roveyayinevi.com.tr\/index.php\/wp-json\/wp\/v2\/media?parent=785567"}],"wp:term":[{"taxonomy":"product_brand","embeddable":true,"href":"https:\/\/roveyayinevi.com.tr\/index.php\/wp-json\/wp\/v2\/product_brand?post=785567"},{"taxonomy":"product_cat","embeddable":true,"href":"https:\/\/roveyayinevi.com.tr\/index.php\/wp-json\/wp\/v2\/product_cat?post=785567"},{"taxonomy":"product_tag","embeddable":true,"href":"https:\/\/roveyayinevi.com.tr\/index.php\/wp-json\/wp\/v2\/product_tag?post=785567"}],"curies":[{"name":"wp","href":"https:\/\/api.w.org\/{rel}","templated":true}]}}