{"id":785560,"date":"2026-04-05T03:42:37","date_gmt":"2026-04-05T00:42:37","guid":{"rendered":"https:\/\/roveyayinevi.com.tr\/index.php\/urun\/ay-isigi-ve-yakamoz-ciltli\/"},"modified":"2026-04-15T03:48:45","modified_gmt":"2026-04-15T00:48:45","slug":"ay-isigi-ve-yakamoz-ciltli","status":"publish","type":"product","link":"https:\/\/roveyayinevi.com.tr\/index.php\/urun\/ay-isigi-ve-yakamoz-ciltli\/","title":{"rendered":"Ay I\u015f\u0131\u011f\u0131 ve Yakamoz (Ciltli)"},"content":{"rendered":"<p>G\u00fclce, a\u015fk\u0131ndan bihaber olan adama kalbini kapt\u0131rmamak i\u00e7in \u00e7ok m\u00fccadele vermi\u015fti. \u00c7\u00fcnk\u00fc o adam; Bozcaada\u2019daki kar\u015f\u0131 kom\u015fusunun birlikte b\u00fcy\u00fcd\u00fc\u011f\u00fc o\u011flu, abisinin bir zamanlar en yak\u0131n arkada\u015f\u0131yd\u0131.Sancak Erkuran. \u00c7ocukluk a\u015fk\u0131, ilk kalp k\u0131r\u0131kl\u0131\u011f\u0131&#8230;Sonra bir g\u00fcn, Sancak kar\u015f\u0131s\u0131na ge\u00e7ip g\u00f6zlerinin i\u00e7ine baka baka bana art\u0131k abi deme dedi\u011finde tek bir c\u00fcmleyle t\u00fcm dengeleri bozmu\u015f ve G\u00fclce\u2019nin kalbini alt\u00fcst etmeyi ba\u015farm\u0131\u015ft\u0131.Fakat hayat, a\u015fk kadar ac\u0131mas\u0131zd\u0131.\u0130\u015fiyle a\u015fk\u0131 aras\u0131nda bir tercih yapmak zorunda kalan Sancak, yolunu vatan\u0131ndan yana se\u00e7mi\u015fti. Y\u0131llard\u0131r i\u00e7inde b\u00fcy\u00fctt\u00fc\u011f\u00fc sevdas\u0131n\u0131n k\u00fcllerini kalbine hapsetmi\u015f, ard\u0131na bile bakmadan sessizce gitmek zorunda kalm\u0131\u015ft\u0131.G\u00fclce, o gidi\u015fin i\u00e7inde a\u00e7t\u0131\u011f\u0131 derin bo\u015flukla b\u00fcy\u00fcy\u00fcp g\u00fc\u00e7lense de kalbindeki k\u00fcller hi\u00e7 s\u00f6nmemi\u015fti. Zaman ge\u00e7ip yaralar kabuk ba\u011flasa da Sancak\u2019\u0131n ad\u0131 her an\u0131ld\u0131\u011f\u0131nda kalbi ayn\u0131 yerden s\u0131zl\u0131yordu. Kader, yollar\u0131n\u0131 bir kez daha kesi\u015ftirdi\u011findeyse bu defa her \u015fey daha farkl\u0131 olacakt\u0131. \u00c7\u00fcnk\u00fc baz\u0131 a\u015fklar yar\u0131m kalmayacak kadar derindi.\u00c7\u00fcnk\u00fc kalp, ait oldu\u011fu yere elbet geri d\u00f6nerdi.<\/p>\n","protected":false},"excerpt":{"rendered":"<p>G\u00fclce, a\u015fk\u0131ndan bihaber olan adama kalbini kapt\u0131rmamak i\u00e7in \u00e7ok m\u00fccadele vermi\u015fti. \u00c7\u00fcnk\u00fc o adam; Bozcaada\u2019daki kar\u015f\u0131 kom\u015fusunun birlikte b\u00fcy\u00fcd\u00fc\u011f\u00fc o\u011flu, abisinin bir zamanlar en yak\u0131n arkada\u015f\u0131yd\u0131.Sancak<span class=\"excerpt-hellip\"> [\u2026]<\/span><\/p>\n","protected":false},"featured_media":0,"template":"","meta":{"_monsterinsights_skip_tracking":false,"_monsterinsights_sitenote_active":false,"_monsterinsights_sitenote_note":"","_monsterinsights_sitenote_category":0},"product_brand":[],"product_cat":[12291,12711],"product_tag":[],"class_list":{"0":"post-785560","1":"product","2":"type-product","3":"status-publish","5":"product_cat-edebiyat","6":"product_cat-roman-oyku","7":"pa_cilt-ciltsiz","8":"pa_tur-kitap","9":"pa_yayinevi-pukka-yayinlari","10":"pa_yazar-umran-tan","12":"first","13":"instock","14":"sale","15":"shipping-taxable","16":"purchasable","17":"product-type-simple"},"_links":{"self":[{"href":"https:\/\/roveyayinevi.com.tr\/index.php\/wp-json\/wp\/v2\/product\/785560","targetHints":{"allow":["GET"]}}],"collection":[{"href":"https:\/\/roveyayinevi.com.tr\/index.php\/wp-json\/wp\/v2\/product"}],"about":[{"href":"https:\/\/roveyayinevi.com.tr\/index.php\/wp-json\/wp\/v2\/types\/product"}],"wp:attachment":[{"href":"https:\/\/roveyayinevi.com.tr\/index.php\/wp-json\/wp\/v2\/media?parent=785560"}],"wp:term":[{"taxonomy":"product_brand","embeddable":true,"href":"https:\/\/roveyayinevi.com.tr\/index.php\/wp-json\/wp\/v2\/product_brand?post=785560"},{"taxonomy":"product_cat","embeddable":true,"href":"https:\/\/roveyayinevi.com.tr\/index.php\/wp-json\/wp\/v2\/product_cat?post=785560"},{"taxonomy":"product_tag","embeddable":true,"href":"https:\/\/roveyayinevi.com.tr\/index.php\/wp-json\/wp\/v2\/product_tag?post=785560"}],"curies":[{"name":"wp","href":"https:\/\/api.w.org\/{rel}","templated":true}]}}