{"id":785548,"date":"2026-04-05T03:41:31","date_gmt":"2026-04-05T00:41:31","guid":{"rendered":"https:\/\/roveyayinevi.com.tr\/index.php\/urun\/inferno-3-ciltli-kolyeli\/"},"modified":"2026-04-15T03:48:45","modified_gmt":"2026-04-15T00:48:45","slug":"inferno-3-ciltli-kolyeli","status":"publish","type":"product","link":"https:\/\/roveyayinevi.com.tr\/index.php\/urun\/inferno-3-ciltli-kolyeli\/","title":{"rendered":"\u0130nferno 3 ( Ciltli &#8211; Kolyeli)"},"content":{"rendered":"<p>Cehennemin dibinden araf\u0131n bo\u015flu\u011funa ula\u015fan Demir Karada\u011f ve Helen Saral i\u00e7in art\u0131k cennete kavu\u015fma vakti gelmi\u015ftir. Hades ve Persephone s\u0131navlar\u0131n\u0131 vermi\u015f, herkese ve her \u015feye ra\u011fmen birbirlerini se\u00e7mi\u015ftir. S\u0131rlar\u0131n ve ge\u00e7mi\u015flerinde kalan ac\u0131 ger\u00e7eklerin onlara engel olmas\u0131na m\u00fcsaade etmeyen ikili, herkese kar\u015f\u0131 bir olmu\u015ftur. Fakat kopan k\u0131yametin ard\u0131ndan ortaya \u00e7\u0131kan mah\u015fer g\u00fcn\u00fcnde yanan Helen ile Demir art\u0131k sadece sava\u015fmak de\u011fil, o sava\u015f\u0131 kazanmak zorundad\u0131r. Sadece kendileri i\u00e7in de\u011fil, evleri olarak g\u00f6rd\u00fckleri \u0130nferno ve aileleri i\u00e7in de. Cehennemin kral ve krali\u00e7esi, j\u00fcbilelerini yaparken hik\u00e2ye b\u00fct\u00fcn aksiyonu, gizemi ve heyecan\u0131yla veda etmek \u00fczere geri d\u00f6n\u00fcyor.<\/p>\n","protected":false},"excerpt":{"rendered":"<p>Cehennemin dibinden araf\u0131n bo\u015flu\u011funa ula\u015fan Demir Karada\u011f ve Helen Saral i\u00e7in art\u0131k cennete kavu\u015fma vakti gelmi\u015ftir. Hades ve Persephone s\u0131navlar\u0131n\u0131 vermi\u015f, herkese ve her \u015feye ra\u011fmen<span class=\"excerpt-hellip\"> [\u2026]<\/span><\/p>\n","protected":false},"featured_media":0,"template":"","meta":{"_monsterinsights_skip_tracking":false,"_monsterinsights_sitenote_active":false,"_monsterinsights_sitenote_note":"","_monsterinsights_sitenote_category":0},"product_brand":[],"product_cat":[12291,12711],"product_tag":[],"class_list":{"0":"post-785548","1":"product","2":"type-product","3":"status-publish","5":"product_cat-edebiyat","6":"product_cat-roman-oyku","7":"pa_cilt-ciltsiz","8":"pa_tur-kitap","9":"pa_yayinevi-pukka-yayinlari","10":"pa_yazar-asena-nisikli","12":"first","13":"instock","14":"sale","15":"shipping-taxable","16":"purchasable","17":"product-type-simple"},"_links":{"self":[{"href":"https:\/\/roveyayinevi.com.tr\/index.php\/wp-json\/wp\/v2\/product\/785548","targetHints":{"allow":["GET"]}}],"collection":[{"href":"https:\/\/roveyayinevi.com.tr\/index.php\/wp-json\/wp\/v2\/product"}],"about":[{"href":"https:\/\/roveyayinevi.com.tr\/index.php\/wp-json\/wp\/v2\/types\/product"}],"wp:attachment":[{"href":"https:\/\/roveyayinevi.com.tr\/index.php\/wp-json\/wp\/v2\/media?parent=785548"}],"wp:term":[{"taxonomy":"product_brand","embeddable":true,"href":"https:\/\/roveyayinevi.com.tr\/index.php\/wp-json\/wp\/v2\/product_brand?post=785548"},{"taxonomy":"product_cat","embeddable":true,"href":"https:\/\/roveyayinevi.com.tr\/index.php\/wp-json\/wp\/v2\/product_cat?post=785548"},{"taxonomy":"product_tag","embeddable":true,"href":"https:\/\/roveyayinevi.com.tr\/index.php\/wp-json\/wp\/v2\/product_tag?post=785548"}],"curies":[{"name":"wp","href":"https:\/\/api.w.org\/{rel}","templated":true}]}}