{"id":785529,"date":"2026-04-05T03:39:46","date_gmt":"2026-04-05T00:39:46","guid":{"rendered":"https:\/\/roveyayinevi.com.tr\/index.php\/urun\/kazazede-2-kutulu-set\/"},"modified":"2026-04-15T03:48:44","modified_gmt":"2026-04-15T00:48:44","slug":"kazazede-2-kutulu-set","status":"publish","type":"product","link":"https:\/\/roveyayinevi.com.tr\/index.php\/urun\/kazazede-2-kutulu-set\/","title":{"rendered":"Kazazede &#8211; 2 (Kutulu Set)"},"content":{"rendered":"<p>Kele\u015f Timi, vatan i\u00e7in s\u0131rt s\u0131rta verip \u00e7at\u0131\u015f\u0131rken olaylar derinle\u015fmektedir. Art\u0131k dosyaya yeni isimler girmi\u015f, d\u00fc\u015fmanlar artmaya ba\u015flam\u0131\u015ft\u0131r.T\u00fcm bunlar olurken Sezin ve Turan Alp, aralar\u0131ndaki \u00e7ekim ile tutkunun \u00f6n\u00fcne ge\u00e7emiyorlard\u0131r. Birbirlerinden nefret eden y\u00fczba\u015f\u0131 ve \u00fcste\u011fmen olarak ba\u015flad\u0131klar\u0131 bu hik\u00e2yenin gidi\u015fat\u0131 de\u011fi\u015fmi\u015ftir. Nefret, a\u015fka yenilmi\u015ftir.Ge\u00e7mi\u015f kap\u0131y\u0131 \u00e7ald\u0131\u011f\u0131nda insan saklanmay\u0131 de\u011fil, sava\u015fmay\u0131 se\u00e7melidir. Ge\u00e7mi\u015fin bir \u015fekilde kar\u015f\u0131lar\u0131na \u00e7\u0131kaca\u011f\u0131n\u0131 ve kap\u0131lar\u0131n\u0131 \u00e7alaca\u011f\u0131n\u0131 bilmeyen Sezin ile Turan Alp, ilk kez nas\u0131l sava\u015facaklar\u0131n\u0131 bilmiyorlard\u0131r.<\/p>\n","protected":false},"excerpt":{"rendered":"<p>Kele\u015f Timi, vatan i\u00e7in s\u0131rt s\u0131rta verip \u00e7at\u0131\u015f\u0131rken olaylar derinle\u015fmektedir. Art\u0131k dosyaya yeni isimler girmi\u015f, d\u00fc\u015fmanlar artmaya ba\u015flam\u0131\u015ft\u0131r.T\u00fcm bunlar olurken Sezin ve Turan Alp, aralar\u0131ndaki \u00e7ekim<span class=\"excerpt-hellip\"> [\u2026]<\/span><\/p>\n","protected":false},"featured_media":0,"template":"","meta":{"_monsterinsights_skip_tracking":false,"_monsterinsights_sitenote_active":false,"_monsterinsights_sitenote_note":"","_monsterinsights_sitenote_category":0},"product_brand":[],"product_cat":[12291,12711],"product_tag":[],"class_list":{"0":"post-785529","1":"product","2":"type-product","3":"status-publish","5":"product_cat-edebiyat","6":"product_cat-roman-oyku","7":"pa_cilt-ciltsiz","8":"pa_tur-kitap","9":"pa_yayinevi-pukka-yayinlari","10":"pa_yazar-sevval-demirdoger","12":"first","13":"instock","14":"sale","15":"shipping-taxable","16":"purchasable","17":"product-type-simple"},"_links":{"self":[{"href":"https:\/\/roveyayinevi.com.tr\/index.php\/wp-json\/wp\/v2\/product\/785529","targetHints":{"allow":["GET"]}}],"collection":[{"href":"https:\/\/roveyayinevi.com.tr\/index.php\/wp-json\/wp\/v2\/product"}],"about":[{"href":"https:\/\/roveyayinevi.com.tr\/index.php\/wp-json\/wp\/v2\/types\/product"}],"wp:attachment":[{"href":"https:\/\/roveyayinevi.com.tr\/index.php\/wp-json\/wp\/v2\/media?parent=785529"}],"wp:term":[{"taxonomy":"product_brand","embeddable":true,"href":"https:\/\/roveyayinevi.com.tr\/index.php\/wp-json\/wp\/v2\/product_brand?post=785529"},{"taxonomy":"product_cat","embeddable":true,"href":"https:\/\/roveyayinevi.com.tr\/index.php\/wp-json\/wp\/v2\/product_cat?post=785529"},{"taxonomy":"product_tag","embeddable":true,"href":"https:\/\/roveyayinevi.com.tr\/index.php\/wp-json\/wp\/v2\/product_tag?post=785529"}],"curies":[{"name":"wp","href":"https:\/\/api.w.org\/{rel}","templated":true}]}}