{"id":785504,"date":"2026-04-05T03:19:55","date_gmt":"2026-04-05T00:19:55","guid":{"rendered":"https:\/\/roveyayinevi.com.tr\/index.php\/urun\/kutlu-olsun-1-ciltli\/"},"modified":"2026-04-15T03:27:48","modified_gmt":"2026-04-15T00:27:48","slug":"kutlu-olsun-1-ciltli","status":"publish","type":"product","link":"https:\/\/roveyayinevi.com.tr\/index.php\/urun\/kutlu-olsun-1-ciltli\/","title":{"rendered":"Kutlu Olsun &#8211; 1 (Ciltli)"},"content":{"rendered":"<p>\u201c\u00d6nce R\u00fczgar girmi\u015fti kalbime, sonra sevgiyi \u00f6\u011frenmi\u015ftim.\u201d Do\u011fdu\u011fu ilk g\u00fcn yetimhaneye b\u0131rak\u0131lan R\u00fczgar, hayat\u0131 boyunca bir \u015feylere ve birilerine ba\u011flanmaktan ka\u00e7\u0131nan, so\u011fuk biridir. Ayn\u0131 yetimhanede b\u00fcy\u00fcd\u00fc\u011f\u00fc yaramaz bir k\u0131z \u00e7ocu\u011fu olan Meltem d\u0131\u015f\u0131nda da ba\u011f kurdu\u011fu kimse yoktur. Ancak aralar\u0131ndaki bu \u00f6zel ba\u011f, ailesi taraf\u0131ndan Meltem&#8217;in yetimhaneden al\u0131nmas\u0131yla kopar ve sonras\u0131nda birbirlerinden haber alamazlar. Aradan ge\u00e7en on be\u015f seneye ra\u011fmen Meltem&#8217;i aramay\u0131 hi\u00e7 b\u0131rakmayan R\u00fczgar, tam da pes etmenin e\u015fi\u011findeyken ona dair bir iz bulur ve pe\u015fine d\u00fc\u015ferek Meltem&#8217;e ula\u015f\u0131r. \u0130kisini senelerce ayr\u0131 tutan ger\u00e7e\u011fi g\u00f6rd\u00fc\u011f\u00fcnde ise R\u00fczgar&#8217;\u0131n tek bir \u00e7\u00f6z\u00fcm \u00f6nerisi vard\u0131r: Anla\u015fmal\u0131 evlilik. \u0130kisi art\u0131k ayn\u0131 soyad\u0131n\u0131 payla\u015fan, evli ev arkada\u015flar\u0131 olacakt\u0131r.<\/p>\n","protected":false},"excerpt":{"rendered":"<p>\u201c\u00d6nce R\u00fczgar girmi\u015fti kalbime, sonra sevgiyi \u00f6\u011frenmi\u015ftim.\u201d Do\u011fdu\u011fu ilk g\u00fcn yetimhaneye b\u0131rak\u0131lan R\u00fczgar, hayat\u0131 boyunca bir \u015feylere ve birilerine ba\u011flanmaktan ka\u00e7\u0131nan, so\u011fuk biridir. Ayn\u0131 yetimhanede b\u00fcy\u00fcd\u00fc\u011f\u00fc<span class=\"excerpt-hellip\"> [\u2026]<\/span><\/p>\n","protected":false},"featured_media":0,"template":"","meta":{"_monsterinsights_skip_tracking":false,"_monsterinsights_sitenote_active":false,"_monsterinsights_sitenote_note":"","_monsterinsights_sitenote_category":0},"product_brand":[],"product_cat":[12291,12711],"product_tag":[],"class_list":{"0":"post-785504","1":"product","2":"type-product","3":"status-publish","5":"product_cat-edebiyat","6":"product_cat-roman-oyku","7":"pa_cilt-ciltli","8":"pa_tur-kitap","9":"pa_yayinevi-pukka-yayinlari","10":"pa_yazar-ayca-t-k","12":"first","13":"instock","14":"sale","15":"shipping-taxable","16":"purchasable","17":"product-type-simple"},"_links":{"self":[{"href":"https:\/\/roveyayinevi.com.tr\/index.php\/wp-json\/wp\/v2\/product\/785504","targetHints":{"allow":["GET"]}}],"collection":[{"href":"https:\/\/roveyayinevi.com.tr\/index.php\/wp-json\/wp\/v2\/product"}],"about":[{"href":"https:\/\/roveyayinevi.com.tr\/index.php\/wp-json\/wp\/v2\/types\/product"}],"wp:attachment":[{"href":"https:\/\/roveyayinevi.com.tr\/index.php\/wp-json\/wp\/v2\/media?parent=785504"}],"wp:term":[{"taxonomy":"product_brand","embeddable":true,"href":"https:\/\/roveyayinevi.com.tr\/index.php\/wp-json\/wp\/v2\/product_brand?post=785504"},{"taxonomy":"product_cat","embeddable":true,"href":"https:\/\/roveyayinevi.com.tr\/index.php\/wp-json\/wp\/v2\/product_cat?post=785504"},{"taxonomy":"product_tag","embeddable":true,"href":"https:\/\/roveyayinevi.com.tr\/index.php\/wp-json\/wp\/v2\/product_tag?post=785504"}],"curies":[{"name":"wp","href":"https:\/\/api.w.org\/{rel}","templated":true}]}}